{"id":83,"date":"2024-09-04T23:35:20","date_gmt":"2024-09-04T23:35:20","guid":{"rendered":"https:\/\/hawaiipublicschools.org\/?page_id=83"},"modified":"2025-03-11T10:57:56","modified_gmt":"2025-03-11T20:57:56","slug":"student-leadership","status":"publish","type":"page","link":"https:\/\/hawaiipublicschools.org\/haw\/student-programs\/student-leadership\/","title":{"rendered":"Ke alaka\u02bbi haum\u0101na"},"content":{"rendered":"<p class=\"intro\" style=\"font-size:clamp(0.875rem, 0.875rem + ((1vw - 0.2rem) * 0.531), 1.3rem);\">Ma k\u0101 m\u0101kou mau kula, \u02bba\u02bbole a\u02bbo wale n\u0101 haum\u0101na e pili ana i ke aupuni demokala a me ke kuleana civic\u2014ua \u02bbike mua l\u0101kou ia mea. E \u02bbolu\u02bbolu e kelepona i k\u0101u kula e \u02bbike i n\u0101 hana i h\u0101\u02bbawi \u02bbia.<\/p>\n\n\n\n<h2 class=\"wp-block-heading\"><a href=\"https:\/\/www.hawaiistuco.com\/\" data-type=\"link\" data-id=\"https:\/\/www.hawaiistuco.com\/\">\u02bbAha Haum\u0101na Moku\u02bb\u0101ina \u02bbo Hawai\u02bbi<\/a><\/h2>\n\n\n\n<p>Koho \u02bbia a koho \u02bbia paha n\u0101 haum\u0101na e ko l\u0101kou mau hoa kula ki\u02bbeki\u02bbe e lawelawe ma ka \u02bbaha k\u016bk\u0101, ka leo o n\u0101 haum\u0101na kula aupuni o Hawai\u02bbi. H\u0101l\u0101wai n\u0101 haum\u0101na i k\u0113l\u0101 me k\u0113ia mahina e k\u016bk\u0101k\u016bk\u0101 i n\u0101 pilikia, a e ho\u02bboponopono p\u016b n\u0101 l\u0101l\u0101 i n\u0101 pilikia i mua o ka \u02bbAha\u02bb\u014dlelo o ka Moku\u02bb\u0101ina \u02bbo Hawai\u02bbi a me ka Papa Ho\u02bbona\u02bbauao o ka Moku\u02bb\u0101ina \u02bbo Hawai\u02bbi.<\/p>\n\n\n\n<h3 class=\"wp-block-heading\">Hui Haum\u0101na Ki\u02bbeki\u02bbe o Hawai\u02bbi<\/h3>\n\n\n\n<p>K\u0101hea \u02bbia n\u0101 haum\u0101na e lawelawe ana ma k\u0101 l\u0101kou mau \u02bbaha alaka\u02bbi o ke kula waena a me ke kula ki\u02bbeki\u02bbe e hele i kahi huaka\u02bbi hele i ka \u02bbaha\u02bb\u014dlelo o ka Moku\u02bb\u0101ina \u02bbo Hawai\u02bbi Moku\u02bb\u0101ina a me n\u0101 \u02bbaha k\u016bk\u0101 ma ka h\u0101\u02bbule. Ma laila, \u02bbike n\u0101 haum\u0101na, k\u016bk\u0101k\u016bk\u0101, a ho\u02bbomohala i n\u0101 ho\u02bbon\u0101 i mana\u02bbo \u02bbia no n\u0101 pilikia ko\u02bbiko\u02bbi o ka \u02bb\u014dpio, e k\u0101lele ana i n\u0101 pilikia kula e koi ana i ka hana hui \u02bbana mai n\u0101 haum\u0101na, ka Papa Ho\u02bbona\u02bbauao, ke Ke\u02bbena Ho\u02bbona\u02bbauao, a me ka \u02bbaha\u02bb\u014dlelo.<\/p>\n\n\n\n<h3 class=\"wp-block-heading\">Lunamakaainana o ka Papa Hoonaauao<\/h3>\n\n\n\n<p>\u02bbO ka Papa Ho\u02bbona\u02bbauao, n\u0101na e ho\u02bbokele i ka \u02bb\u014dnaehana ho\u02bbona\u02bbauao aupuni o Hawai\u02bbi, aia kahi noho no kahi haum\u0101na haum\u0101na koho \u02bbole e hele ana i n\u0101 h\u0101l\u0101wai a h\u0101\u02bbawi i n\u0101 mana\u02bbo no n\u0101 pilikia ko\u02bbiko\u02bbi. I k\u0113l\u0101 me k\u0113ia makahiki, koho \u02bbia kekahi l\u0101l\u0101 o ka \u02bbAha Haum\u0101na Moku\u02bb\u0101ina \u02bbo Hawai\u02bbi i \u02bbelele haum\u0101na ma ka Papa.<\/p>\n\n\n\n<p><\/p>","protected":false},"excerpt":{"rendered":"<p>In our schools, students don\u2019t simply learn about democracy and civic responsibility\u2014they experience it first hand. Please contact your school to find out about offered activities. Hawai\u02bbi State Student Council Students are elected or selected by their high school peers to serve on the Council, the voice of Hawai\u02bbi\u2019s public school students. Students meet monthly [&hellip;]<\/p>","protected":false},"author":8,"featured_media":0,"parent":77,"menu_order":15,"comment_status":"closed","ping_status":"closed","template":"","meta":{"_relevanssi_hide_post":"","_relevanssi_hide_content":"","_relevanssi_pin_for_all":"","_relevanssi_pin_keywords":"","_relevanssi_unpin_keywords":"","_relevanssi_related_keywords":"","_relevanssi_related_include_ids":"","_relevanssi_related_exclude_ids":"","_relevanssi_related_no_append":"","_relevanssi_related_not_related":"","_relevanssi_related_posts":"","_relevanssi_noindex_reason":"","_sitemap_exclude":false,"_sitemap_priority":"","_sitemap_frequency":"","_kad_blocks_custom_css":"","_kad_blocks_head_custom_js":"","_kad_blocks_body_custom_js":"","_kad_blocks_footer_custom_js":"","wp_popup_display_lightbox":0,"wp_popup_suppress":"","wp_popup_trigger":"","wp_popup_trigger_amount":0,"wp_popup_disable_on_mobile":false,"footnotes":""},"class_list":["post-83","page","type-page","status-publish","hentry"],"pp_statuses_selecting_workflow":false,"pp_workflow_action":"current","pp_status_selection":"publish","taxonomy_info":[],"featured_image_src_large":false,"author_info":{"display_name":"Ariana Enomoto","author_link":"https:\/\/hawaiipublicschools.org\/haw\/author\/arianastaceyleong-com\/"},"comment_info":0,"publishpress_future_action":{"enabled":false,"date":"2026-05-14 05:47:50","action":"change-status","newStatus":"draft","terms":[],"taxonomy":"","extraData":[]},"publishpress_future_workflow_manual_trigger":{"enabledWorkflows":[]},"_links":{"self":[{"href":"https:\/\/hawaiipublicschools.org\/haw\/wp-json\/wp\/v2\/pages\/83","targetHints":{"allow":["GET"]}}],"collection":[{"href":"https:\/\/hawaiipublicschools.org\/haw\/wp-json\/wp\/v2\/pages"}],"about":[{"href":"https:\/\/hawaiipublicschools.org\/haw\/wp-json\/wp\/v2\/types\/page"}],"author":[{"embeddable":true,"href":"https:\/\/hawaiipublicschools.org\/haw\/wp-json\/wp\/v2\/users\/8"}],"replies":[{"embeddable":true,"href":"https:\/\/hawaiipublicschools.org\/haw\/wp-json\/wp\/v2\/comments?post=83"}],"version-history":[{"count":0,"href":"https:\/\/hawaiipublicschools.org\/haw\/wp-json\/wp\/v2\/pages\/83\/revisions"}],"up":[{"embeddable":true,"href":"https:\/\/hawaiipublicschools.org\/haw\/wp-json\/wp\/v2\/pages\/77"}],"wp:attachment":[{"href":"https:\/\/hawaiipublicschools.org\/haw\/wp-json\/wp\/v2\/media?parent=83"}],"curies":[{"name":"wp","href":"https:\/\/api.w.org\/{rel}","templated":true}]}}