{"id":72,"date":"2024-09-04T22:40:48","date_gmt":"2024-09-04T22:40:48","guid":{"rendered":"https:\/\/hawaiipublicschools.org\/?page_id=72"},"modified":"2025-11-25T10:49:17","modified_gmt":"2025-11-25T20:49:17","slug":"school-menus","status":"publish","type":"page","link":"https:\/\/hawaiipublicschools.org\/haw\/school-services\/school-food-services\/school-menus\/","title":{"rendered":"Na Papa Kula"},"content":{"rendered":"<p class=\"intro\" style=\"font-size:clamp(0.875rem, 0.875rem + ((1vw - 0.2rem) * 0.531), 1.3rem);\">Ke mana\u02bbo nei k\u0101 m\u0101kou l\u0101l\u0101 lawelawe mea\u02bbai kula e ho\u02bbolako i n\u0101 mea\u02bbai olakino a me n\u0101 mea\u02bbai no n\u0101 haum\u0101na \u0101pau. He kuleana ko\u02bbiko\u02bbi n\u0101 mea\u02bbai kula olakino a me ka mea\u02bbai i ka ho\u02bboulu \u02bbana i ke olakino kino o k\u0101u keiki, ka hana ho\u02bbona\u02bbauao a me ka maika\u02bbi holo\u02bboko\u02bba.<\/p>\n\n\n\n<figure class=\"wp-block-image alignright size-large is-resized\"><img loading=\"lazy\" decoding=\"async\" width=\"1024\" height=\"576\" src=\"https:\/\/hawaiipublicschools.org\/wp-content\/uploads\/2024\/12\/School_Menus-1024x576.jpg\" alt=\"Elementary student grabbing lunch tray\" class=\"wp-image-3413\" style=\"width:350px\" srcset=\"https:\/\/hawaiipublicschools.org\/wp-content\/uploads\/2024\/12\/School_Menus-1024x576.jpg 1024w, https:\/\/hawaiipublicschools.org\/wp-content\/uploads\/2024\/12\/School_Menus-300x169.jpg 300w, https:\/\/hawaiipublicschools.org\/wp-content\/uploads\/2024\/12\/School_Menus-768x432.jpg 768w, https:\/\/hawaiipublicschools.org\/wp-content\/uploads\/2024\/12\/School_Menus-18x10.jpg 18w, https:\/\/hawaiipublicschools.org\/wp-content\/uploads\/2024\/12\/School_Menus.jpg 1200w\" sizes=\"auto, (max-width: 1024px) 100vw, 1024px\" \/><\/figure>\n\n\n\n<p>Ma ka m\u0101lama \u02bbana i n\u0101 alaka\u02bbi mea\u02bbai, h\u014d\u02bboia k\u0101 m\u0101kou papahana p\u0101\u02bbina kula e loa\u02bba i k\u0101u keiki n\u0101 huaora a me n\u0101 minela k\u016bpono \u02bboiai e kaupalena ana i n\u0101 k\u014d i ho\u02bbohui \u02bbia, n\u0101 momona maika\u02bbi \u02bbole a me ka nui o ka sodium ma o n\u0101 \u02bb\u0101pana kaulike o n\u0101 mea\u02bbai pono, e like me:<\/p>\n\n\n\n<ul class=\"wp-block-list\">\n<li>\u02bbO n\u0101 k\u012b\u02bbaha me ka \u02bboi aku ma mua o 50% mea\u02bbai palaoa piha.&nbsp;<\/li>\n\n\n\n<li>Nui n\u0101 koho i k\u0113l\u0101 me k\u0113ia l\u0101 o n\u0101 hua\u02bbai a me n\u0101 mea kanu, me ka 100% hua\u02bbai a me ka wai hua\u02bbai.<\/li>\n\n\n\n<li>N\u0101 koho protein lean.<\/li>\n\n\n\n<li>Ho\u02bbonui \u02bbia ka fiber mai n\u0101 hua palaoa a me n\u0101 legumes.<\/li>\n\n\n\n<li>\u02bbO n\u0101 mea\u02bbai i ho\u02bbemi \u02bbia-sodium.<\/li>\n\n\n\n<li>\u02bbO n\u0101 koho waiu ha\u02bbaha\u02bba ha\u02bbaha\u02bba a momona \u02bbole e like me ka momona ha\u02bbaha\u02bba a me ka wai\u016b momona \u02bbole.<\/li>\n<\/ul>\n\n\n\n<h2 class=\"wp-block-heading\">MENUS MA KA Apana KULA<\/h2>\n\n\n\n<p>School menu selections are rotated monthly to offer a range of benefits that enhance your child&#8217;s dining experience and promote better nutrition. By introducing variety, it prevents mealtime monotony and encourages your child to try new foods, expanding their palates and improving their willingness to adopt healthier eating habits. <\/p>\n\n\n\n<h2 class=\"wp-block-heading\">N\u0101 uhi papa kuhikuhi kula unuhi<\/h2>\n\n\n\n<p>E kaomi i n\u0101 loulou ma lalo nei no n\u0101 papa kuhikuhi kula a me n\u0101 kuhikuhi noi i unuhi \u02bbia i n\u0101 \u02bb\u014dlelo like \u02bbole.<\/p>\n\n\n\n<div class=\"wp-block-columns is-layout-flex wp-container-core-columns-is-layout-65e523f9 wp-block-columns-is-layout-flex\">\n<div class=\"wp-block-column is-layout-flow wp-block-column-is-layout-flow\">\n<details class=\"wp-block-details is-layout-flow wp-block-details-is-layout-flow\"><summary>CEBUANO (Visayan)<\/summary>\n<ul class=\"wp-block-list\">\n<li><a href=\"\/haw\/DOE%20Forms\/Food%20Services\/Translations\/Application_CEB.pdf\/\" target=\"_blank\" rel=\"noreferrer noopener\">Palapala noi<\/a><\/li>\n\n\n\n<li><a href=\"\/haw\/DOE%20Forms\/Food%20Services\/Translations\/LettertoHousehold_CEB.pdf\/\" target=\"_blank\" rel=\"noreferrer noopener\">Leta i ka Hale<\/a><\/li>\n\n\n\n<li><a href=\"\/haw\/DOE%20Forms\/Food%20Services\/Translations\/AfterschoolMenuCover-SY24-25_CEB.pdf\/\" target=\"_blank\" rel=\"noreferrer noopener\">Ma hope o ke kula \u02bbai mea\u02bbai uhi<\/a><\/li>\n\n\n\n<li><a href=\"\/haw\/DOE%20Forms\/Food%20Services\/Translations\/LunchCoverBreakout_CEB.pdf\/\" target=\"_blank\" rel=\"noreferrer noopener\">Uhi Papa Paina awakea o ka Mokuaina<\/a><\/li>\n<\/ul>\n<\/details>\n\n\n\n<details class=\"wp-block-details is-layout-flow wp-block-details-is-layout-flow\"><summary>PAKE (Ma\u02bbalahi)<\/summary>\n<ul class=\"wp-block-list\">\n<li><a href=\"\/haw\/DOE%20Forms\/Food%20Services\/Translations\/Application_SCH.pdf\/\" target=\"_blank\" rel=\"noreferrer noopener\">Palapala noi<\/a><\/li>\n\n\n\n<li><a href=\"\/haw\/DOE%20Forms\/Food%20Services\/Translations\/LettertoHousehold_SCH.pdf\/\" target=\"_blank\" rel=\"noreferrer noopener\">Leta i ka Hale<\/a><\/li>\n\n\n\n<li><a href=\"\/haw\/DOE%20Forms\/Food%20Services\/Translations\/AfterschoolMenuCover-SY24-25_SCH.pdf\/\" target=\"_blank\" rel=\"noreferrer noopener\">Ma hope o ke kula \u02bbai mea\u02bbai uhi<\/a><\/li>\n\n\n\n<li><a href=\"\/haw\/DOE%20Forms\/Food%20Services\/Translations\/LunchCoverBreakout_SCH.pdf\/\" target=\"_blank\" rel=\"noreferrer noopener\">Uhi Papa Paina awakea o ka Mokuaina<\/a><\/li>\n<\/ul>\n<\/details>\n\n\n\n<details class=\"wp-block-details is-layout-flow wp-block-details-is-layout-flow\"><summary>PAKE (Ku\u02bbuna)<\/summary>\n<ul class=\"wp-block-list\">\n<li><a href=\"\/haw\/DOE%20Forms\/Food%20Services\/Translations\/Application_TCH.pdf\/\" target=\"_blank\" rel=\"noreferrer noopener\">Palapala noi<\/a><\/li>\n\n\n\n<li><a href=\"\/haw\/DOE%20Forms\/Food%20Services\/Translations\/LettertoHousehold_TCH.pdf\/\" target=\"_blank\" rel=\"noreferrer noopener\">Leta i ka Hale<\/a><\/li>\n\n\n\n<li><a href=\"\/haw\/DOE%20Forms\/Food%20Services\/Translations\/AfterschoolMenuCover-SY24-25_TCH.pdf\/\" target=\"_blank\" rel=\"noreferrer noopener\">Ma hope o ke kula \u02bbai mea\u02bbai uhi<\/a><\/li>\n\n\n\n<li><a href=\"\/haw\/DOE%20Forms\/Food%20Services\/Translations\/LunchCoverBreakout_TCH.pdf\/\" target=\"_blank\" rel=\"noreferrer noopener\">Uhi Papa Paina awakea o ka Mokuaina<\/a><\/li>\n<\/ul>\n<\/details>\n\n\n\n<details class=\"wp-block-details is-layout-flow wp-block-details-is-layout-flow\"><summary>CHUUKESE<\/summary>\n<ul class=\"wp-block-list\">\n<li><a href=\"\/haw\/DOE%20Forms\/Food%20Services\/Translations\/Application_CHK.pdf\/\" target=\"_blank\" rel=\"noreferrer noopener\">Palapala noi<\/a><\/li>\n\n\n\n<li><a href=\"\/haw\/DOE%20Forms\/Food%20Services\/Translations\/LettertoHousehold_CHK.pdf\/\" target=\"_blank\" rel=\"noreferrer noopener\">Leta i ka Hale<\/a><\/li>\n\n\n\n<li><a href=\"\/haw\/DOE%20Forms\/Food%20Services\/Translations\/AfterschoolMenuCover-SY24-25_CHK.pdf\/\" target=\"_blank\" rel=\"noreferrer noopener\">Ma hope o ke kula \u02bbai mea\u02bbai uhi<\/a><\/li>\n\n\n\n<li><a href=\"\/haw\/DOE%20Forms\/Food%20Services\/Translations\/LunchCoverBreakout_CHK.pdf\/\" target=\"_blank\" rel=\"noreferrer noopener\">Uhi Papa Paina awakea o ka Mokuaina<\/a><mark style=\"color:#ea0909\" class=\"has-inline-color\">\u02bb<\/mark><\/li>\n<\/ul>\n<\/details>\n\n\n\n<details class=\"wp-block-details is-layout-flow wp-block-details-is-layout-flow\"><summary>\u02bb\u014cLELO HAWAI\u02bbI<\/summary>\n<ul class=\"wp-block-list\">\n<li><a href=\"\/haw\/DOE%20Forms\/Food%20Services\/Translations\/Application_HAW.pdf\/\" target=\"_blank\" rel=\"noreferrer noopener\">Palapala noi<\/a><\/li>\n\n\n\n<li><a href=\"\/haw\/DOE%20Forms\/Food%20Services\/Translations\/LettertoHousehold_HAW.pdf\/\" target=\"_blank\" rel=\"noreferrer noopener\">Leta i ka Hale<\/a><\/li>\n\n\n\n<li><a href=\"\/haw\/DOE%20Forms\/Food%20Services\/Translations\/AfterschoolMenuCover-SY24-25_HAW.pdf\/\" target=\"_blank\" rel=\"noreferrer noopener\">Ma hope o ke kula \u02bbai mea\u02bbai uhi<\/a><\/li>\n\n\n\n<li><a href=\"\/haw\/DOE%20Forms\/Food%20Services\/Translations\/LunchCoverBreakout_HAW.pdf\/\" target=\"_blank\" rel=\"noreferrer noopener\">Uhi Papa Paina awakea o ka Mokuaina<\/a><\/li>\n<\/ul>\n<\/details>\n<\/div>\n\n\n\n<div class=\"wp-block-column is-layout-flow wp-block-column-is-layout-flow\">\n<details class=\"wp-block-details is-layout-flow wp-block-details-is-layout-flow\"><summary>ILOKANO<\/summary>\n<ul class=\"wp-block-list\">\n<li><a href=\"\/haw\/DOE%20Forms\/Food%20Services\/Translations\/Application_ILO.pdf\/\" target=\"_blank\" rel=\"noreferrer noopener\">Palapala noi<\/a><\/li>\n\n\n\n<li><a href=\"\/haw\/DOE%20Forms\/Food%20Services\/Translations\/LettertoHousehold_ILO.pdf\/\" target=\"_blank\" rel=\"noreferrer noopener\">Leta i ka Hale<\/a><\/li>\n\n\n\n<li><a href=\"\/haw\/DOE%20Forms\/Food%20Services\/Translations\/AfterschoolMenuCover-SY24-25_ILO.pdf\/\" target=\"_blank\" rel=\"noreferrer noopener\">Ma hope o ke kula \u02bbai mea\u02bbai uhi<\/a><\/li>\n\n\n\n<li><a href=\"\/haw\/DOE%20Forms\/Food%20Services\/Translations\/LunchCoverBreakout_ILO.pdf\/\" target=\"_blank\" rel=\"noreferrer noopener\">Uhi Papa Paina awakea o ka Mokuaina<\/a><\/li>\n<\/ul>\n<\/details>\n\n\n\n<details class=\"wp-block-details is-layout-flow wp-block-details-is-layout-flow\"><summary>KEPAN\u012a<\/summary>\n<ul class=\"wp-block-list\">\n<li>Hele koke<\/li>\n<\/ul>\n<\/details>\n\n\n\n<details class=\"wp-block-details is-layout-flow wp-block-details-is-layout-flow\"><summary>KOLEA<\/summary>\n<ul class=\"wp-block-list\">\n<li>Hele koke<\/li>\n<\/ul>\n<\/details>\n\n\n\n<details class=\"wp-block-details is-layout-flow wp-block-details-is-layout-flow\"><summary>MARSHALLESE<\/summary>\n<ul class=\"wp-block-list\">\n<li><a href=\"\/haw\/DOE%20Forms\/Food%20Services\/Translations\/Application_MAH.pdf\/\" target=\"_blank\" rel=\"noreferrer noopener\">Palapala noi<\/a><\/li>\n\n\n\n<li><a href=\"\/haw\/DOE%20Forms\/Food%20Services\/Translations\/LettertoHousehold_MAH.pdf\/\" target=\"_blank\" rel=\"noreferrer noopener\">Leta i ka Hale<\/a><\/li>\n\n\n\n<li><a href=\"\/haw\/DOE%20Forms\/Food%20Services\/Translations\/AfterschoolMenuCover-SY24-25_MAH.pdf\/\" target=\"_blank\" rel=\"noreferrer noopener\">Ma hope o ke kula \u02bbai mea\u02bbai uhi<\/a><\/li>\n\n\n\n<li><a href=\"\/haw\/DOE%20Forms\/Food%20Services\/Translations\/LunchCoverBreakout_MAH.pdf\/\" target=\"_blank\" rel=\"noreferrer noopener\">Uhi Papa Paina awakea o ka Mokuaina<\/a><strong><mark style=\"color:#da1818\" class=\"has-inline-color\">\u02bb<\/mark><\/strong><\/li>\n<\/ul>\n\n\n\n<ul class=\"wp-block-list\">\n<li>Hele koke<\/li>\n<\/ul>\n<\/details>\n\n\n\n<details class=\"wp-block-details is-layout-flow wp-block-details-is-layout-flow\"><summary>SAMOANA<\/summary>\n<ul class=\"wp-block-list\">\n<li>Hele koke<\/li>\n<\/ul>\n<\/details>\n<\/div>\n\n\n\n<div class=\"wp-block-column is-layout-flow wp-block-column-is-layout-flow\">\n<details class=\"wp-block-details is-layout-flow wp-block-details-is-layout-flow\"><summary>Paniolo (AMERIKA LATIN)<\/summary>\n<ul class=\"wp-block-list\">\n<li>Hele koke<\/li>\n<\/ul>\n<\/details>\n\n\n\n<details class=\"wp-block-details is-layout-flow wp-block-details-is-layout-flow\"><summary>KAKALO<\/summary>\n<ul class=\"wp-block-list\">\n<li><a href=\"\/haw\/DOE%20Forms\/Food%20Services\/Translations\/Application_TAG.pdf\/\" target=\"_blank\" rel=\"noreferrer noopener\">Palapala noi<\/a><\/li>\n\n\n\n<li><a href=\"\/haw\/DOE%20Forms\/Food%20Services\/Translations\/LettertoHousehold_TAG.pdf\/\" target=\"_blank\" rel=\"noreferrer noopener\">Leta i ka Hale<\/a><\/li>\n\n\n\n<li><a href=\"\/haw\/DOE%20Forms\/Food%20Services\/Translations\/AfterschoolMenuCover-SY24-25_TAG.pdf\/\" target=\"_blank\" rel=\"noreferrer noopener\">Ma hope o ke kula \u02bbai mea\u02bbai uhi<\/a><\/li>\n\n\n\n<li><a href=\"\/haw\/DOE%20Forms\/Food%20Services\/Translations\/LunchCoverBreakout_TAG.pdf\/\" target=\"_blank\" rel=\"noreferrer noopener\">Uhi Papa Paina awakea o ka Mokuaina<\/a><\/li>\n<\/ul>\n<\/details>\n\n\n\n<details class=\"wp-block-details is-layout-flow wp-block-details-is-layout-flow\"><summary>KAILANI<\/summary>\n<ul class=\"wp-block-list\">\n<li>Hele koke<\/li>\n<\/ul>\n<\/details>\n\n\n\n<details class=\"wp-block-details is-layout-flow wp-block-details-is-layout-flow\"><summary>TONGAN<\/summary>\n<ul class=\"wp-block-list\">\n<li>Hele koke<\/li>\n<\/ul>\n<\/details>\n\n\n\n<details class=\"wp-block-details is-layout-flow wp-block-details-is-layout-flow\"><summary>VIETNAMESE<\/summary>\n<ul class=\"wp-block-list\">\n<li>Hele koke<\/li>\n<\/ul>\n<\/details>\n<\/div>\n<\/div>\n\n\n\n<p class=\"has-text-align-left\">In\u0101 makemake \u02bboe i palapala hiki ke loa\u02bba a i \u02bbole ke k\u014dkua k\u014dkua\/lawelawe, e \u02bbolu\u02bbolu e kelepona i ka l\u0101l\u0101 o ka School Food Services ma 808-784-5500 a i \u02bbole ma o <a href=\"mailto:nslp@k12.hi.us\">leka uila<\/a>.<\/p>\n\n\n\n<h2 class=\"wp-block-heading\">OLELO HOOLAHA OLE USDA<\/h2>\n\n\n\n<p>E like me ke k\u0101n\u0101wai k\u012bwila federal a me n\u0101 lula a me n\u0101 kulekele k\u012bwila o ka US Department of Agriculture (USDA), ua p\u0101p\u0101 \u02bbia k\u0113ia ke\u02bbena mai ka ho\u02bbokae \u02bbana ma muli o ka l\u0101hui, ka waiho\u02bbolu\u02bbu, ke \u02bbano o ka l\u0101hui, ka wahine (me ka \u02bbike k\u0101ne k\u0101ne a me ka mana\u02bbo wahine), ke k\u012bn\u0101, ka makahiki, a i \u02bbole ka ho\u02bbopa\u02bbi a i \u02bbole ka ho\u02bbopa\u02bbi \u02bbana no ka hana pono k\u012bwila ma mua.<\/p>\n\n\n\n<p>Hiki ke loa\u02bba ka \u02bbike papahana ma n\u0101 \u02bb\u014dlelo \u02bb\u0113 a\u02bbe ma waho o ka \u02bb\u014dlelo Pelekania. Pono n\u0101 po\u02bbe me ke kino k\u012bn\u0101 e koi ana i n\u0101 ala kama\u02bbilio \u02bb\u0113 a\u02bbe e loa\u02bba ai ka \u02bbike o ka papahana (e la\u02bba, Braille, pa\u02bbi nui, leo leo, American Sign Language), pono e kelepona i ka moku\u02bb\u0101ina kuleana a i \u02bbole ke ke\u02bbena k\u016bloko e ho\u02bbokele nei i ka papahana a i \u02bbole USDA&#039;s TARGET Center ma (202) 720-2600 (leo a me TTY) a i \u02bbole e kelepona i\u0101 USDA ma o ka Federal Relay Service ma (700) 387.<\/p>\n\n\n\n<p>No ka waiho \u02bbana i kahi ho\u02bbopi\u02bbi ho\u02bbokae papahana, pono ka mea ho\u02bbopi\u02bbi e ho\u02bbopiha i kahi Form AD-3027, USDA Program Discrimination Complaint Form i hiki ke loa\u02bba ma ka p\u016bnaewele ma:&nbsp;<a href=\"https:\/\/www.usda.gov\/sites\/default\/files\/documents\/USDA-OASCR%20P-Complaint-Form-0508-0002-508-11-28-17Fax2Mail.pdf\" target=\"_blank\" rel=\"noreferrer noopener\">https:\/\/www.usda.gov\/sites\/default\/files\/documents\/USDA-OASCR%20P-Complaint-Form-0508-0002-508-11-28-17Fax2Mail.pdf<\/a>, mai kekahi ke\u02bbena USDA, ma ke kelepona \u02bbana (866) 632-9992, a i \u02bbole ma ke k\u0101kau \u02bbana i kahi leka i kuhikuhi \u02bbia i\u0101 USDA. Pono i loko o ka leka ka inoa o ka mea ho\u02bbopi\u02bbi, helu wahi, helu kelepona, a me kahi wehewehe i k\u0101kau \u02bbia no ka hana ho\u02bbokae i \u02bb\u014dlelo \u02bbia me n\u0101 kiko\u02bb\u012b k\u016bpono e ho\u02bbomaopopo i ke Kakauolelo Kokua no n\u0101 Kuleana Kivila (ASCR) e pili ana i ke \u02bbano a me ka l\u0101 i \u02bb\u014dlelo \u02bbia he uhaki pono k\u012bwila. Pono e waiho \u02bbia ka palapala AD-3027 i ho\u02bbopau \u02bbia i USDA e:<\/p>\n\n\n\n<ul class=\"wp-block-list\">\n<li><strong>leka uila:<\/strong><br>Oihana Mahiai o Amerika<br>Keena o ke Kokua Kakauolelo no na Pono Kivila<br>1400 Alanui K\u016b\u02bboko\u02bba, SW<br>Wasinetona, DC 20250-9410; a i \u02bbole<\/li>\n\n\n\n<li><strong>fax:<\/strong><br>(833) 256-1665 a i \u02bbole (202) 690-7442; a i \u02bbole<\/li>\n\n\n\n<li><strong>leka uila:<\/strong><br><a href=\"mailto:program.intake@usda.gov\" target=\"_blank\" rel=\"noreferrer noopener\">program.intake@usda.gov<\/a><\/li>\n<\/ul>\n\n\n\n<p>\u02bbO k\u0113ia ke\u02bbena he mea h\u0101\u02bbawi manawa like.<\/p>","protected":false},"excerpt":{"rendered":"<p>Our School Food Services Branch aims to provide healthy and nutritious meals for all students. Healthy and nutritious school meals play a crucial role in fostering your child&#8217;s physical health, academic performance and overall well-being. By adhering to dietary guidelines, our school meal programs ensure your child receives adequate vitamins and minerals while limiting added [&hellip;]<\/p>","protected":false},"author":8,"featured_media":0,"parent":69,"menu_order":12,"comment_status":"closed","ping_status":"closed","template":"","meta":{"_relevanssi_hide_post":"","_relevanssi_hide_content":"","_relevanssi_pin_for_all":"","_relevanssi_pin_keywords":"","_relevanssi_unpin_keywords":"","_relevanssi_related_keywords":"","_relevanssi_related_include_ids":"","_relevanssi_related_exclude_ids":"","_relevanssi_related_no_append":"","_relevanssi_related_not_related":"","_relevanssi_related_posts":"11099,15333,8932,14121,9998,9731","_relevanssi_noindex_reason":"","_sitemap_exclude":false,"_sitemap_priority":"","_sitemap_frequency":"","_kad_blocks_custom_css":"","_kad_blocks_head_custom_js":"","_kad_blocks_body_custom_js":"","_kad_blocks_footer_custom_js":"","wp_popup_display_lightbox":0,"wp_popup_suppress":"","wp_popup_trigger":"","wp_popup_trigger_amount":0,"wp_popup_disable_on_mobile":false,"footnotes":""},"class_list":["post-72","page","type-page","status-publish","hentry"],"pp_statuses_selecting_workflow":false,"pp_workflow_action":"current","pp_status_selection":"publish","taxonomy_info":[],"featured_image_src_large":false,"author_info":{"display_name":"Ariana Enomoto","author_link":"https:\/\/hawaiipublicschools.org\/haw\/author\/arianastaceyleong-com\/"},"comment_info":0,"publishpress_future_action":{"enabled":false,"date":"2026-05-07 15:28:28","action":"change-status","newStatus":"draft","terms":[],"taxonomy":"","extraData":[]},"publishpress_future_workflow_manual_trigger":{"enabledWorkflows":[]},"_links":{"self":[{"href":"https:\/\/hawaiipublicschools.org\/haw\/wp-json\/wp\/v2\/pages\/72","targetHints":{"allow":["GET"]}}],"collection":[{"href":"https:\/\/hawaiipublicschools.org\/haw\/wp-json\/wp\/v2\/pages"}],"about":[{"href":"https:\/\/hawaiipublicschools.org\/haw\/wp-json\/wp\/v2\/types\/page"}],"author":[{"embeddable":true,"href":"https:\/\/hawaiipublicschools.org\/haw\/wp-json\/wp\/v2\/users\/8"}],"replies":[{"embeddable":true,"href":"https:\/\/hawaiipublicschools.org\/haw\/wp-json\/wp\/v2\/comments?post=72"}],"version-history":[{"count":0,"href":"https:\/\/hawaiipublicschools.org\/haw\/wp-json\/wp\/v2\/pages\/72\/revisions"}],"up":[{"embeddable":true,"href":"https:\/\/hawaiipublicschools.org\/haw\/wp-json\/wp\/v2\/pages\/69"}],"wp:attachment":[{"href":"https:\/\/hawaiipublicschools.org\/haw\/wp-json\/wp\/v2\/media?parent=72"}],"curies":[{"name":"wp","href":"https:\/\/api.w.org\/{rel}","templated":true}]}}