{"id":65,"date":"2024-09-04T22:35:58","date_gmt":"2024-09-04T22:35:58","guid":{"rendered":"https:\/\/hawaiipublicschools.org\/?page_id=65"},"modified":"2025-03-12T15:57:22","modified_gmt":"2025-03-13T01:57:22","slug":"transcript-requests","status":"publish","type":"page","link":"https:\/\/hawaiipublicschools.org\/haw\/school-services\/transcript-requests\/","title":{"rendered":"Noi Palapala"},"content":{"rendered":"<h2 class=\"wp-block-heading\">pehea e noi ai i n\u0101 Transcripts <\/h2>\n\n\n\n<ul class=\"wp-block-list\">\n<li>E kelepona i ke kula hope \u0101u i hele ai ma Hawai\u02bbi. Hiki ke noi ke kula i\u0101 \u02bboe e ho\u02bbopiha i k\u0101na palapala noi ma\u02bbamau. E n\u012bnau i ke kula i ka mea e uku ai no ke kope a pehea e ho\u02bbouna ai i ka uku.<\/li>\n\n\n\n<li>E h\u0101\u02bbawi i kou inoa, l\u0101 h\u0101nau, pae papa hope i hele ai ma ke kula a me ka makahiki i hele ai. In\u0101 male, e h\u0101\u02bbawi i kou inoa kaikamahine. E \u02bbolu\u02bbolu e h\u0101\u02bbawi mai i n\u0101 inoa kahiko a i \u02bbole n\u0101 \u02bbano like \u02bbole o kou inoa.<\/li>\n\n\n\n<li>E h\u014d\u02bbike \u02bbia kahi &quot;kope haum\u0101na&quot; ma ka transcript in\u0101 e ho\u02bbouna \u02bbia ana i kahi helu \u02bba\u02bbole ia he kula ho\u02bbona\u02bbauao pono.<\/li>\n<\/ul>\n\n\n\n<h2 class=\"wp-block-heading\">Loa\u02bba i kahi Transcript no kahi GED<\/h2>\n\n\n\n<p>E leka i k\u0101u noi me k\u0113ia \u02bbike i ke kikowaena ho\u02bb\u0101\u02bbo kahi i loa\u02bba ai k\u0101u General Education Dipl\u200boma (GED). Hana \u02bbia n\u0101 ho\u02bbokolohua ma ke Ke\u02bbena Ho\u02bbona\u02bbauao o ka Moku\u02bb\u0101ina \u02bbo Hawai\u02bbi <a href=\"\/haw\/academics\/adult-ed\/\" data-type=\"page\" data-id=\"34\" target=\"_blank\" rel=\"noreferrer noopener\">N\u0101 kula ho\u02bbona\u02bbauao makua<\/a>.<\/p>\n\n\n\n<ul class=\"wp-block-list\">\n<li>Ka inoa k\u0101n\u0101wai a\/a i \u02bbole ka inoa e like me ka mea i \u02bbike \u02bbia ma k\u0101u mo\u02bbolelo.<\/li>\n\n\n\n<li>Helu wahi e ho\u02bbouna \u02bbia ai ka palapala.<\/li>\n\n\n\n<li>Ke kumu o ke noi.<\/li>\n\n\n\n<li>Paena a i \u02bbole inoa kula kahi i lawe \u02bbia ai ka ho\u02bbokolohua GED.<\/li>\n\n\n\n<li>Makahiki makahiki o ka pau ana.<\/li>\n\n\n\n<li>L\u0101 h\u0101nau.<\/li>\n\n\n\n<li>Helu palekana (e k\u014dkua k\u0113ia \u02bbike hou i ka \u02bbimi).<\/li>\n\n\n\n<li>Ka p\u016blima a ka mea noi e \u02bbae i ka ho\u02bboku\u02bbu \u02bbana i ka \u02bbike pilikino.\u200b<\/li>\n<\/ul>\n\n\n\n<h3 class=\"wp-block-heading\">N\u0101 noi h\u014d\u02bboia GED<\/h3>\n\n\n\n<p>Hiki ke ho\u02bbouna \u02bbia n\u0101 noi h\u014d\u02bboia GED e n\u0101 mea k\u016b\u02bbai h\u014d\u02bboia i k\u0113l\u0101 me k\u0113ia <a href=\"\/haw\/academics\/adult-ed\/\" data-type=\"page\" data-id=\"34\" target=\"_blank\" rel=\"noreferrer noopener\">Kula Hoonaauao makua<\/a> i hele ai ke kanaka.<\/p>\n\n\n\n<p><\/p>","protected":false},"excerpt":{"rendered":"<p>how to request Transcripts Getting a Transcript for a GED Mail your request with the following information to the test center where you received your General Education Dipl\u200boma (GED). Tests are administered at the Hawai\u02bbi State Department of Education\u2019s Adult Education schools\u200b. GED Verification Requests GED verification requests made by verification vendors can be sent [&hellip;]<\/p>","protected":false},"author":8,"featured_media":0,"parent":59,"menu_order":26,"comment_status":"closed","ping_status":"closed","template":"","meta":{"_relevanssi_hide_post":"","_relevanssi_hide_content":"","_relevanssi_pin_for_all":"","_relevanssi_pin_keywords":"","_relevanssi_unpin_keywords":"","_relevanssi_related_keywords":"","_relevanssi_related_include_ids":"","_relevanssi_related_exclude_ids":"","_relevanssi_related_no_append":"","_relevanssi_related_not_related":"","_relevanssi_related_posts":"","_relevanssi_noindex_reason":"","_sitemap_exclude":false,"_sitemap_priority":"","_sitemap_frequency":"","_kad_blocks_custom_css":"","_kad_blocks_head_custom_js":"","_kad_blocks_body_custom_js":"","_kad_blocks_footer_custom_js":"","wp_popup_display_lightbox":0,"wp_popup_suppress":"","wp_popup_trigger":"","wp_popup_trigger_amount":0,"wp_popup_disable_on_mobile":false,"footnotes":""},"class_list":["post-65","page","type-page","status-publish","hentry"],"pp_statuses_selecting_workflow":false,"pp_workflow_action":"current","pp_status_selection":"publish","taxonomy_info":[],"featured_image_src_large":false,"author_info":{"display_name":"Ariana Enomoto","author_link":"https:\/\/hawaiipublicschools.org\/haw\/author\/arianastaceyleong-com\/"},"comment_info":0,"publishpress_future_action":{"enabled":false,"date":"2026-04-29 15:01:49","action":"change-status","newStatus":"draft","terms":[],"taxonomy":"","extraData":[]},"publishpress_future_workflow_manual_trigger":{"enabledWorkflows":[]},"_links":{"self":[{"href":"https:\/\/hawaiipublicschools.org\/haw\/wp-json\/wp\/v2\/pages\/65","targetHints":{"allow":["GET"]}}],"collection":[{"href":"https:\/\/hawaiipublicschools.org\/haw\/wp-json\/wp\/v2\/pages"}],"about":[{"href":"https:\/\/hawaiipublicschools.org\/haw\/wp-json\/wp\/v2\/types\/page"}],"author":[{"embeddable":true,"href":"https:\/\/hawaiipublicschools.org\/haw\/wp-json\/wp\/v2\/users\/8"}],"replies":[{"embeddable":true,"href":"https:\/\/hawaiipublicschools.org\/haw\/wp-json\/wp\/v2\/comments?post=65"}],"version-history":[{"count":0,"href":"https:\/\/hawaiipublicschools.org\/haw\/wp-json\/wp\/v2\/pages\/65\/revisions"}],"up":[{"embeddable":true,"href":"https:\/\/hawaiipublicschools.org\/haw\/wp-json\/wp\/v2\/pages\/59"}],"wp:attachment":[{"href":"https:\/\/hawaiipublicschools.org\/haw\/wp-json\/wp\/v2\/media?parent=65"}],"curies":[{"name":"wp","href":"https:\/\/api.w.org\/{rel}","templated":true}]}}