{"id":55,"date":"2024-09-04T22:28:15","date_gmt":"2024-09-04T22:28:15","guid":{"rendered":"https:\/\/hawaiipublicschools.org\/?page_id=55"},"modified":"2025-04-02T11:15:25","modified_gmt":"2025-04-02T21:15:25","slug":"post-secondary-transition","status":"publish","type":"page","link":"https:\/\/hawaiipublicschools.org\/haw\/school-services\/post-secondary-transition\/","title":{"rendered":"Ho\u02bbololi ma hope o ke kula ki\u02bbeki\u02bbe"},"content":{"rendered":"<p class=\"intro\" style=\"font-size:clamp(0.875rem, 0.875rem + ((1vw - 0.2rem) * 0.531), 1.3rem);\">\u02bbO ka ho\u02bbol\u0101l\u0101 ho\u02bbololi k\u016bpono a me n\u0101 lawelawe he mea ko\u02bbiko\u02bbi i ka holomua ma ka ho\u02bbona\u02bbauao, ho\u02bboma\u02bbama\u02bba, hana ho\u02bbohui a me ka noho k\u016b\u02bboko\u02bba a i \u02bbole ka hana kai\u0101ulu. Nui n\u0101 kumu i ke ola holomua ma hope o ke kula ki\u02bbeki\u02bbe.<\/p>\n\n\n\n<p>K\u014dkua n\u0101 lawelawe ho\u02bbololi i ka ne\u02bbe \u02bbana o n\u0101 haum\u0101na me ke kino k\u012bn\u0101 mai ke kula i n\u0101 hana ma hope o ke kula. Ma ka moku\u02bb\u0101ina \u02bbo Hawai\u02bbi, pili k\u0113ia ka\u02bbina hana i n\u0101 haum\u0101na me ke kino k\u012bn\u0101, n\u0101 \u02bbohana, n\u0101 kumu a\u02bbo, n\u0101 lawelawe kai\u0101ulu, Vocational Rehabilitation (VR), ke Ke\u02bbena Ola, n\u0101 k\u0101k\u0101\u02bb\u014dlelo a me n\u0101 mea hana, n\u0101 mea ko\u02bbiko\u02bbi i ke ola o kahi haum\u0101na.&nbsp;<\/p>\n\n\n\n<p>\u02bbO k\u0113ia <a href=\"\/haw\/DOE%20Forms\/Special%20Education\/JNP-Family-Engagement-Transition-Toolkit%20%28WEB%29.pdf\/\">Mea Hana Ho\u02bbololi Ho\u02bbohui \u02bbohana (PDF)<\/a> ua ho\u02bbol\u0101l\u0101 \u02bbia no n\u0101 \u02bb\u014dpio e puka mai ana me ke kino k\u012bn\u0101 e ho\u02bbohana ma ke \u02bbano he kumu e k\u0101ko\u02bbo ai i ka papa o ka ho\u02bbol\u0101l\u0101 ho\u02bbololi no ka ho\u02bbona\u02bbauao ma hope o ke kula ki\u02bbeki\u02bbe a me ka hana. Ua ho\u02bbokomo \u02bbia ka \u02bbike e k\u014dkua i n\u0101 \u02bbohana, n\u0101 kahu m\u0101lama, n\u0101 k\u0101k\u0101\u02bb\u014dlelo kula a me n\u0101 mea lawelawe ma o ka h\u0101\u02bbawi \u02bbana i ke alaka\u02bbi i kou ho\u02bbomohala \u02bbana i k\u0101u mau pahuhopu a\u02bbo a i \u02bbole n\u0101 hana. Hiki i\u0101 ia ke k\u014dkua i ka \u02bbike \u02bbana i n\u0101 ke\u02bbena k\u016bpono, n\u0101 \u02bboihana, a me n\u0101 papahana i k\u016bpono loa i k\u0101u mau pono a me kou makemake i kou ho\u02bbol\u0101l\u0101 \u02bbana i k\u0101u ho\u02bbololi.<\/p>\n\n\n\n<p>\u02bbO ka <a href=\"https:\/\/spinhawaii.org\/education-parent-guide\/planning-for-transitions\/\" target=\"_blank\" rel=\"noreferrer noopener\">P\u016bnaehana \u02bbike makua k\u016bikaw\u0101 (SPIN<\/a>) he hui makua-a-makua ma Hawai&#039;i e h\u0101&#039;awi ana i ka &#039;ike, ke k\u0101ko&#039;o a me ka h\u0101&#039;awi &#039;ana i n\u0101 m\u0101kua o n\u0101 keiki a me n\u0101 po&#039;e &#039;\u014dpio me ke kino k\u012bn\u0101 a me n\u0101 &#039;oihana e lawelawe ana i\u0101 l\u0101kou. <\/p>\n\n\n\n<ul class=\"wp-block-list\">\n<li>Kipa <a href=\"https:\/\/spinhawaii.org\/transitioning-to-adult-infographics\/\" target=\"_blank\" rel=\"noreferrer noopener\">Ke ho\u02bbololi \u02bbana i ka \u02bbike makua<\/a> e n\u0101n\u0101 a ho\u02bboiho i ka \u02bbike no ka ho\u02bbololi \u02bbana. <\/li>\n<\/ul>\n\n\n\n<p><\/p>\n\n\n\n<p><\/p>\n\n\n\n<p><\/p>\n\n\n\n<p><\/p>","protected":false},"excerpt":{"rendered":"<p>\u02bbO ka ho\u02bbol\u0101l\u0101 ho\u02bbololi k\u016bpono a me n\u0101 lawelawe he mea ko\u02bbiko\u02bbi i ka holomua ma ka ho\u02bbona\u02bbauao, ho\u02bboma\u02bbama\u02bba, hana ho\u02bbohui a me ka noho k\u016b\u02bboko\u02bba a i \u02bbole ka hana kai\u0101ulu. Nui n\u0101 kumu i ke ola holomua ma hope o ke kula ki\u02bbeki\u02bbe. K\u014dkua n\u0101 lawelawe ho\u02bbololi i ka ne\u02bbe \u02bbana o n\u0101 haum\u0101na me ke kino k\u012bn\u0101 mai ke kula i n\u0101 hana ma hope o ke kula. Ma ka moku\u02bb\u0101ina \u02bbo Hawai\u02bbi, pili k\u0113ia hana i n\u0101 haum\u0101na me ke kino k\u012bn\u0101, [\u2026]<\/p>","protected":false},"author":8,"featured_media":0,"parent":59,"menu_order":39,"comment_status":"closed","ping_status":"closed","template":"","meta":{"_relevanssi_hide_post":"","_relevanssi_hide_content":"","_relevanssi_pin_for_all":"","_relevanssi_pin_keywords":"","_relevanssi_unpin_keywords":"","_relevanssi_related_keywords":"","_relevanssi_related_include_ids":"","_relevanssi_related_exclude_ids":"","_relevanssi_related_no_append":"","_relevanssi_related_not_related":"","_relevanssi_related_posts":"","_relevanssi_noindex_reason":"","_sitemap_exclude":false,"_sitemap_priority":"","_sitemap_frequency":"","_kad_blocks_custom_css":"","_kad_blocks_head_custom_js":"","_kad_blocks_body_custom_js":"","_kad_blocks_footer_custom_js":"","wp_popup_display_lightbox":0,"wp_popup_suppress":"","wp_popup_trigger":"","wp_popup_trigger_amount":0,"wp_popup_disable_on_mobile":false,"footnotes":""},"class_list":["post-55","page","type-page","status-publish","hentry"],"pp_statuses_selecting_workflow":false,"pp_workflow_action":"current","pp_status_selection":"publish","taxonomy_info":[],"featured_image_src_large":false,"author_info":{"display_name":"Ariana Enomoto","author_link":"https:\/\/hawaiipublicschools.org\/haw\/author\/arianastaceyleong-com\/"},"comment_info":0,"publishpress_future_action":{"enabled":false,"date":"2026-04-14 13:59:35","action":"change-status","newStatus":"draft","terms":[],"taxonomy":"","extraData":[]},"publishpress_future_workflow_manual_trigger":{"enabledWorkflows":[]},"_links":{"self":[{"href":"https:\/\/hawaiipublicschools.org\/haw\/wp-json\/wp\/v2\/pages\/55","targetHints":{"allow":["GET"]}}],"collection":[{"href":"https:\/\/hawaiipublicschools.org\/haw\/wp-json\/wp\/v2\/pages"}],"about":[{"href":"https:\/\/hawaiipublicschools.org\/haw\/wp-json\/wp\/v2\/types\/page"}],"author":[{"embeddable":true,"href":"https:\/\/hawaiipublicschools.org\/haw\/wp-json\/wp\/v2\/users\/8"}],"replies":[{"embeddable":true,"href":"https:\/\/hawaiipublicschools.org\/haw\/wp-json\/wp\/v2\/comments?post=55"}],"version-history":[{"count":0,"href":"https:\/\/hawaiipublicschools.org\/haw\/wp-json\/wp\/v2\/pages\/55\/revisions"}],"up":[{"embeddable":true,"href":"https:\/\/hawaiipublicschools.org\/haw\/wp-json\/wp\/v2\/pages\/59"}],"wp:attachment":[{"href":"https:\/\/hawaiipublicschools.org\/haw\/wp-json\/wp\/v2\/media?parent=55"}],"curies":[{"name":"wp","href":"https:\/\/api.w.org\/{rel}","templated":true}]}}