{"id":46,"date":"2024-09-04T22:24:39","date_gmt":"2024-09-04T22:24:39","guid":{"rendered":"https:\/\/hawaiipublicschools.org\/?page_id=46"},"modified":"2026-01-22T16:22:14","modified_gmt":"2026-01-23T02:22:14","slug":"other-assessments","status":"publish","type":"page","link":"https:\/\/hawaiipublicschools.org\/haw\/academics\/other-assessments\/","title":{"rendered":"N\u0101 Loiloi \u02bb\u0113 a\u02bbe"},"content":{"rendered":"<h2 class=\"wp-block-heading\">\u02bbIke \u02bbepekema<\/h2>\n\n\n\n<p>Ho\u02bbol\u0101l\u0101 \u02bbia n\u0101 loiloi \u02bbepekema e ana i ka loa\u02bba \u02bbana o n\u0101 haum\u0101na i n\u0101 mana\u02bbolana hana i waiho \u02bbia ma ka Next Generation Science Standards. \u02bbO n\u0101 loiloi NGSS ma k\u0113l\u0101 me k\u0113ia papa he \u02bbeono mau pu\u02bbupu\u02bbu mea (he mea ho\u02bboulu a me n\u0101 \u02bbano n\u012bnau e lawe ma\u02bbamau i n\u0101 haum\u0101na 6-12 mau minuke e ho\u02bbopau) a me 12 mau mea k\u016b ho\u02bbokahi (\u02bboi aku ka p\u014dkole, ma\u02bbamau 2-3 mau minuke e ho\u02bbopau). \u02bbIke hou aku ma <a href=\"http:\/\/www.nextgenscience.org\/\">N\u0101 K\u016blana \u02bbEpekema Generation A\u02bbe (NGSS)<\/a>.<\/p>\n\n\n\n<p>Loa\u02bba n\u0101 \u02bbike hou aku no n\u0101 haum\u0101na a me n\u0101 \u02bbohana ma ka <a href=\"https:\/\/hsa.alohahsap.org\">HSA Science portal<\/a>.<\/p>\n\n\n\n<ul class=\"wp-block-list\">\n<li><a href=\"\/haw\/DOE%20Forms\/Testing\/SBA2021-22_Science.xlsx\/\" target=\"_blank\" rel=\"noreferrer noopener\">N\u0101 hualoa\u02bba 2022 (EXCEL)<\/a><\/li>\n<\/ul>\n\n\n\n<figure class=\"wp-block-table\"><table class=\"has-fixed-layout\"><tbody><tr><td class=\"has-text-align-center\" data-align=\"center\" rowspan=\"2\"><strong>Papa(mau)<\/strong> <strong>a i \u02bbole Track(s)<\/strong><\/td><td class=\"has-text-align-center\" data-align=\"center\" rowspan=\"2\"><strong>Ka helu o n\u0101 manawa k\u016bpono*<\/strong><\/td><td class=\"has-text-align-center\" data-align=\"center\" colspan=\"2\"><strong>WINDOW HOAO<\/strong><\/td><\/tr><tr><td class=\"has-text-align-center\" data-align=\"center\"><strong>Wehe<\/strong><\/td><td class=\"has-text-align-center\" data-align=\"center\"><strong>Pani<\/strong><\/td><\/tr><tr><td class=\"has-text-align-center\" data-align=\"center\">5 a me 8<\/td><td class=\"has-text-align-center\" data-align=\"center\">2<\/td><td class=\"has-text-align-center\" data-align=\"center\">02\/17\/26<\/td><td class=\"has-text-align-center\" data-align=\"center\">05\/28\/26<\/td><\/tr><tr><td class=\"has-text-align-center\" data-align=\"center\">5 a me 8<br>n\u0101 kula ala nui<\/td><td class=\"has-text-align-center\" data-align=\"center\">2<\/td><td class=\"has-text-align-center\" data-align=\"center\">02\/17\/26<\/td><td class=\"has-text-align-center\" data-align=\"center\">05\/28\/26*<\/td><\/tr><\/tbody><\/table><\/figure>\n\n\n\n<p><em>* Ke kumuhana e ho\u02bbololi.<\/em><\/p>\n\n\n\n<h2 class=\"wp-block-heading\">H\u014d\u02bbike Ho\u02bbopau<\/h2>\n\n\n\n<p>H\u014d\u02bbike n\u0101 h\u014d\u02bbike hope o ka papa (EOC) i ka m\u0101kaukau o n\u0101 haum\u0101na ma n\u0101 k\u016blana ma\u02bbi\u02bbo o ka papa, k\u014dkua i ka ho\u02bbomaopopo \u02bbana i ke a\u02bbo \u02bbana, a ho\u02bbopa\u02bba i n\u0101 mana\u02bbolana ma ka Algebra I, Algebra II, Biology I a me US History. H\u0101\u02bbawi \u02bbia k\u0113ia mau ho\u02bbokolohua ma ka p\u016bnaewele i n\u0101 pule hope \u02bbekolu o ka papa, me ka \u02bbae \u02bbia o n\u0101 haum\u0101na e lawe i ka ho\u02bb\u0101\u02bbo i ho\u02bbokahi manawa i loko o k\u0113ia manawa (hiki ke \u02bbae \u02bbia kahi ho\u02bb\u0101\u02bbo \u02bbelua ma k\u0113l\u0101 me k\u0113ia hihia).<\/p>\n\n\n\n<p>Ma waena o k\u0113ia mau mea, \u02bbo ka ho\u02bbokolokolo Biology I wale n\u014d ke koi. He loiloi ka m\u0101kau haum\u0101na ma muli o ka Next Generation Science Standards a koi \u02bbia no n\u0101 haum\u0101na a pau i k\u0101kau \u02bbia ma Biology I, ma ke \u02bbano he m\u0101hele o ka loiloi moku\u02bb\u0101ina o Hawai\u02bbi ma lalo o ke Federal Every Student Succeeds Act (ESSA). He koho n\u0101 ho\u02bbokolohua EOC ma ka Algebra I, Algebra II a me US History, me ka hiki ke ho\u02bbololi i ka US History EOC e kali ana i ka mana\u02bbo o n\u0101 kumu.<\/p>\n\n\n\n<p>Loa\u02bba i k\u0113l\u0101 me k\u0113ia ho\u02bbokolohua ma kahi o 50 mau n\u012bnau e pili ana i n\u0101 k\u016blana papa. \u02bbA\u02bbole i ho\u02bbopa\u02bba \u02bbia n\u0101 ho\u02bbokolohua, a hiki i n\u0101 haum\u0101na a i \u02bbole n\u0101 luna ho\u02bbokolohua ke ho\u02bbomaha a ho\u02bbomau i ka ho\u02bbokolokolo ma ka puka aniani. (In\u0101 ho\u02bbomaha no 20 mau minuke, \u02bba\u02bbole hiki ke n\u0101n\u0101 \u02bbia n\u0101 n\u012bnau i pane mua \u02bbia.) Loa\u02bba i n\u0101 ho\u02bbokolohua EOC n\u0101 n\u012bnau koho nui a me n\u0101 n\u012bnau pane i k\u016bkulu \u02bbia, i helu \u02bbia e ka m\u012bkini. I ka pau \u02bbana, loa\u02bba koke i n\u0101 haum\u0101na k\u0101 l\u0101kou helu, a hiki i n\u0101 kumu ke komo i n\u0101 h\u014d\u02bbike helu ma o ka \u02bb\u014dnaehana p\u016bnaewele like.<\/p>\n\n\n\n<p><a href=\"https:\/\/eoc.alohahsap.org\/\" target=\"_blank\" rel=\"noreferrer noopener\">N\u0101 ho&#039;\u0101\u02bbo a\u02bbo EOC <\/a>loa\u02bba no n\u0101 haum\u0101na a me ka \u02bbohana<a href=\"https:\/\/eoc.alohahsap.org\/\">s.<\/a><\/p>\n\n\n\n<figure class=\"wp-block-table\"><table class=\"has-fixed-layout\"><tbody><tr><td class=\"has-text-align-center\" data-align=\"center\" rowspan=\"2\"><strong>EOC Exam<\/strong><\/td><td class=\"has-text-align-center\" data-align=\"center\" rowspan=\"2\"><\/td><td class=\"has-text-align-center\" data-align=\"center\" colspan=\"2\"><strong>WINDOW HOAO<\/strong><\/td><\/tr><tr><td class=\"has-text-align-center\" data-align=\"center\"><strong>Wehe<\/strong><\/td><td class=\"has-text-align-center\" data-align=\"center\"><strong>Pani<\/strong><\/td><\/tr><tr><td class=\"has-text-align-center\" data-align=\"center\" rowspan=\"4\">Algebra 1 (Koho)<br>Algebra 2 (Koho)<br>Biology 1** (Koi \u02bbia)\u200b \u200b<\/td><td class=\"has-text-align-center\" data-align=\"center\">H\u0101\u02bbule<br>(papa papa papa kula wale n\u014d)<\/td><td class=\"has-text-align-center\" data-align=\"center\">11\/17\/25<\/td><td class=\"has-text-align-center\" data-align=\"center\">12\/19\/25<\/td><\/tr><tr><td class=\"has-text-align-center\" data-align=\"center\">Puna<\/td><td class=\"has-text-align-center\" data-align=\"center\">04\/20\/26<\/td><td class=\"has-text-align-center\" data-align=\"center\">05\/28\/26<\/td><\/tr><tr><td class=\"has-text-align-center\" data-align=\"center\">N\u0101 Kula Alanui<\/td><td class=\"has-text-align-center\" data-align=\"center\">05\/28\/26<\/td><td class=\"has-text-align-center\" data-align=\"center\">06\/12\/26<\/td><\/tr><tr><td class=\"has-text-align-center\" data-align=\"center\">Kau wela<\/td><td class=\"has-text-align-center\" data-align=\"center\">06\/08\/26*<\/td><td class=\"has-text-align-center\" data-align=\"center\">07\/10\/26*<\/td><\/tr><\/tbody><\/table><\/figure>\n\n\n\n<p><em>* Ke kumuhana e ho\u02bbololi<\/em><em><br><\/em><em>** Koi \u02bbia ma ke \u02bbano he loiloi moku\u02bb\u0101ina e ho\u02bbok\u014d i n\u0101 koi Federal ESSA no ka loiloi i ka \u02bbepekema<\/em><\/p>\n\n\n\n<h2 class=\"wp-block-heading\">AlternatE Assessment (HSA-Alt)<\/h2>\n\n\n\n<p>H\u0101\u02bbawi \u02bbia ka HSA-Alt ma ka \u02bb\u014dlelo Pelekania no ka hana akamai\/literacy, makemakika a me ka \u02bbepekema i n\u0101 haum\u0101na ma ka Papa 3-8 a me 11 e paipai, ho\u02bbomaika\u02bbi i ke komo \u02bbana, a ana i ka loa\u02bba \u02bbana o n\u0101 k\u016blana ma o ka ho\u02bbonohonoho \u02bbana i n\u0101 mana\u02bbolana ki\u02bbeki\u02bbe no n\u0101 haum\u0101na me ke kino k\u012bn\u0101. Loa\u02bba n\u0101 ho\u02bbokolohua ho\u02bboma\u02bbama\u02bba ma <a href=\"https:\/\/hsa-alt.alohahsap.org\/\" target=\"_blank\" rel=\"noreferrer noopener\">Aloha HSAP<\/a>.<\/p>\n\n\n\n<figure class=\"wp-block-table\"><table class=\"has-fixed-layout\"><tbody><tr><td class=\"has-text-align-center\" data-align=\"center\" rowspan=\"2\"><strong>Wahi ma\u02bbi\u02bbo<\/strong><\/td><td class=\"has-text-align-center\" data-align=\"center\" rowspan=\"2\"><strong>Papa(mau)<\/strong><\/td><td class=\"has-text-align-center\" data-align=\"center\" rowspan=\"2\"><strong>Ke ano<\/strong><\/td><td class=\"has-text-align-center\" data-align=\"center\" colspan=\"2\"><strong>WINDOW HOAO<\/strong><\/td><\/tr><tr><td class=\"has-text-align-center\" data-align=\"center\"><strong>Wehe<\/strong><\/td><td class=\"has-text-align-center\" data-align=\"center\"><strong>Pani<\/strong><\/td><\/tr><tr><td class=\"has-text-align-center\" data-align=\"center\" rowspan=\"2\">ELA\/Literacy<br>Makemakika<\/td><td class=\"has-text-align-center\" data-align=\"center\" rowspan=\"2\">3-8 a me 11<\/td><td class=\"has-text-align-center\" data-align=\"center\">Online<\/td><td class=\"has-text-align-center\" data-align=\"center\">02\/17\/26<\/td><td class=\"has-text-align-center\" data-align=\"center\">05\/28\/26<\/td><\/tr><tr><td class=\"has-text-align-center\" data-align=\"center\">Pepa\/Penikala **<\/td><td class=\"has-text-align-center\" data-align=\"center\">02\/17\/26<\/td><td class=\"has-text-align-center\" data-align=\"center\">05\/28\/26<\/td><\/tr><tr><td class=\"has-text-align-center\" data-align=\"center\" rowspan=\"2\">\u02bbepekema<\/td><td class=\"has-text-align-center\" data-align=\"center\" rowspan=\"2\">5, 8 a me 11<\/td><td class=\"has-text-align-center\" data-align=\"center\">Online<\/td><td class=\"has-text-align-center\" data-align=\"center\">02\/17\/26<\/td><td class=\"has-text-align-center\" data-align=\"center\">05\/28\/26<\/td><\/tr><tr><td class=\"has-text-align-center\" data-align=\"center\">Pepa\/Penikala **<\/td><td class=\"has-text-align-center\" data-align=\"center\">02\/17\/26<\/td><td class=\"has-text-align-center\" data-align=\"center\">05\/28\/26<\/td><\/tr><\/tbody><\/table><\/figure>\n\n\n\n<p><em>* Ke kumuhana e ho\u02bbololi<\/em><em><br><\/em><em>** Pono e h\u014d\u02bboia \u02bbia ka ho\u02bboponopono pepa\/Penikala e ka \u02bb\u0101pana Assessment.\u200b<\/em><br><\/p>\n\n\n\n<h2 class=\"wp-block-heading\">The ACCESS and Alternate ACCESS for ELLs<\/h2>\n\n\n\n<p>The The ACCESS and Alternate ACCESS for ELLs 2.0 is an English language proficiency assessment administered to all English learners in Grades K-12 to monitor students\u2019 progress and proficiency in acquiring academic English. All schools began administering the assessments online in the 2017-18 school year.&nbsp;<\/p>\n\n\n\n<figure class=\"wp-block-table\"><table class=\"has-fixed-layout\"><tbody><tr><td class=\"has-text-align-center\" data-align=\"center\" rowspan=\"2\"><strong>Wahi ma\u02bbi\u02bbo<\/strong><\/td><td class=\"has-text-align-center\" data-align=\"center\" rowspan=\"2\"><strong>Papa(mau)<\/strong><\/td><td class=\"has-text-align-center\" data-align=\"center\" rowspan=\"2\"><strong>Ke ano<\/strong><\/td><td class=\"has-text-align-center\" data-align=\"center\" colspan=\"2\"><strong>WINDOW HOAO<\/strong><\/td><\/tr><tr><td class=\"has-text-align-center\" data-align=\"center\"><strong>Wehe<\/strong><\/td><td class=\"has-text-align-center\" data-align=\"center\"><strong>Kokoke<\/strong><\/td><\/tr><tr><td class=\"has-text-align-center\" data-align=\"center\">Ho\u02bbolohe, Heluhelu, \u02bb\u014clelo, K\u0101kau<\/td><td class=\"has-text-align-center\" data-align=\"center\">K a hiki i ka 12<\/td><td class=\"has-text-align-center\" data-align=\"center\">Pepa\/Pencil**<\/td><td class=\"has-text-align-center\" data-align=\"center\">01\/12\/26<\/td><td class=\"has-text-align-center\" data-align=\"center\">02\/27\/26<\/td><\/tr><\/tbody><\/table><\/figure>\n\n\n\n<p><em>* Ke kumuhana e ho\u02bbololi .<\/em><em><br><\/em><em>** Ho\u02bboponopono pepa\/Penikala K (n\u0101 k\u0101\u02bbei kapu a pau), 1-3 (k\u0101kau wale n\u014d).\u200b<\/em><br><\/p>\n\n\n\n<h2 class=\"wp-block-heading\">National Assessment of Educational Progress (NAEP)<\/h2>\n\n\n\n<p>\u02bbIke \u02bbia \u02bbo &quot;The Nation&#039;s Report Card,&quot; he polokalamu loiloi \u02bbo NAEP o ka National Center for Education Statistics e h\u0101\u02bbawi ana i n\u0101 hopena like ma n\u0101 moku\u02bb\u0101ina ma n\u0101 kumuhana koho. Ho\u02bbohana ma\u02bbamau \u02bbia ka NAEP i k\u0113l\u0101 me k\u0113ia \u02bbelua makahiki i kahi la\u02bbana o n\u0101 papa \u02bbeh\u0101 a me \u02bbewalu a puni ka \u02bb\u0101ina.<\/p>\n\n\n\n<p>The national results are among the multiple measures that the HIDOE uses to gauge the progress of students and public schools. Hawai\u02bbi&#8217;s improvement over time on the NAEP has been nationally recognized as one of the highest in the country. Among 50 states and D.C., a review of Hawai\u02bbi\u2019s performance on the NAEP for 2022 from 2003 shows:<\/p>\n\n\n\n<ul class=\"wp-block-list\">\n<li>Grade 4 reading: Hawai\u02bbi\u2019s average scale score went to No. 9 from being No. 46 in the nation.&nbsp;<\/li>\n\n\n\n<li>Grade 8 reading: Hawai\u02bbi improved to No. 25 from No. 50.<\/li>\n\n\n\n<li>Grade 4 math: Hawai\u02bbi improved to No. 18 from No. 46 in the country.<\/li>\n\n\n\n<li>Grade 8 math: Hawai\u02bbi improved to No. 36 from No. 46.<\/li>\n<\/ul>\n\n\n\n<p>\u02bbO ka US Chamber of Commerce Foundation ma 2016 <a href=\"https:\/\/www.uschamberfoundation.org\/blog\/post\/which-states-have-led-k-12-naep-improvement-over-past-10-years\" target=\"_blank\" rel=\"noreferrer noopener\">ranked Hawai\u02bbi No. 2<\/a> i ka l\u0101hui no ka ho\u02bbomaika\u02bbi \u02bbana i ka hana moku\u02bb\u0101ina \u02bbeh\u0101 a me \u02bbewalu ma ka NAEP ma waena o 2005 a me 2015.<\/p>\n\n\n\n<p><strong>For SY 2025-2026, a sample of Hawai\u02bbi schools will be selected to participate in the National Assessment of Educational Progress (NAEP) 2026 program.&nbsp;Participation in the NAEP 2026 grade 4 and grade 8 mathematics and reading assessments is required for all schools selected. The assessments will be administered using either the school&#8217;s devices or NAEP-provided devices (if a school is unable to administer the assessment using their own devices).<\/strong><\/p>\n\n\n\n<p>Grade 8 Civics and U.S. History assessment will be administered in 2026. A national sample of schools will be selected, therefore, only a small number of Hawai\u02bbi schools will be selected to participate. Participation in the grade 8 Civics and U.S. History assessment is optional. While participation is encouraged, the school principal may choose to decline the invitation to participate if selected.<\/p>\n\n\n\n<figure class=\"wp-block-table\"><table class=\"has-fixed-layout\"><tbody><tr><td class=\"has-text-align-center\" data-align=\"center\" rowspan=\"2\"><strong>Wahi ma\u02bbi\u02bbo<\/strong><\/td><td class=\"has-text-align-center\" data-align=\"center\" rowspan=\"2\"><strong>Papa helu<\/strong><\/td><td class=\"has-text-align-center\" data-align=\"center\" rowspan=\"2\"><strong>Ke ano<\/strong><\/td><td class=\"has-text-align-center\" data-align=\"center\" colspan=\"2\"><strong>WINDOW HOAO<\/strong><\/td><\/tr><tr><td class=\"has-text-align-center\" data-align=\"center\"><strong>Wehe<\/strong><\/td><td class=\"has-text-align-center\" data-align=\"center\"><strong>Pani<\/strong><\/td><\/tr><tr><td class=\"has-text-align-center\" data-align=\"center\">Mathematics, Reading<\/td><td class=\"has-text-align-center\" data-align=\"center\">4 a me 8<\/td><td class=\"has-text-align-center\" data-align=\"center\">Kikoho\u02bbe<\/td><td class=\"has-text-align-center\" data-align=\"center\">01\/26\/26<\/td><td class=\"has-text-align-center\" data-align=\"center\">03\/20\/26<\/td><\/tr><tr><td class=\"has-text-align-center\" data-align=\"center\">Civics U.S. History<\/td><td class=\"has-text-align-center\" data-align=\"center\">8<\/td><td class=\"has-text-align-center\" data-align=\"center\">Kikoho\u02bbe<\/td><td class=\"has-text-align-center\" data-align=\"center\" colspan=\"2\">01\/26\/26 &#8211; 03\/20\/26<\/td><\/tr><\/tbody><\/table><\/figure>\n\n\n\n<p><\/p>","protected":false},"excerpt":{"rendered":"<p>Science Assessment The science assessments are designed to measure students\u2019 attainment of the performance expectations laid out in the Next Generation Science Standards. The NGSS assessments at each grade include six item clusters (a stimulus and a series of questions that generally take students 6-12 minutes to complete) and 12 stand-alone items (shorter, generally takes [&hellip;]<\/p>","protected":false},"author":8,"featured_media":0,"parent":22,"menu_order":27,"comment_status":"closed","ping_status":"closed","template":"","meta":{"_relevanssi_hide_post":"","_relevanssi_hide_content":"","_relevanssi_pin_for_all":"","_relevanssi_pin_keywords":"","_relevanssi_unpin_keywords":"","_relevanssi_related_keywords":"","_relevanssi_related_include_ids":"","_relevanssi_related_exclude_ids":"","_relevanssi_related_no_append":"","_relevanssi_related_not_related":"","_relevanssi_related_posts":"10149,10163,15630,17420,9788,8799","_relevanssi_noindex_reason":"","_sitemap_exclude":false,"_sitemap_priority":"","_sitemap_frequency":"","_kad_blocks_custom_css":"","_kad_blocks_head_custom_js":"","_kad_blocks_body_custom_js":"","_kad_blocks_footer_custom_js":"","wp_popup_display_lightbox":0,"wp_popup_suppress":"","wp_popup_trigger":"","wp_popup_trigger_amount":0,"wp_popup_disable_on_mobile":false,"footnotes":""},"class_list":["post-46","page","type-page","status-publish","hentry"],"pp_statuses_selecting_workflow":false,"pp_workflow_action":"current","pp_status_selection":"publish","taxonomy_info":[],"featured_image_src_large":false,"author_info":{"display_name":"Ariana Enomoto","author_link":"https:\/\/hawaiipublicschools.org\/haw\/author\/arianastaceyleong-com\/"},"comment_info":0,"publishpress_future_action":{"enabled":false,"date":"2026-04-26 17:22:20","action":"change-status","newStatus":"draft","terms":[],"taxonomy":"","extraData":[]},"publishpress_future_workflow_manual_trigger":{"enabledWorkflows":[]},"_links":{"self":[{"href":"https:\/\/hawaiipublicschools.org\/haw\/wp-json\/wp\/v2\/pages\/46","targetHints":{"allow":["GET"]}}],"collection":[{"href":"https:\/\/hawaiipublicschools.org\/haw\/wp-json\/wp\/v2\/pages"}],"about":[{"href":"https:\/\/hawaiipublicschools.org\/haw\/wp-json\/wp\/v2\/types\/page"}],"author":[{"embeddable":true,"href":"https:\/\/hawaiipublicschools.org\/haw\/wp-json\/wp\/v2\/users\/8"}],"replies":[{"embeddable":true,"href":"https:\/\/hawaiipublicschools.org\/haw\/wp-json\/wp\/v2\/comments?post=46"}],"version-history":[{"count":0,"href":"https:\/\/hawaiipublicschools.org\/haw\/wp-json\/wp\/v2\/pages\/46\/revisions"}],"up":[{"embeddable":true,"href":"https:\/\/hawaiipublicschools.org\/haw\/wp-json\/wp\/v2\/pages\/22"}],"wp:attachment":[{"href":"https:\/\/hawaiipublicschools.org\/haw\/wp-json\/wp\/v2\/media?parent=46"}],"curies":[{"name":"wp","href":"https:\/\/api.w.org\/{rel}","templated":true}]}}