{"id":45,"date":"2024-09-04T22:23:48","date_gmt":"2024-09-04T22:23:48","guid":{"rendered":"https:\/\/hawaiipublicschools.org\/?page_id=45"},"modified":"2026-01-22T16:07:49","modified_gmt":"2026-01-23T02:07:49","slug":"act-testing","status":"publish","type":"page","link":"https:\/\/hawaiipublicschools.org\/haw\/academics\/act-testing\/","title":{"rendered":"Hoao ACT"},"content":{"rendered":"<p class=\"intro\" style=\"font-size:clamp(0.875rem, 0.875rem + ((1vw - 0.2rem) * 0.531), 1.3rem);\">\u02bbO ka ACT kahi h\u014d\u02bbike ha\u02bbawina e h\u0101\u02bbawi ana i n\u0101 \u02bbike ko\u02bbiko\u02bbi no n\u0101 haum\u0101na \u0101pau, me ka n\u0101n\u0101 \u02bbole i k\u0101 l\u0101kou papahana ma hope o ke kula ki\u02bbeki\u02bbe. K\u014dkua ia i n\u0101 haum\u0101na e loiloi i ko l\u0101kou ikaika a\u02bbo a me n\u0101 wahi no ka ho\u02bbomaika\u02bbi \u02bbana a hiki ke ho\u02bbohana \u02bbia no ke komo \u02bbana i ke kulanui. In\u0101 ho\u02bbol\u0101l\u0101 n\u0101 haum\u0101na e hele i ke kulanui a i \u02bbole e komo i ka limahana, h\u0101\u02bbawi k\u0101 l\u0101kou mau hopena ACT i kahi ki\u02bbi maopopo o ko l\u0101kou m\u0101kaukau a me kahi e pono ai l\u0101kou e ho\u02bbomohala hou.<\/p>\n\n\n\n<figure class=\"wp-block-image alignright size-large is-resized\"><img loading=\"lazy\" decoding=\"async\" width=\"1024\" height=\"683\" src=\"https:\/\/hawaiipublicschools.org\/wp-content\/uploads\/2024\/12\/ACT_Testing_edit-1024x683.jpg\" alt=\"Students at their desk, one student taking notes\" class=\"wp-image-3654\" style=\"width:445px;height:auto\" srcset=\"https:\/\/hawaiipublicschools.org\/wp-content\/uploads\/2024\/12\/ACT_Testing_edit-1024x683.jpg 1024w, https:\/\/hawaiipublicschools.org\/wp-content\/uploads\/2024\/12\/ACT_Testing_edit-300x200.jpg 300w, https:\/\/hawaiipublicschools.org\/wp-content\/uploads\/2024\/12\/ACT_Testing_edit-768x512.jpg 768w, https:\/\/hawaiipublicschools.org\/wp-content\/uploads\/2024\/12\/ACT_Testing_edit-18x12.jpg 18w, https:\/\/hawaiipublicschools.org\/wp-content\/uploads\/2024\/12\/ACT_Testing_edit.jpg 1200w\" sizes=\"auto, (max-width: 1024px) 100vw, 1024px\" \/><\/figure>\n\n\n\n<p>\u02bbO ka <a href=\"http:\/\/www.actstudent.org\/\" target=\"_blank\" rel=\"noreferrer noopener\">HANA<\/a> he 45-60 mau minuke pretest koho, i lawelawe \u02bbia ma mua o ka ho\u02bbokolokolo nui. H\u014d\u02bbili\u02bbili k\u0113ia kau i ka \u02bbike e pili ana i ka \u02bbike kula ki\u02bbeki\u02bbe o kahi haum\u0101na, ke kulanui a me n\u0101 makemake \u02bboihana a me n\u0101 pahuhopu e hiki mai ana.&nbsp;&nbsp;<\/p>\n\n\n\n<p>He 15 mau minuke ho\u02bbomaha ma waena o ka ho\u02bb\u0101\u02bbo 2 a me ka ho\u02bb\u0101\u02bbo 3, a he 5 mau minuke ho\u02bbomaha ma mua o ka ho\u02bbomaka \u02bbana o ka ho\u02bb\u0101\u02bbo k\u0101kau.<\/p>\n\n\n\n<ul class=\"wp-block-list\">\n<li>Ho&#039;\u0101\u02bbo 1 (English): 45 minuke<\/li>\n\n\n\n<li>Ho\u02bb\u0101\u02bbo 2 (math): 60 minuke<\/li>\n\n\n\n<li>Hoao 3 (heluhelu): 35 minuke<\/li>\n\n\n\n<li>\u02bbO ka ho\u02bb\u0101\u02bbo k\u0101kau (1 wikiwiki): 40 mau minuke<\/li>\n<\/ul>\n\n\n\n<h2 class=\"wp-block-heading\">pukaaniani hoao<\/h2>\n\n\n\n<p>E lawelawe \u02bbia k\u0113ia loiloi komo \u02bbana i ke kulanui i n\u0101 haum\u0101na a pau i k\u0101kau \u02bbia ma ka papa 11 (e like me ka wehewehe \u02bbana e ka helu \u02bbai\u02bb\u0113 ma ka P\u016bnaehana \u02bbIke Haum\u0101na) \u02bba\u02bbole i ho\u02bbok\u014d \u02bbia ka h\u014d\u02bbike \u02bbana i ka makahiki ma mua (\u02bbo ia ho\u02bbi, \u02bba\u02bbole i mana\u02bbo \u02bbia n\u0101 haum\u0101na e hana hou ana i ka papa 11 i lawe i ka h\u014d\u02bbike i ka makahiki i hala). Loa\u02bba i n\u0101 kula ke koho e ho\u02bbokele i ka ACT ma ho\u02bbokahi a \u02bboi aku paha o n\u0101 l\u0101 ho\u02bbokele moku\u02bb\u0101ina, <strong>February 24, April 7, or April 21, 2026<\/strong> ma ke \u02bbano pepa\/penikala a i \u02bbole ke \u02bbano p\u016bnaewele ma n\u0101 l\u0101 ma ka papa ma lalo. Ma waho a\u02bbe o ka ACT, e h\u0101\u02bbawi p\u016b ka &#039;Oihana, me ke kumu k\u016b\u02bbai \u02bbole i n\u0101 kula, i n\u0101 loiloi PreACT koho e k\u014dkua i n\u0101 haum\u0101na e ho\u02bbom\u0101kaukau no ke kulanui a me ka m\u0101kaukau o ka wahi hana ma ka papa \u02bbaina \u02bb\u0100pana Koho a me Career Readiness Assessments Administration ma lalo nei.<\/p>\n\n\n\n<div class=\"wp-block-columns is-layout-flex wp-container-core-columns-is-layout-28f84493 wp-block-columns-is-layout-flex\">\n<div class=\"wp-block-column is-layout-flow wp-block-column-is-layout-flow\" style=\"flex-basis:100%\">\n<figure class=\"wp-block-table\"><table><tbody><tr><td class=\"has-text-align-center\" data-align=\"center\" rowspan=\"2\"><strong>Heluhelu<\/strong><\/td><td class=\"has-text-align-center\" data-align=\"center\" rowspan=\"2\"><strong>Papa(mau)<\/strong><\/td><td class=\"has-text-align-center\" data-align=\"center\" rowspan=\"2\"><strong>Ke ano<\/strong><\/td><td class=\"has-text-align-center\" data-align=\"center\" colspan=\"2\"><strong>pukaaniani hoao<\/strong><\/td><\/tr><tr><td class=\"has-text-align-center\" data-align=\"center\"><strong>Wehe<\/strong><\/td><td class=\"has-text-align-center\" data-align=\"center\"><strong>Pani<\/strong><\/td><\/tr><tr><td class=\"has-text-align-center\" data-align=\"center\" rowspan=\"3\">\u02bbO ka ACT<\/td><td class=\"has-text-align-center\" data-align=\"center\" rowspan=\"9\">11<\/td><td class=\"has-text-align-center\" data-align=\"center\" rowspan=\"3\">Pepa<\/td><td class=\"has-text-align-center\" data-align=\"center\">Test Window 1: 02\/24\/26<\/td><td class=\"has-text-align-center\" data-align=\"center\">02\/24\/26<\/td><\/tr><tr><td class=\"has-text-align-center\" data-align=\"center\">Test Window 2: 04\/07\/26<\/td><td class=\"has-text-align-center\" data-align=\"center\" colspan=\"3\">04\/07\/26<\/td><\/tr><tr><td class=\"has-text-align-center\" data-align=\"center\">\u200bTest Window 3: 04\/21\/26<\/td><td class=\"has-text-align-center\" data-align=\"center\" colspan=\"3\">04\/21\/26<\/td><\/tr><tr><td class=\"has-text-align-center\" data-align=\"center\" rowspan=\"3\">\u02bb<a href=\"https:\/\/www.act.org\/content\/act\/en\/products-and-services\/state-and-district-solutions\/hawaii.html\" target=\"_blank\" rel=\"noreferrer noopener\">\u02bbO ka ACT Online<\/a><br>(me n\u0101 ho\u02bbokolohua me n\u0101 hale e hiki ke lawelawe \u02bbia ma ka p\u016bnaewele)<\/td><td class=\"has-text-align-center\" data-align=\"center\" rowspan=\"3\">Online<br><\/td><td class=\"has-text-align-center\" data-align=\"center\">02\/24\/26<\/td><td class=\"has-text-align-center\" data-align=\"center\">03\/06\/26<\/td><\/tr><tr><td class=\"has-text-align-center\" data-align=\"center\">04\/07\/26<\/td><td class=\"has-text-align-center\" data-align=\"center\">04\/17\/26<\/td><\/tr><tr><td class=\"has-text-align-center\" data-align=\"center\">04\/21\/26<\/td><td class=\"has-text-align-center\" data-align=\"center\">05\/01\/26<\/td><\/tr><tr><td class=\"has-text-align-center\" data-align=\"center\" rowspan=\"3\">\u02bbO ka ACT me n\u0101 hale noho (pepa).<\/td><td class=\"has-text-align-center\" data-align=\"center\" rowspan=\"3\">Pepa<\/td><td class=\"has-text-align-center\" data-align=\"center\">02\/24\/26<\/td><td class=\"has-text-align-center\" data-align=\"center\">03\/06\/26<\/td><\/tr><tr><td class=\"has-text-align-center\" data-align=\"center\">04\/07\/26<\/td><td class=\"has-text-align-center\" data-align=\"center\">\u200b04\/17\/26<\/td><\/tr><tr><td class=\"has-text-align-center\" data-align=\"center\">04\/21\/26<\/td><td class=\"has-text-align-center\" data-align=\"center\">\u200b05\/01\/26<\/td><\/tr><\/tbody><\/table><\/figure>\n<\/div>\n<\/div>\n\n\n\n<h3 class=\"wp-block-heading\">OPTIONAL Ke Kula Nui a me ka Ho\u02bbol\u0101l\u0101 M\u0101kaukau \u02bbOihana<\/h3>\n\n\n\n<figure class=\"wp-block-table\"><table class=\"has-fixed-layout\"><tbody><tr><td class=\"has-text-align-center\" data-align=\"center\" rowspan=\"2\"><strong>\u200bAssessmen\u200b\u200bt<\/strong><\/td><td class=\"has-text-align-center\" data-align=\"center\" rowspan=\"2\"><strong>Papa(mau)<\/strong><\/td><td class=\"has-text-align-center\" data-align=\"center\" rowspan=\"2\"><strong>Ke ano<\/strong><\/td><td class=\"has-text-align-center\" data-align=\"center\" colspan=\"2\"><strong>pukaaniani hoao<\/strong><\/td><\/tr><tr><td class=\"has-text-align-center\" data-align=\"center\"><strong>Wehe<\/strong><\/td><td class=\"has-text-align-center\" data-align=\"center\"><strong>Pani<\/strong><\/td><\/tr><tr><td class=\"has-text-align-center\" data-align=\"center\">PreACT<br>(koho)<\/td><td class=\"has-text-align-center\" data-align=\"center\">9 &amp; 10<\/td><td class=\"has-text-align-center\" data-align=\"center\">Pepa<\/td><td class=\"has-text-align-center\" data-align=\"center\">02\/24\/26<\/td><td class=\"has-text-align-center\" data-align=\"center\">04\/17\/26<\/td><\/tr><\/tbody><\/table><\/figure>\n\n\n\n<h2 class=\"wp-block-heading\">N\u0101 haum\u0101na me n\u0101 pono k\u016bikaw\u0101<\/h2>\n\n\n\n<p>Hiki i n\u0101 haum\u0101na ke k\u016bpono i ka IDEA- a me ka Pauku 504 i n\u0101 hale no ka ho\u02bbokolokolo ACT ma ka mana\u02bbo o n\u0101 limahana k\u016bpono i k\u0113l\u0101 me k\u0113ia kula. Aia ma lalo iho kekahi o n\u0101 hale noho i loa\u02bba.<\/p>\n\n\n\n<ul class=\"wp-block-list\">\n<li>Puke ho\u02bb\u0101\u02bbo \u02bbano nui: He puke ho\u02bb\u0101\u02bbo i pa\u02bbi \u02bbia ma kahi kikokikona 18-point.<\/li>\n\n\n\n<li>Pepa pane \u02bbano nui: He pepa pane i pa\u02bbi \u02bbia i loko o ka 18-point font. E ho\u02bb\u0101\u02bbo i n\u0101 limahana e ho\u02bbololi i n\u0101 pane i kahi palapala pane \u02bbano ma\u02bbamau e n\u0101n\u0101 \u02bbia a ki\u02bbi \u02bbia.<\/li>\n\n\n\n<li>\u02bbO Braille: He puke ho\u02bb\u0101\u02bbo i loa\u02bba n\u0101 ki\u02bbi braille a me n\u0101 ki\u02bbi ma\u02bbalahi.<\/li>\n\n\n\n<li>Palapala a ka mea heluhelu: He palapala o ka puke ho&#039;\u0101\u02bbo (me n\u0101 \u02bb\u014dlelo kuhikuhi mai ka puke ho\u02bb\u0101\u02bbo, n\u0101 pauk\u016b heluhelu a me n\u0101 mea ho\u02bb\u0101\u02bbo) no ka mea heluhelu e heluhelu leo nui i kekahi mea ho\u02bbokolokolo.<\/li>\n\n\n\n<li>DVD Audio: Audio (\u02bba\u02bbohe wiki\u014d) o ka puke ho\u02bb\u0101\u02bbo e like me ka palapala a ka mea heluhelu.<\/li>\n\n\n\n<li>He mea k\u0101kau e ho\u02bbopa\u02bba i n\u0101 pane a n\u0101 haum\u0101na ma ka pepa pane (pono ma kahi lumi ka\u02bbawale).<\/li>\n\n\n\n<li>N\u0101 ho\u02bbomaha hou me ka manawa ma\u02bbamau (pono e ho\u02bb\u0101\u02bbo i loko o kahi lumi ka\u02bbawale).<\/li>\n\n\n\n<li>Ho\u02bboka\u02bbawale i n\u0101 kau ho\u02bb\u0101\u02bbo.<\/li>\n\n\n\n<li>\u02bbO ka ho\u02bb\u0101\u02bbo \u02bbana i n\u0101 l\u0101 he nui.<\/li>\n\n\n\n<li>Ho\u02bboloihi manawa e ho\u02bbopau i k\u0113l\u0101 me k\u0113ia ho\u02bbokolohua.<\/li>\n\n\n\n<li>He unuhi \u02bb\u014dlelo h\u014d\u02bbailona e kau inoa i n\u0101 \u02bb\u014dlelo a\u02bbo, n\u0101 mea ho\u02bb\u0101\u02bbo a me n\u0101 koho pane (pono e ho\u02bbohana i ka h\u014d\u02bbike h\u014d\u02bbike palapala a ka mea heluhelu ma kahi lumi ka\u02bbawale).<\/li>\n<\/ul>\n\n\n\n<h2 class=\"wp-block-heading\">K\u0101ko\u02bbo ka haum\u0101na haum\u0101na<\/h2>\n\n\n\n<p>Loa\u02bba n\u0101 k\u0101ko\u02bbo a\u02bbo \u02bb\u014dlelo Pelekania (EL) no n\u0101 mea ho\u02bbokolokolo \u02bba\u02bbole m\u0101kaukau ma ka \u02bb\u014dlelo Pelekania. Pono e \u02bbae \u02bbia n\u0101 k\u0101ko\u02bbo EL e ACT. Ua kaupalena \u02bbia n\u0101 k\u0101ko\u02bbo i:<\/p>\n\n\n\n<ul class=\"wp-block-list\">\n<li>puke wehewehe \u02bb\u014dlelo \u02bbelua.<\/li>\n\n\n\n<li>Unuhi \u02bbia n\u0101 kuhikuhi ho\u02bbokolohua k\u0101kau, h\u0101\u02bbawi \u02bbia e ACT.<\/li>\n\n\n\n<li>Ho\u02bbokahi a me ka hapa manawa.<\/li>\n\n\n\n<li>Ho\u02bb\u0101\u02bbo p\u016b\u02bbulu li\u02bbili\u02bbi.<\/li>\n<\/ul>\n\n\n\n<p>Loa\u02bba n\u0101 palapala a me n\u0101 alaka\u02bbi e pili ana i n\u0101 k\u0101ko\u02bbo hiki i ka ACT ma ka <a href=\"https:\/\/content.act.org\/hawaii\/search\/all?query=Accessibility+Supports+Guide+for+the+ACT&amp;content-lang=en-US\" target=\"_blank\" rel=\"noreferrer noopener\">K\u0101ko\u02bbo hiki ke komo<\/a> \u02bbao\u02bbao ma ka p\u016bnaewele ACT Hawaii.<\/p>\n\n\n\n<p>\u02bbO ka <a href=\"https:\/\/content.act.org\/hawaii\/r\/0QA2p2SHZCgJe1AIQNZz2A\/RBUsQUfL~bfOzJmN8SMpWA\" target=\"_blank\" rel=\"noreferrer noopener\">Ho&#039;\u0101\u02bbo me n\u0101 k\u0101ko\u02bbo a\u02bbo \u02bb\u014dlelo Pelekania (EL).<\/a> H\u0101\u02bbawi ka \u02bbao\u02bbao i ka \u02bbike hou aku e pili ana i n\u0101 k\u0101ko\u02bbo i loa\u02bba no n\u0101 haum\u0101na a\u02bbo Pelekane.<\/p>\n\n\n\n<p><\/p>\n\n\n\n<p><\/p>\n\n\n\n<p><\/p>","protected":false},"excerpt":{"rendered":"<p>The ACT is a curriculum-based exam that provides valuable insights for all students, regardless of their post-high school plans. It helps students assess their academic strengths and areas for improvement and can be used for college admission. Whether students plan to attend college or enter the workforce, their ACT results offer a clear picture of [&hellip;]<\/p>","protected":false},"author":8,"featured_media":0,"parent":22,"menu_order":26,"comment_status":"closed","ping_status":"closed","template":"","meta":{"_relevanssi_hide_post":"","_relevanssi_hide_content":"","_relevanssi_pin_for_all":"","_relevanssi_pin_keywords":"","_relevanssi_unpin_keywords":"","_relevanssi_related_keywords":"","_relevanssi_related_include_ids":"","_relevanssi_related_exclude_ids":"","_relevanssi_related_no_append":"","_relevanssi_related_not_related":"","_relevanssi_related_posts":"10175,9729,9981,888,16234,8804","_relevanssi_noindex_reason":"","_sitemap_exclude":false,"_sitemap_priority":"","_sitemap_frequency":"","_kad_blocks_custom_css":"","_kad_blocks_head_custom_js":"","_kad_blocks_body_custom_js":"","_kad_blocks_footer_custom_js":"","wp_popup_display_lightbox":0,"wp_popup_suppress":"","wp_popup_trigger":"","wp_popup_trigger_amount":0,"wp_popup_disable_on_mobile":false,"footnotes":""},"class_list":["post-45","page","type-page","status-publish","hentry"],"pp_statuses_selecting_workflow":false,"pp_workflow_action":"current","pp_status_selection":"publish","taxonomy_info":[],"featured_image_src_large":false,"author_info":{"display_name":"Ariana Enomoto","author_link":"https:\/\/hawaiipublicschools.org\/haw\/author\/arianastaceyleong-com\/"},"comment_info":0,"publishpress_future_action":{"enabled":false,"date":"2026-05-10 18:32:25","action":"change-status","newStatus":"draft","terms":[],"taxonomy":"","extraData":[]},"publishpress_future_workflow_manual_trigger":{"enabledWorkflows":[]},"_links":{"self":[{"href":"https:\/\/hawaiipublicschools.org\/haw\/wp-json\/wp\/v2\/pages\/45","targetHints":{"allow":["GET"]}}],"collection":[{"href":"https:\/\/hawaiipublicschools.org\/haw\/wp-json\/wp\/v2\/pages"}],"about":[{"href":"https:\/\/hawaiipublicschools.org\/haw\/wp-json\/wp\/v2\/types\/page"}],"author":[{"embeddable":true,"href":"https:\/\/hawaiipublicschools.org\/haw\/wp-json\/wp\/v2\/users\/8"}],"replies":[{"embeddable":true,"href":"https:\/\/hawaiipublicschools.org\/haw\/wp-json\/wp\/v2\/comments?post=45"}],"version-history":[{"count":0,"href":"https:\/\/hawaiipublicschools.org\/haw\/wp-json\/wp\/v2\/pages\/45\/revisions"}],"up":[{"embeddable":true,"href":"https:\/\/hawaiipublicschools.org\/haw\/wp-json\/wp\/v2\/pages\/22"}],"wp:attachment":[{"href":"https:\/\/hawaiipublicschools.org\/haw\/wp-json\/wp\/v2\/media?parent=45"}],"curies":[{"name":"wp","href":"https:\/\/api.w.org\/{rel}","templated":true}]}}