{"id":4067,"date":"2024-12-17T15:59:53","date_gmt":"2024-12-17T23:59:53","guid":{"rendered":"https:\/\/hawaiipublicschools.org\/?page_id=4067"},"modified":"2025-03-11T10:30:07","modified_gmt":"2025-03-11T20:30:07","slug":"working-as-a-substitute-teacher","status":"publish","type":"page","link":"https:\/\/hawaiipublicschools.org\/haw\/jobs\/working-as-a-substitute-teacher\/","title":{"rendered":"Ke hana nei ma ke ano he Kumu Pani"},"content":{"rendered":"<p class=\"intro\" style=\"font-size:clamp(0.875rem, 0.875rem + ((1vw - 0.2rem) * 0.531), 1.3rem);\">He kuleana ko\u02bbiko\u02bbi ko n\u0101 kumu pani i n\u0101 kula aupuni o Hawai\u02bbi, e komo i loko e h\u014d\u02bboia i ka ho\u02bbomau \u02bbana o n\u0101 haum\u0101na i ke a\u02bbo \u02bbana ke hele \u02bbole k\u0101 l\u0101kou kumu ma\u02bbamau. In\u0101 \u02bboe e uhi ana i ho\u02bbokahi l\u0101 a i \u02bbole n\u0101 hana l\u014d\u02bbihi, \u02bbo ke a\u02bbo \u02bbana he ala maika\u02bbi ia e ho\u02bbololi ai i ke ola o n\u0101 haum\u0101na me ka m\u0101lama \u02bbana i kahi papa hana ma\u02bbalahi.<\/p>\n\n\n\n<div class=\"wp-block-columns double_col_sidebar is-layout-flex wp-container-core-columns-is-layout-28f84493 wp-block-columns-is-layout-flex\">\n<div class=\"wp-block-column left_col is-layout-flow wp-block-column-is-layout-flow\">\n<h2 class=\"wp-block-heading\">UUKU &amp; Pomaikai<\/h2>\n\n\n\n<h3 class=\"wp-block-heading\">Uku i kela la i keia la<\/h3>\n\n\n\n<p>Uku \u02bbia n\u0101 kumu pani i k\u0113l\u0101 me k\u0113ia l\u0101 ma muli o \u02bbekolu papa like \u02bbole (e n\u0101n\u0101 i ka pakuhi ma lalo). \u02bbA\u02bbole hiki i n\u0101 mea pani ke komo i loko o ka P\u016bnaehana Ho\u02bbomaha o n\u0101 limahana. Hiki i n\u0101 kumu pani ke komo i ka Pauku 403(b) Retirement Plan of the Internal Revenue Service IRS code, i \u02bbike \u02bbia ho\u02bbi he <mark style=\"background-color:rgba(0, 0, 0, 0);color:#e31515\" class=\"has-inline-color\"><a href=\"https:\/\/hawaiipublicschools.org\/haw\/jobs\/employee-benefits-and-salary\/\" data-type=\"page\" data-id=\"124\">Ho\u02bbol\u0101l\u0101 \u02bbauhau \u02bbauhau (TSA).<\/a><\/mark>. Aia n\u0101 uku i n\u0101 \u02bbauhau Social Security a me Medicare.<\/p>\n\n\n\n<p><em>Mai ka l\u0101 1 o Iulai, 2024<\/em><\/p>\n\n\n\n<h4 class=\"wp-block-heading\">Papa III<\/h4>\n\n\n\n<p>E ho\u02bbololi i n\u0101 kumu i h\u0101l\u0101wai me kekahi o k\u0113ia mau mea a pau:<\/p>\n\n\n\n<ul class=\"wp-block-list\">\n<li>He kumu laikini Hawai\u02bbi.<\/li>\n\n\n\n<li>He kumu (me n\u0101 kumu HIDOE i k\u0113ia manawa\/ i ho\u02bbomaha \u02bbia) i ho\u02bbopau i kahi Polokalamu Ho\u02bbona\u02bbauao Kumu i \u02bbae \u02bbia e ka Moku\u02bb\u0101ina (SATEP).<\/li>\n<\/ul>\n\n\n\n<p><strong>Ka helu o k\u0113l\u0101 me k\u0113ia l\u0101:<\/strong> $194.01<\/p>\n\n\n\n<div class=\"wp-block-kadence-spacer aligncenter kt-block-spacer-4067_f3739c-7e\"><div class=\"kt-block-spacer kt-block-spacer-halign-center\"><hr class=\"kt-divider\"\/><\/div><\/div>\n\n\n\n<h4 class=\"wp-block-heading\">Papa II<\/h4>\n\n\n\n<p>E pani i n\u0101 kumu i loa\u02bba ke k\u0113kel\u0113 laepua mai ke kulanui\/kulanui a i \u02bbole like.<\/p>\n\n\n\n<p><strong>Ka helu o k\u0113l\u0101 me k\u0113ia l\u0101:<\/strong> $179.50<\/p>\n\n\n\n<div class=\"wp-block-kadence-spacer aligncenter kt-block-spacer-4067_539609-56\"><div class=\"kt-block-spacer kt-block-spacer-halign-center\"><hr class=\"kt-divider\"\/><\/div><\/div>\n\n\n\n<h4 class=\"wp-block-heading\">Papa I<\/h4>\n\n\n\n<p>E pani i n\u0101 kumu i loa\u02bba \u02bbole ke k\u0113kel\u0113 laepua ak\u0101 ho\u02bbok\u014d i n\u0101 koi hana kiko\u02bb\u012b i ho\u02bbonohonoho \u02bbia e ka &#039;Oihana.<\/p>\n\n\n\n<p><strong>Ka helu o k\u0113l\u0101 me k\u0113ia l\u0101:<\/strong> $164.97<\/p>\n\n\n\n<h2 class=\"wp-block-heading\">Ho\u02bbomohala \u02bboihana<\/h2>\n\n\n\n<h3 class=\"wp-block-heading\">Hooia hou<\/h3>\n\n\n\n<p>Hiki i n\u0101 kumu pani i ho\u02bbopau mua i kahi papahana h\u014d\u02bboia kumu pani a ua pau a e pau ana ka palapala h\u014d\u02bboia, hiki ke h\u014d\u02bboia hou me ka ho\u02bbohana \u02bbana i kekahi o k\u0113ia mau koho:<\/p>\n\n\n\n<ol class=\"wp-block-list\">\n<li><a href=\"https:\/\/hawaiipublicschools.org\/haw\/academics\/adult-ed\/\" data-type=\"page\" data-id=\"34\">Ke Kula Kaiapuni o ka &#039;Oihana no n\u0101 m\u0101kua (CSA)<\/a><\/li>\n\n\n\n<li><a href=\"https:\/\/stedi.org\/HI\/\" target=\"_blank\" rel=\"noreferrer noopener\">\u02bbO ka ho\u02bbokele papa ki\u02bbeki\u02bbe o STEDI, n\u0101 kumu a\u02bbo, n\u0101 papahana ho\u02bbona\u02bbauao k\u016bikaw\u0101<\/a><\/li>\n<\/ol>\n<\/div>\n\n\n\n<div class=\"wp-block-column right_col is-layout-flow wp-block-column-is-layout-flow\"><div class=\"kb-row-layout-wrap kb-row-layout-id1050_d76aa3-f2 alignnone wp-block-kadence-rowlayout\"><div class=\"kt-row-column-wrap kt-has-2-columns kt-row-layout-row kt-tab-layout-row kt-mobile-layout-row kt-row-valign-top\">\n\n<div class=\"wp-block-kadence-column kadence-column1050_63c690-aa\"><div class=\"kt-inside-inner-col\">\n<figure class=\"wp-block-image size-full no_margin\"><img loading=\"lazy\" decoding=\"async\" width=\"1200\" height=\"898\" src=\"https:\/\/hawaiipublicschools.org\/wp-content\/uploads\/2024\/12\/Kalo.jpg\" alt=\"Close up photo of kalo leaves\" class=\"wp-image-2356\" style=\"aspect-ratio:4\/3;object-fit:cover\" srcset=\"https:\/\/hawaiipublicschools.org\/wp-content\/uploads\/2024\/12\/Kalo.jpg 1200w, https:\/\/hawaiipublicschools.org\/wp-content\/uploads\/2024\/12\/Kalo-300x225.jpg 300w, https:\/\/hawaiipublicschools.org\/wp-content\/uploads\/2024\/12\/Kalo-1024x766.jpg 1024w, https:\/\/hawaiipublicschools.org\/wp-content\/uploads\/2024\/12\/Kalo-768x575.jpg 768w, https:\/\/hawaiipublicschools.org\/wp-content\/uploads\/2024\/12\/Kalo-16x12.jpg 16w\" sizes=\"auto, (max-width: 1200px) 100vw, 1200px\" \/><\/figure>\n<\/div><\/div>\n\n\n\n<div class=\"wp-block-kadence-column kadence-column1050_6ae211-6a\"><div class=\"kt-inside-inner-col\">\n<h5 class=\"wp-block-heading has-base-color has-text-color has-link-color wp-elements-91735848e86ea283e0928ede427b944c\" style=\"margin-top:0px;padding-top:0;padding-bottom:0.5rem;font-size:1.4vw\">NO KA IKE HOU<\/h5>\n\n\n\n<p class=\"has-base-color has-text-color has-link-color wp-elements-73de11a7dc8419c68045457638ce71c1\"><strong>Papa K\u014dkua T-SEAS<\/strong><br>Kelepona: 808-441-8400<br><a href=\"mailto:help.tseas@k12.hi.us\" target=\"_blank\" rel=\"noreferrer noopener\">leka uila<\/a><\/p>\n<\/div><\/div>\n\n<\/div><\/div><\/div>\n<\/div>\n\n\n\n<p>\u02bbO 80% a i \u02bbole ke ki\u02bbeki\u02bbe a\u02bbe. Pono n\u0101 palapala h\u014d\u02bboia kumu hou a pau no \u02bbelima mau makahiki.<\/p>\n\n\n\n<h3 class=\"wp-block-heading\">Ho\u02bbomohala \u02bboihana hou (koe)<\/h3>\n\n\n\n<p>Hiki i n\u0101 kumu pani i makemake e lawe i n\u0101 papa ho\u02bbomohala \u02bboihana \u02bb\u0113 a\u02bbe, ma o ke Kumu Kumu ma:<\/p>\n\n\n\n<ul class=\"wp-block-list\">\n<li><a href=\"https:\/\/www.masterteacher.com\/mt-weekly-pd-program\" target=\"_blank\" rel=\"noreferrer noopener\">\u02bbO ka papahana Master Teacher Weekly PD Online<\/a><\/li>\n\n\n\n<li><a href=\"https:\/\/www.masterteacher.com\/teacher-bundle\" target=\"_blank\" rel=\"noreferrer noopener\">Ke Kumu Kumu eLearning Bundle Online<\/a><\/li>\n<\/ul>\n\n\n\n<h2 class=\"wp-block-heading\">Hana ma hope o ka ho\u02bbomaha<\/h2>\n\n\n\n<p>\u02bbO ka Moku\u02bb\u0101ina \u02bbo Hawai\u02bbi Employees&#039; Retirement System (ERS) kahi ho\u02bbol\u0101l\u0101 ho\u02bbomaha k\u016bpono ma lalo o ka Pauku 401(a) o ke Code Revenue Internal (Code). \u02bbO ka mea ma\u02bbamau, p\u0101p\u0101 ke code i ka h\u0101\u02bbawi \u02bbana i n\u0101 pono ho\u02bbomaha ma mua o ka ho\u02bbomaha \u02bbana o kahi limahana. No ke k\u014dkua \u02bbana i ka wehewehe \u02bbana i ka w\u0101 e ho\u02bbolimalima hou \u02bbia ai ka mea ho\u02bbomaha me ka \u02bbole o ka ho\u02bboku\u02bbu \u02bbia \u02bbana o n\u0101 p\u014dmaika\u02bbi, ua ho\u02bboholo \u02bbia ke k\u0101n\u0101wai moku\u02bb\u0101ina i ka makahiki 2010. <\/p>\n\n\n\n<p>Hiki ke ho\u02bbohana \u02bbia ka mea ho\u02bbomaha i kahi k\u016blana ma\u02bbamau in\u0101 loa\u02bba i ka mea ho\u02bbomaha he \u02bbeono mahina ho\u02bbomaha mahina (mai ko l\u0101kou l\u0101 ho\u02bbomaha ho\u02bbomaha), me ka \u02bbole o ka ho\u02bbolimalima \u02bbia e kekahi moku\u02bb\u0101ina a i \u02bbole ke kalana. \u02bbO ka hana ma\u02bbamau e pili ana i n\u0101 hana ma\u02bbamau i h\u014d\u02bboia \u02bbia a i ho\u02bbopa\u02bba \u02bbia, e komo p\u016b ana me n\u0101 hana pani a pau, ke a\u02bbo \u02bbana, n\u0101 l\u0101 ho\u02bbolimalima 89 a me n\u0101 limahana hana \u02bbaelike.<\/p>\n\n\n\n<p>Hiki ke ho\u02bbohana \u02bbia ka mea ho\u02bbomaha ma kahi k\u016blana i ho\u02bbopa\u02bba \u02bbia ma ke \u02bbano he hapa hana a pa\u02bbakik\u012b paha ke ho\u02bbopiha in\u0101 he 12 mau mahina kalena a ka mea ho\u02bbomaha (mai ko l\u0101kou l\u0101 ho\u02bbomaha ho\u02bbomaha), me ka \u02bbole e ho\u02bbohana \u02bbia e kekahi moku\u02bb\u0101ina a i \u02bbole ke kalana.<\/p>\n\n\n\n<p>Hiki ke ho\u02bbolimalima \u02bbia ka mea ho\u02bbomaha ma ke \u02bbano he kumu a luna ho\u02bbomalu ma kahi wahi hemahema kumu i \u02bbike \u02bbia e ka &#039;Oihana a i \u02bbole ma ke kula ho\u02bbolimalima a i \u02bbole he kumu a\u02bboa\u02bbo no ke kumu lumi papa hou in\u0101 he 12 mau mahina kalena a ka mea ho\u02bbomaha (mai ko l\u0101kou l\u0101 ho\u02bbomaha ho\u02bbomaha).<\/p>\n\n\n\n<p>&#039;\u014clelo A\u02bbo: Ua p\u0101p\u0101 ke k\u0101n\u0101wai i ka ho\u02bbolimalima hou \u02bbana i ka mea ho\u02bbomaha in\u0101 ua hana mua \u02bbia n\u0101 \u02bbaelike e ho\u02bbolimalima hou i ka mea ho\u02bbomaha ma mua o ko l\u0101kou ho\u02bbomaha \u02bbana. Pono paha ka po\u02bbe lawehala e:<\/p>\n\n\n\n<ul class=\"wp-block-list\">\n<li>Ho\u02bbiho\u02bbi hou i n\u0101 pono penikala i loa\u02bba i loko o ka manawa a i \u02bbole n\u0101 manawa o ka ho\u02bbolimalima hou (me ka uku ukupanee).<\/li>\n\n\n\n<li>E uku i n\u0101 ha&#039;awina ho&#039;omaha (me ka ukupanee) i uku &#039;ia i loko o ka manawa a i &#039;ole n\u0101 manawa ho&#039;olimalima.<\/li>\n\n\n\n<li>E uku i n\u0101 lilo ho\u02bbokele a pau i loa\u02bba i ka ho\u02bboponopono \u02bbana i ke k\u016blana in\u0101 \u02bbike \u02bbia ka mea ho\u02bbomaha.<\/li>\n<\/ul>\n\n\n\n<h2 class=\"wp-block-heading\">N\u0101 kumuwaiwai<\/h2>\n\n\n\n<h3 class=\"wp-block-heading\">P\u016bnaehana SmartFindExpress<\/h3>\n\n\n\n<p>Ho\u02bbohana ka &#039;Oihana i ka P\u016bnaehana SmartFindExpress no n\u0101 kula e h\u014d\u02bbike, h\u014d\u02bbano hou a\/a ho\u02bbopau paha i n\u0101 ha\u02bbalele kumu, me ka ho\u02bbolaha \u02bbakomi o n\u0101 manawa hana pani. Hiki ke ki\u02bbi \u02bbia ka \u02bb\u014dnaehana ma:<\/p>\n\n\n\n<ul class=\"wp-block-list\">\n<li>Ph: 1-877-403-2511<\/li>\n\n\n\n<li>Online: <a href=\"https:\/\/tseas.eschoolsolutions.com\/\" target=\"_blank\" rel=\"noreferrer noopener\">PowerSchool<\/a><\/li>\n<\/ul>\n\n\n\n<ol class=\"wp-block-list\">\n<li>E ho\u02bbokomo i k\u0101u helu ID limahana 8, aia ma k\u0101u Notification of Personnel Action (SF5 A1).<\/li>\n\n\n\n<li>E ho\u02bbokomo i k\u0101u PIN\/Password mai ka \u02bb\u014dnaehana ho\u02bbopa\u02bba inoa TSEAS kahiko.<\/li>\n<\/ol>\n\n\n\n<h3 class=\"wp-block-heading\">Ho\u02bboka\u02bba\u02bbike Ke\u02bbena Apana<\/h3>\n\n\n\n<p>\u02bbO ke po\u02bbo kumu ka luna ho\u02bbomalu no n\u0101 kumu pani ma ke kula. Loa\u02bba ka mana o n\u0101 Luna \u02bb\u0100pana Human Resources (i helu \u02bbia ma lalo) ma luna o n\u0101 kumu pani. In\u0101 he ho\u02bbopa\u02bbapa\u02bba \u02bba\u02bbole hiki ke ho\u02bboholo \u02bbia ma ka pae kula a i \u02bbole he n\u012bnau a hopohopo paha e pili ana i k\u0101u hana, e kelepona i ke ke\u02bbena k\u016bpono ma lalo nei:<\/p>\n\n\n\n<div class=\"wp-block-columns is-layout-flex wp-container-core-columns-is-layout-28f84493 wp-block-columns-is-layout-flex\">\n<div class=\"wp-block-column is-layout-flow wp-block-column-is-layout-flow\">\n<h4 class=\"wp-block-heading\">Hawai\u02bbi<\/h4>\n\n\n\n<p>75 Aupuni St., #203, <br>Hilo, HI 96720&nbsp;<br>Ph: 808-974-6605<\/p>\n\n\n\n<h4 class=\"wp-block-heading\">Maui<\/h4>\n\n\n\n<p>54 South High St., 4th Papa, <br>Wailuku, HI 96793&nbsp;<br>Ph: 808-243-1301<\/p>\n\n\n\n<h4 class=\"wp-block-heading\">Kaua\u02bbi<\/h4>\n\n\n\n<p>3060 Eiwa St., #301, <br>Lihue, HI 96766&nbsp;<br>Ph: 808-274-3506<\/p>\n<\/div>\n\n\n\n<div class=\"wp-block-column is-layout-flow wp-block-column-is-layout-flow\">\n<h4 class=\"wp-block-heading\">Honolulu<\/h4>\n\n\n\n<p>4967 Kilauea Ave., <br>Honolulu, HI 96816<br>Ph: 808-784-6660&nbsp;<\/p>\n\n\n\n<h4 class=\"wp-block-heading\">Waena<\/h4>\n\n\n\n<p>1122 Mapunapuna St., Ste. 200, <br>Honolulu, HI 96819<br>Ph: 808-307-3939<\/p>\n<\/div>\n\n\n\n<div class=\"wp-block-column is-layout-flow wp-block-column-is-layout-flow\">\n<h4 class=\"wp-block-heading\">Leeward<\/h4>\n\n\n\n<p>601 Kamokila Blvd., #418, <br>Kapolei, HI 96707<br>Ph: 808-692-8007<\/p>\n\n\n\n<h4 class=\"wp-block-heading\">makani makani<\/h4>\n\n\n\n<p>46-169 Kamehameha Highway, <br>Kaneohe, HI 96744<br>Ph: 808-784-5920<\/p>\n<\/div>\n<\/div>","protected":false},"excerpt":{"rendered":"<p>Substitute teachers play a vital role in Hawai\u2018i\u2019s public schools, stepping in to ensure students continue learning when their regular teachers are absent. Whether you\u2019re covering for a day or taking on longer assignments, substitute teaching is a rewarding way to make a difference in students&#8217; lives while maintaining a flexible schedule. WAGEs &amp; Benefits [&hellip;]<\/p>","protected":false},"author":8,"featured_media":0,"parent":122,"menu_order":3,"comment_status":"closed","ping_status":"closed","template":"wp-custom-template-page-for-custom-sidebar","meta":{"_relevanssi_hide_post":"","_relevanssi_hide_content":"","_relevanssi_pin_for_all":"","_relevanssi_pin_keywords":"","_relevanssi_unpin_keywords":"","_relevanssi_related_keywords":"","_relevanssi_related_include_ids":"","_relevanssi_related_exclude_ids":"","_relevanssi_related_no_append":"","_relevanssi_related_not_related":"","_relevanssi_related_posts":"","_relevanssi_noindex_reason":"","_sitemap_exclude":false,"_sitemap_priority":"","_sitemap_frequency":"","_kad_blocks_custom_css":"","_kad_blocks_head_custom_js":"","_kad_blocks_body_custom_js":"","_kad_blocks_footer_custom_js":"","wp_popup_display_lightbox":0,"wp_popup_suppress":"","wp_popup_trigger":"","wp_popup_trigger_amount":0,"wp_popup_disable_on_mobile":false,"footnotes":""},"class_list":["post-4067","page","type-page","status-publish","hentry"],"pp_statuses_selecting_workflow":false,"pp_workflow_action":"current","pp_status_selection":"publish","taxonomy_info":[],"featured_image_src_large":false,"author_info":{"display_name":"Ariana Enomoto","author_link":"https:\/\/hawaiipublicschools.org\/haw\/author\/arianastaceyleong-com\/"},"comment_info":0,"publishpress_future_action":{"enabled":false,"date":"2026-04-25 23:02:16","action":"change-status","newStatus":"draft","terms":[],"taxonomy":"","extraData":[]},"publishpress_future_workflow_manual_trigger":{"enabledWorkflows":[]},"_links":{"self":[{"href":"https:\/\/hawaiipublicschools.org\/haw\/wp-json\/wp\/v2\/pages\/4067","targetHints":{"allow":["GET"]}}],"collection":[{"href":"https:\/\/hawaiipublicschools.org\/haw\/wp-json\/wp\/v2\/pages"}],"about":[{"href":"https:\/\/hawaiipublicschools.org\/haw\/wp-json\/wp\/v2\/types\/page"}],"author":[{"embeddable":true,"href":"https:\/\/hawaiipublicschools.org\/haw\/wp-json\/wp\/v2\/users\/8"}],"replies":[{"embeddable":true,"href":"https:\/\/hawaiipublicschools.org\/haw\/wp-json\/wp\/v2\/comments?post=4067"}],"version-history":[{"count":0,"href":"https:\/\/hawaiipublicschools.org\/haw\/wp-json\/wp\/v2\/pages\/4067\/revisions"}],"up":[{"embeddable":true,"href":"https:\/\/hawaiipublicschools.org\/haw\/wp-json\/wp\/v2\/pages\/122"}],"wp:attachment":[{"href":"https:\/\/hawaiipublicschools.org\/haw\/wp-json\/wp\/v2\/media?parent=4067"}],"curies":[{"name":"wp","href":"https:\/\/api.w.org\/{rel}","templated":true}]}}