{"id":34,"date":"2024-09-04T22:15:38","date_gmt":"2024-09-04T22:15:38","guid":{"rendered":"https:\/\/hawaiipublicschools.org\/?page_id=34"},"modified":"2026-04-08T08:06:47","modified_gmt":"2026-04-08T18:06:47","slug":"adult-education","status":"publish","type":"page","link":"https:\/\/hawaiipublicschools.org\/haw\/academics\/adult-education\/","title":{"rendered":"Ho\u02bbona\u02bbauao makua"},"content":{"rendered":"<h2 class=\"wp-block-heading\">Ho\u02bbona\u02bbauao makua<\/h2>\n\n\n\n<p>H\u0101\u02bbawi ka papahana ho\u02bbona\u02bbauao makua i n\u0101 \u02bbano papa i ho\u02bbol\u0101l\u0101 \u02bbia no n\u0101 haum\u0101na makua. \u02bbO k\u0113ia mau mea e pili ana i ka ho\u02bbona\u02bbauao kumu, ka \u02bb\u014dlelo Pelekane a me ka civics. Hiki i n\u0101 m\u0101kua ke loa\u02bba n\u0101 diploma ko\u02bbiko\u02bbi, e like me ka Palapala Ho\u02bbona\u02bbauao Kai\u0101ulu o Hawai\u02bbi, ma o ka General Educational Development (GED) a me ka High School Equivalency Test (HiSET), a me ka Workforce Development Diploma (WDD). Eia hou, m\u0101lama n\u0101 kula makua i ka papa a\u02bbo kumu pani o ka &#039;Oihana. Ho\u02bbopau \u02bbia k\u0113ia mau papa ma waho o n\u0101 kahua kula kaiaulu 10 o ka &#039;Oihana no n\u0101 m\u0101kua (CSAs). E \u02bbolu\u02bbolu e kelepona i ke kula kokoke i\u0101 \u02bboe (e n\u0101n\u0101 i lalo) no ka \u02bbike.&nbsp;<\/p>\n\n\n\n<h2 class=\"wp-block-heading\">N\u0101 noi palapala a me ka h\u014d\u02bboia<\/h2>\n\n\n\n<p>Pono e ho\u02bbouna \u02bbia n\u0101 palapala palapala a me n\u0101 noi h\u014d\u02bboia i ke kula i hele ai. E \u02bbike ma lalo no ka \u02bbike pilikino CSA. No n\u0101 n\u012bnau e pili ana i ke kula \u02bbo Saint Louis, e kelepona pololei i k\u0101 l\u0101kou mea k\u0101kau inoa ma 808-739-4729.&nbsp;<\/p>\n\n\n\n<h2 class=\"wp-block-heading\" id=\"enrolling\">Kakau inoa<\/h2>\n\n\n\n<p>Aia n\u0101 p\u0101 kula CSA mua \u02bbelua ma <a href=\"http:\/\/www.mcsahawaii.org\/\" target=\"_blank\" rel=\"noreferrer noopener\">Kula Kaiapuni \u02bbo McKinley<\/a> a <a href=\"https:\/\/www.wcsahawaii.org\/\" target=\"_blank\" rel=\"noreferrer noopener\">Kula Kaiapuni o Waipahu<\/a> N\u0101 kula ki\u02bbeki\u02bbe, me \u02bbewalu mau kahua ukali.&nbsp;<\/p>\n\n\n\n<ul class=\"wp-block-list\">\n<li>E kelepona i ke kula kokoke i\u0101 \u02bboe no n\u0101 papa papa a me n\u0101 papa.&nbsp;<\/li>\n\n\n\n<li>No n\u0101 palapala kope a me n\u0101 noi h\u014d\u02bboia ho\u02bbona\u02bbauao, e kelepona i ke kula i hele mai ka papa inoa ma lalo.\u200b<\/li>\n<\/ul>\n\n\n\n<p><\/p>\n\n\n\n<figure class=\"wp-block-image size-full is-resized\"><img loading=\"lazy\" decoding=\"async\" width=\"195\" height=\"194\" src=\"https:\/\/hawaiipublicschools.org\/wp-content\/uploads\/2024\/12\/MCSA_Logo.png\" alt=\"McKinley Community School for Adults (MCSA) Logo\" class=\"wp-image-3248\" style=\"width:140px;height:auto\" srcset=\"https:\/\/hawaiipublicschools.org\/wp-content\/uploads\/2024\/12\/MCSA_Logo.png 195w, https:\/\/hawaiipublicschools.org\/wp-content\/uploads\/2024\/12\/MCSA_Logo-150x150.png 150w, https:\/\/hawaiipublicschools.org\/wp-content\/uploads\/2024\/12\/MCSA_Logo-12x12.png 12w\" sizes=\"auto, (max-width: 195px) 100vw, 195px\" \/><\/figure>\n\n\n\n<p class=\"has-text-align-left\"><a href=\"https:\/\/www.mcsahawaii.org\" target=\"_blank\" rel=\"noreferrer noopener\"><strong>Ke Kula Kaiapuni \u02bbo McKinley no n\u0101 m\u0101kua (MCSA)<\/strong><\/a><br>634 Pensacola St. <br>Honolulu, HI 96814<br>Ph: 808-594-0540<br>Fax: 808-594-0544<\/p>\n\n\n\n<div class=\"wp-block-columns is-layout-flex wp-container-core-columns-is-layout-28f84493 wp-block-columns-is-layout-flex\">\n<div class=\"wp-block-column is-layout-flow wp-block-column-is-layout-flow\">\n<p><a href=\"https:\/\/www.mcsahawaii.org\/apps\/pages\/index.jsp?uREC_ID=429194&amp;type=d\" target=\"_blank\" rel=\"noreferrer noopener\">MCSA-Farrington Campus<\/a><br>1564 N. King St. <br>Honolulu, HI 96817<br>808-829-1399<\/p>\n<\/div>\n\n\n\n<div class=\"wp-block-column is-layout-flow wp-block-column-is-layout-flow\">\n<p><a href=\"https:\/\/www.mcsahawaii.org\/apps\/pages\/index.jsp?uREC_ID=429554&amp;type=d\" target=\"_blank\" rel=\"noreferrer noopener\">MCSA-Kauai Campus<\/a><br>3607A Lala Rd., P-12, <br>Lihue, HI 96766<br>808-274-3390<\/p>\n<\/div>\n\n\n\n<div class=\"wp-block-column is-layout-flow wp-block-column-is-layout-flow\">\n<p><a href=\"https:\/\/www.mcsahawaii.org\/apps\/pages\/index.jsp?uREC_ID=429197&amp;type=d\" target=\"_blank\" rel=\"noreferrer noopener\">MCSA-Maui Campus<\/a><br>179 Kaahumanu Ave, <br>Kahului, HI 96732<br>808-873-3082<\/p>\n<\/div>\n\n\n\n<div class=\"wp-block-column is-layout-flow wp-block-column-is-layout-flow\">\n<p><a href=\"https:\/\/www.mcsahawaii.org\/apps\/pages\/index.jsp?uREC_ID=429149&amp;type=d\" target=\"_blank\" rel=\"noreferrer noopener\">MCSA-Moanalua Campus<\/a><br>2825-A Ala Ilima St. <br>Honolulu, HI 96818<br>808-305-1180<\/p>\n<\/div>\n<\/div>\n\n\n\n<p><\/p>\n\n\n\n<figure class=\"wp-block-image size-full is-resized\"><img loading=\"lazy\" decoding=\"async\" width=\"248\" height=\"248\" src=\"https:\/\/hawaiipublicschools.org\/wp-content\/uploads\/2024\/12\/WCSA_Logo.png\" alt=\"Waipahu Community School for Adults (MCSA) Logo\" class=\"wp-image-3247\" style=\"width:140px;height:auto\" srcset=\"https:\/\/hawaiipublicschools.org\/wp-content\/uploads\/2024\/12\/WCSA_Logo.png 248w, https:\/\/hawaiipublicschools.org\/wp-content\/uploads\/2024\/12\/WCSA_Logo-150x150.png 150w, https:\/\/hawaiipublicschools.org\/wp-content\/uploads\/2024\/12\/WCSA_Logo-12x12.png 12w\" sizes=\"auto, (max-width: 248px) 100vw, 248px\" \/><\/figure>\n\n\n\n<p><a href=\"https:\/\/www.wcsahawaii.org\" target=\"_blank\" rel=\"noreferrer noopener\"><strong>Kula Kai\u0101ulu o Waipahu no n\u0101 m\u0101kua (WCSA)<\/strong><\/a><br>94-521 Alanui Farrington, <br>Waipahu, HI 96797<br>Ph: 808-307-9677<br>Fax: 808-675-0259<\/p>\n\n\n\n<div class=\"wp-block-columns is-layout-flex wp-container-core-columns-is-layout-28f84493 wp-block-columns-is-layout-flex\">\n<div class=\"wp-block-column is-layout-flow wp-block-column-is-layout-flow\">\n<p><a href=\"https:\/\/www.wcsahawaii.org\/apps\/pages\/index.jsp?uREC_ID=3670308&amp;type=d&amp;pREC_ID=2418516\" target=\"_blank\" rel=\"noreferrer noopener\">WCSA-Hilo Campus<\/a><br>155 W. Kawili St. P27, <br>Hilo, HI 96720<br>808-480-3231<\/p>\n<\/div>\n\n\n\n<div class=\"wp-block-column is-layout-flow wp-block-column-is-layout-flow\">\n<p><a href=\"https:\/\/www.wcsahawaii.org\/apps\/pages\/index.jsp?uREC_ID=3670309&amp;type=d&amp;pREC_ID=2418521\" target=\"_blank\" rel=\"noreferrer noopener\">WCSA-Kona Campus<\/a><br>74-5062 Onipaa St.\u200b, F-2, <br>Kailua-Kona, HI 96740<br>808-313-3032<\/p>\n<\/div>\n\n\n\n<div class=\"wp-block-column is-layout-flow wp-block-column-is-layout-flow\">\n<p><a href=\"https:\/\/www.wcsahawaii.org\/apps\/pages\/index.jsp?uREC_ID=3670306&amp;type=d&amp;pREC_ID=2418504\" target=\"_blank\" rel=\"noreferrer noopener\">WCSA-Wahiawa Campus<\/a><br>1515 Kaleponi Ave. <br>Wahiawa, HI 96786<br>808-305-3200<\/p>\n<\/div>\n\n\n\n<div class=\"wp-block-column is-layout-flow wp-block-column-is-layout-flow\">\n<p><a href=\"https:\/\/www.wcsahawaii.org\/apps\/pages\/index.jsp?uREC_ID=3670307&amp;type=d&amp;pREC_ID=2418511\" target=\"_blank\" rel=\"noreferrer noopener\">WCSA-Windward Campus<\/a><br>730 Iliaina St. <br>Kailua, HI 96734<br>808-307-1455<\/p>\n<\/div>\n<\/div>\n\n\n\n<p><\/p>\n\n\n\n<h2 class=\"wp-block-heading\">N\u0101 papahana diploma<\/h2>\n\n\n\n<p>Ua \u02bbae piha \u02bbia n\u0101 Kula Kaiapuni o HIDOE no n\u0101 m\u0101kua e ka Western Association of Schools and Colleges (WASC). \u02bbO ka pahuhopu o n\u0101 papahana GED a me HiSET, \u02bbo ia ka h\u014d\u02bboia \u02bbana i ka m\u0101kaukau o n\u0101 haum\u0101na puka i loa\u02bba i ke kula ki\u02bbeki\u02bbe o ke kula ki\u02bbeki\u02bbe a i \u02bbole ka diploma kula kaiaulu o Hawai\u02bbi makua no ka ho\u02bbona\u02bbauao ma hope o ke kula ki\u02bbeki\u02bbe. Ho\u02bbopili \u02bbia n\u0101 mea \u02bbelua i ka National Common Core State Standards a me College and Career Readiness Standards.<\/p>\n\n\n\n<h3 class=\"wp-block-heading\">Ho\u02bbomohala Ho\u02bbona\u02bbauao Nui&nbsp;<\/h3>\n\n\n\n<p>H\u0101\u02bbawi ka h\u014d\u02bbike GED i kahi ala k\u016bpono e ana i ka holomua ho\u02bbona\u02bbauao o n\u0101 m\u0101kua i puka \u02bbole i ke kula ki\u02bbeki\u02bbe, a me ka ho\u02bboh\u0101likelike \u02bbana i ko l\u0101kou m\u0101kaukau ho\u02bbona\u02bbauao me ko n\u0101 haum\u0101na puka kula ki\u02bbeki\u02bbe. \u02bbElima mau ho\u02bb\u0101\u02bbo \u02bbana o ka p\u0101kaukau ho\u02bb\u0101\u02bbo GED: n\u0101 m\u0101kau k\u0101kau, n\u0101 ha\u02bbawina pilikanaka, ka \u02bbepekema, ka unuhi \u02bbana i n\u0101 palapala a me n\u0101 hana no\u02bbeau, a me ka makemakika. E loa&#039;a i ka po&#039;e i ho&#039;opau pono i ka pila ho&#039;\u0101&#039;o &#039;ana i ka palapala palapala GED k\u016bhelu a hiki ke koho &#039;ia no ka Diploma Kula Kaiapuni o n\u0101 m\u0101kua o Hawai&#039;i. Hiki i ka diploma ke h\u0101\u02bbawi i n\u0101 haum\u0101na puka i ka manawa e komo ai i ka \u02bboihana koa, loa\u02bba ke komo \u02bbana i ke kolamu, ho\u02bbonui i ka loa\u02bba k\u0101l\u0101, ho\u02bbonui i n\u0101 \u02bboihana hana a k\u014dkua paha i ka loa\u02bba \u02bbana o ka holomua hana.\u200b<\/p>\n\n\n\n<h3 class=\"wp-block-heading\">Ho&#039;\u0101\u02bbo Kaulike o ke kula ki\u02bbeki\u02bbe&nbsp;<\/h3>\n\n\n\n<p>\u02bbO ke kumu o ka HiSET \u02bbo ia ka h\u014d\u02bboia \u02bbana i ka loa\u02bba \u02bbana o ka \u02bbike a me n\u0101 m\u0101kau o ka moho e like me ka mea o ke kula ki\u02bbeki\u02bbe. E \u02bbike n\u0101 helu HiSET i k\u0113l\u0101 mau moho i ho\u02bbok\u014d ma kahi pae i k\u016blike me ke kula ki\u02bbeki\u02bbe. E loa&#039;a i ka po&#039;e i ho&#039;opau pono i ka pila ho&#039;\u0101&#039;o &#039;ana i ka palapala HiSET k\u016bhelu a hiki ke koho &#039;ia no ka Diploma Kula Kaiapuni o n\u0101 m\u0101kua o Hawai&#039;i. Hiki i ka diploma ke h\u0101\u02bbawi i n\u0101 haum\u0101na puka i ka manawa e komo ai i ka \u02bboihana koa, loa\u02bba ke komo \u02bbana i ke kulanui, ho\u02bbonui i ka loa\u02bba k\u0101l\u0101, ho\u02bbonui i n\u0101 \u02bboihana hana a k\u014dkua paha i ka loa\u02bba \u02bbana o ka holomua hana.<\/p>\n\n\n\n<h2 class=\"wp-block-heading\">Polokalamu Ho\u02bbomohala Hana Hana (WDC).<\/h2>\n\n\n\n<p>Ma ka launa p\u016b \u02bbana me ka Workforce Development Council, State Department of Labor and Industrial Relations, a me ka Division of Vocational Rehabilitation, haku hana, a me n\u0101 kula kaiaulu, ua ho\u02bbomaka \u02bbia ka Polokalamu Ho\u02bbomohala Hana Hana.<\/p>\n\n\n\n<p>Ua ho\u02bbol\u0101l\u0101 \u02bbia ka Polokalamu Ho\u02bbomohala Hana Hana (WDC) no ka ho\u02bbok\u014d \u02bbana i n\u0101 pono o k\u0113l\u0101 mau haum\u0101na e komo ana i ka limahana me ke komo \u02bbana i ka hana \u02bba\u02bbole koi \u02bbia kahi palapala kula ki\u02bbeki\u02bbe. E ho\u02bbom\u0101kaukau ka Polokalamu WDC i n\u0101 haum\u0101na me ka ho\u02bbona\u02bbauao kumu k\u016bpono a me ke komo \u02bbana i n\u0101 papahana ho\u02bboma\u02bbama\u02bba hana. No ke koho \u02bbana, pono ka haum\u0101na he 18 mau makahiki a \u02bboi aku paha, a i \u02bbole n\u0101 haum\u0101na 16 a 17 mau makahiki i ho\u02bboku\u02bbu \u02bbia mai ke kula ma o ke ka\u02bbina hana 4140. E loa\u02bba i n\u0101 haum\u0101na \u0101pau i ho\u02bbopiha i n\u0101 koi o ka papahana i kahi Palapala Ho\u02bbomohala Hana Hana mai k\u0101 l\u0101kou kula kaiaulu. Ho\u02bbopili <a href=\"http:\/\/mcsahawaii.org\" data-type=\"link\" data-id=\"mcsahawaii.org\" target=\"_blank\" rel=\"noreferrer noopener\">Kula Kaiapuni \u02bbo McKinley no n\u0101 m\u0101kua<\/a> a i \u02bbole <a href=\"http:\/\/wcsahawaii.org\" data-type=\"link\" data-id=\"wcsahawaii.org\" target=\"_blank\" rel=\"noreferrer noopener\">Kula Kaiapuni o Waipahu no na makua<\/a> no ka \u02bbike hana ho\u02bbopa\u02bba inoa.<\/p>\n\n\n\n<h2 class=\"wp-block-heading\">Papa Kumu Pani<\/h2>\n\n\n\n<p>Ho\u02bbonohonoho n\u0101 CSA o ka &#039;Oihana i ka papa kumu kumu. (H\u0101\u02bbawi \u02bbia n\u0101 papa p\u016bnaewele ma o MCSA-Maui Campus a koho i n\u0101 p\u0101 kula WCSA. E kelepona i k\u0113l\u0101 me k\u0113ia p\u0101 kula WCSA e n\u012bnau. E \u02bbolu\u02bbolu e n\u0101n\u0101 i ka \u02bbike ma k\u0101 m\u0101kou <a href=\"\/haw\/jobs\/substitute-teachers\/\" data-type=\"page\" data-id=\"123\">A\u02bbo Pani<\/a> \u02bbao\u02bbao no ka \u02bbike hou aku e pili ana i ka lilo \u02bbana i kumu pani.&nbsp;<\/p>\n\n\n\n<h2 class=\"wp-block-heading\">Ka h\u014d\u02bbulu\u02bbulu mana\u02bbo o ke kula kaiaulu no n\u0101 m\u0101kua<\/h2>\n\n\n\n<h3 class=\"wp-block-heading\">Honolulu-Kaua&#039;i-Maui-Moanalua<\/h3>\n\n\n\n<ul class=\"wp-block-list\">\n<li><a href=\"https:\/\/hawaiipublicschools.org\/wp-content\/uploads\/976_SY2025-26_AcademicPlan.pdf\" target=\"_blank\" rel=\"noreferrer noopener\">2025-26 Academic Plan (PDF)<\/a><\/li>\n\n\n\n<li><a href=\"\/Reports\/976_2024-25_FinancialPlan.pdf\" target=\"_blank\" rel=\"noreferrer noopener\">2024-25 Ho\u02bbol\u0101l\u0101 Waiwai (PDF)<\/a><\/li>\n<\/ul>\n\n\n\n<p>N\u0101 papahana k\u0101l\u0101 ma mua: <a href=\"\/Reports\/976_2022-23_FinancialPlan.pdf\" target=\"_blank\" rel=\"noreferrer noopener\">2022-23 (PDF)<\/a> | <a href=\"\/Reports\/976_2019-20_FinancialPlan.pdf\" target=\"_blank\" rel=\"noreferrer noopener\">2019-20 (PDF)<\/a> | <a href=\"\/Reports\/976_2020-21_FinancialPlan.pdf\" target=\"_blank\" rel=\"noreferrer noopener\">2020-21 (PDF)<\/a><\/p>\n\n\n\n<h3 class=\"wp-block-heading\">Hawai\u02bbi-Leeward-Wahiaw\u0101-Windward<\/h3>\n\n\n\n<ul class=\"wp-block-list\">\n<li><a href=\"\/Reports\/488_2024-25_AcademicPlan.pdf\" target=\"_blank\" rel=\"noreferrer noopener\">2024-25 Ho\u02bbol\u0101l\u0101 Ho\u02bbona\u02bbauao (PDF)<\/a><\/li>\n\n\n\n<li><a href=\"\/Reports\/977_2024-25_FinancialPlan.pdf\" target=\"_blank\" rel=\"noreferrer noopener\">2024-25 Ho\u02bbol\u0101l\u0101 Waiwai (PDF)<\/a><\/li>\n<\/ul>\n\n\n\n<p>N\u0101 papahana k\u0101l\u0101 ma mua: <a href=\"\/Reports\/977_2022-23_FinancialPlan.pdf\" target=\"_blank\" rel=\"noreferrer noopener\">2022-23 (PDF)<\/a> | <a href=\"\/Reports\/977_2019-20_FinancialPlan.pdf\" target=\"_blank\" rel=\"noreferrer noopener\">2019-20 (PDF)<\/a><\/p>\n\n\n\n<h2 class=\"wp-block-heading\">\u02bbAha K\u016bk\u0101k\u016bk\u0101 Ho\u02bbona\u02bbauao Kai\u0101ulu a me n\u0101 m\u0101kua (ACEAC)<\/h2>\n\n\n\n<p>Ua ho\u02bbokumu ka \u02bbAha\u02bb\u014dlelo o ka Moku\u02bb\u0101ina \u02bbo Hawai\u02bbi i ke K\u0101n\u0101wai Ho\u02bbona\u02bbauao makua o Hawai\u02bbi i ka makahiki 1945, e kauoha ana i ke kuleana i ka HIDOE no ka ho\u02bbolako \u02bbana i n\u0101 manawa ho\u02bbona\u02bbauao ho\u02bbonui no ka po\u02bbe o Hawai\u02bbi. I ka makahiki 1988, ua ho\u02bbonui ka \u02bbaha\u02bb\u014dlelo i ke \u02bbano o ka ho\u02bbona\u02bbauao \u02bbana i n\u0101 m\u0101kua e komo p\u016b i ka ho\u02bbona\u02bbauao kaiaulu.<\/p>\n\n\n\n<p>Mahele 1 Mokuna 302A o na Kanawai Hooponopono Hou ia o Hawaii nei:<\/p>\n\n\n\n<p><a href=\"http:\/\/www.capitol.hawaii.gov\/hrscurrent\/Vol05_Ch0261-0319\/HRS0302A\/HRS_0302A-0432.htm\" target=\"_blank\" rel=\"noreferrer noopener\">[\u00a7302A-432]<\/a> Ua \u02bbae \u02bbia ka ho\u02bbona\u02bbauao \u02bbana o n\u0101 m\u0101kua a me ke kai\u0101ulu. No ka ho\u02bbonui \u02bbana i ka manawa k\u016bpono no ka po\u02bbe o Hawai\u02bbi, e ho\u02bbokumu a ho\u02bboponopono ke ke\u02bbena i kahi papahana o ka ho\u02bbona\u02bbauao kanaka makua a me ke kai\u0101ulu ma lalo o ka papa kulanui. E ho\u02bbolako ka &#039;Oihana i n\u0101 hale kula aupuni a me n\u0101 mea \u02bb\u0113 a\u02bbe, a e ho\u02bbohana i n\u0101 lako kula aupuni ma lalo o n\u0101 k\u016blana i ho\u02bboholo \u02bbia e ke ke\u02bbena, i ka w\u0101 e pono ai n\u0101 lako, no n\u0101 papahana ho\u02bbona\u02bbauao kaiaulu.&nbsp;<\/p>\n\n\n\n<p>H\u0101\u02bbawi ke k\u0101n\u0101wai Moku\u02bb\u0101ina e a\u02bbo \u02bbia ka Papa Ho\u02bbona\u02bbauao ma k\u0101na mau papahana ho\u02bbona\u02bbauao kanaka makua a me ke kai\u0101ulu e kekahi \u02bbaha k\u016bk\u0101 manawale\u02bba i koho \u02bbia e ka papa. Mana\u02bbo \u02bbia n\u0101 l\u0101l\u0101 e \u02bbae ana i ke koho \u02bbana i k\u0113ia \u02bbAha e hele i ka hapa li\u02bbili\u02bbi o \u02bbeh\u0101 mau h\u0101l\u0101wai i k\u0113l\u0101 me k\u0113ia makahiki a hana p\u016b me n\u0101 Kula Kaiapuni \u02bbelua a i \u02bbole ma ke k\u014dmike e like me ka ho\u02bbonohonoho \u02bbana e ka luna o ka \u02bbaha k\u016bk\u0101. E m\u0101lama \u02bbia k\u0113ia mau h\u0101l\u0101wai \u02bbeh\u0101 i n\u0101 hola hana ma\u02bbamau, a ua mana\u02bbo \u02bbia n\u0101 l\u0101l\u0101 e ho\u02bbopa\u02bba i n\u0101 \u02bbae like \u02bbole e pono ai mai k\u0101 l\u0101kou po\u02bbe pa\u02bbahana e hiki ke hele i k\u0113ia mau h\u0101l\u0101wai o ka l\u0101.<\/p>\n\n\n\n<p>Ua ho&#039;okumu &#039;ia ka &#039;Aha K\u016bk\u0101k\u016bk\u0101 Ho&#039;ona&#039;auao o n\u0101 m\u0101kua a me n\u0101 kai\u0101ulu e ka Pauku 302A o n\u0101 K\u0101n\u0101wai Ho&#039;oponopono Hou &#039;ia.<\/p>\n\n\n\n<p>[<a href=\"http:\/\/www.capitol.hawaii.gov\/hrscurrent\/Vol05_Ch0261-0319\/HRS0302A\/HRS_0302A-0434.htm\" target=\"_blank\" rel=\"noreferrer noopener\">\u00a7302A-434]<\/a> \u02bbAha\u02bb\u014dlelo a\u02bboa\u02bbo no ka ho\u02bbona\u02bbauao kanaka makua a me ke kai\u0101ulu. Na ka papa e koho i ka \u02bbaha k\u016bk\u0101 no ka ho\u02bbona\u02bbauao kanaka makua a me ke kai\u0101ulu i haku \u02bbia he 15 a \u02bboi aku paha mau \u02bbelele o ka \u02bboihana, hana, hui k\u012bwila, a me ka ho\u02bbona\u02bbauao. He \u02bbelua makahiki ka koho \u02bbana me ke koho hou \u02bbana ak\u0101 \u02bba\u02bbole i \u02bboi aku ma mua o \u02bbeono makahiki ma ka \u02bbaha k\u016bk\u0101.&nbsp;<\/p>\n\n\n\n<h2 class=\"wp-block-heading\">N\u0101 K\u016blana ma\u02bbi\u02bbo no ka ho\u02bbona\u02bbauao makua<\/h2>\n\n\n\n<p>Ho\u02bbohana ka &#039;Oihana i ka <a href=\"https:\/\/lincs.ed.gov\/professional-development\/resource-collections\/profile-521\" target=\"_blank\" rel=\"noreferrer noopener\">N\u0101 K\u016blana m\u0101kaukau no ke kulanui a me ka hana no ka ho\u02bbona\u02bbauao makua<\/a>, he p\u016b\u02bbulu hiki ke m\u0101lama \u02bbia o n\u0101 Common Core State Standards (CCSS) pono loa no ke kulanui a me ka m\u0101kaukau \u02bboihana a pono i n\u0101 haum\u0101na makua. E like me ka pauku 102 o WIOA, ua ho\u02bbolikelike ke ke\u02bbena k\u016bpono i n\u0101 k\u016blana ma\u02bbi\u02bbo no ka ho\u02bbona\u02bbauao kanaka makua me n\u0101 k\u016blana ho\u02bbona\u02bbauao pa\u02bbakik\u012b a ka moku\u02bb\u0101ina, e like me ka \u02bbae \u02bbia ma lalo o ka pauku 1111(b)(1) o ke K\u0101n\u0101wai Ho\u02bbona\u02bbauao Elementary a Secondary Education o 1965 (<a href=\"https:\/\/www.govinfo.gov\/content\/pkg\/USCODE-2020-title20\/html\/USCODE-2020-title20-chap70.htm\" target=\"_blank\" rel=\"noreferrer noopener\">20 USC 6311(b)(1)<\/a>).<\/p>\n\n\n\n<p>I ka makahiki 2010, ua apono ka Papa Hoonaauao o Hawaii i ka CCSS for English Language Arts and Mathematics no ke kula aupuni o Hawaii. \u02bbO ka <a href=\"https:\/\/hawaiipublicschools.org\/haw\/DOE%20Forms\/AEFLA\/elp-standards-adult-ed.pdf\/\" data-type=\"link\" data-id=\"https:\/\/hawaiipublicschools.org\/DOE%20Forms\/AEFLA\/elp-standards-adult-ed.pdf\">N\u0101 K\u016blana M\u0101kaukau \u02bb\u014clelo Pelekania (ELP) no ka ho\u02bbona\u02bbauao \u02bbana i n\u0101 m\u0101kua (AE)<\/a> ua mana\u02bbo \u02bbia e ho\u02bboponopono i ka pono wikiwiki no ke kaulike ho\u02bbona\u02bbauao, ke komo \u02bbana a me ka pa\u02bbakik\u012b o n\u0101 haum\u0101na \u02bb\u014dlelo Pelekania makua. Pono n\u0101 k\u016blana e h\u014d\u02bboia i ka loa\u02bba \u02bbana o ke a\u02bbo \u02bbana a me ka maika\u02bbi i n\u0101 haum\u0101na \u02bb\u014dlelo Pelekania makua e pono ai l\u0101kou e komo i n\u0101 k\u016blana ha\u02bbawina ho\u02bbona\u02bbauao o n\u0101 moku\u02bb\u0101ina.<\/p>\n\n\n\n<p><\/p>\n\n\n\n<p><\/p>\n\n\n\n<p><\/p>\n\n\n\n<p><\/p>\n\n\n\n<p><\/p>\n\n\n\n<p><\/p>\n\n\n\n<p><\/p>","protected":false},"excerpt":{"rendered":"<p>Adult Education The Adult Education Program provides a wide range of courses designed for adult learners. These include basic education, English literacy and civics. Adults can also earn important diplomas, such as the Hawai\u2018i Adult Community School Diploma, either through General Educational Development (GED) and the High School Equivalency Test (HiSET) exams, and the Workforce [&hellip;]<\/p>","protected":false},"author":8,"featured_media":0,"parent":22,"menu_order":34,"comment_status":"closed","ping_status":"closed","template":"","meta":{"_relevanssi_hide_post":"","_relevanssi_hide_content":"","_relevanssi_pin_for_all":"","_relevanssi_pin_keywords":"","_relevanssi_unpin_keywords":"","_relevanssi_related_keywords":"","_relevanssi_related_include_ids":"","_relevanssi_related_exclude_ids":"","_relevanssi_related_no_append":"","_relevanssi_related_not_related":"","_relevanssi_related_posts":"16870,19175,8795,8706,14190,10212","_relevanssi_noindex_reason":"","_sitemap_exclude":false,"_sitemap_priority":"","_sitemap_frequency":"","_kad_blocks_custom_css":"","_kad_blocks_head_custom_js":"","_kad_blocks_body_custom_js":"","_kad_blocks_footer_custom_js":"","wp_popup_display_lightbox":0,"wp_popup_suppress":"","wp_popup_trigger":"","wp_popup_trigger_amount":0,"wp_popup_disable_on_mobile":false,"footnotes":""},"class_list":["post-34","page","type-page","status-publish","hentry"],"pp_statuses_selecting_workflow":false,"pp_workflow_action":"current","pp_status_selection":"publish","taxonomy_info":[],"featured_image_src_large":false,"author_info":{"display_name":"Ariana Enomoto","author_link":"https:\/\/hawaiipublicschools.org\/haw\/author\/arianastaceyleong-com\/"},"comment_info":0,"publishpress_future_action":{"enabled":false,"date":"2026-04-26 19:37:23","action":"change-status","newStatus":"draft","terms":[],"taxonomy":"","extraData":[]},"publishpress_future_workflow_manual_trigger":{"enabledWorkflows":[]},"_links":{"self":[{"href":"https:\/\/hawaiipublicschools.org\/haw\/wp-json\/wp\/v2\/pages\/34","targetHints":{"allow":["GET"]}}],"collection":[{"href":"https:\/\/hawaiipublicschools.org\/haw\/wp-json\/wp\/v2\/pages"}],"about":[{"href":"https:\/\/hawaiipublicschools.org\/haw\/wp-json\/wp\/v2\/types\/page"}],"author":[{"embeddable":true,"href":"https:\/\/hawaiipublicschools.org\/haw\/wp-json\/wp\/v2\/users\/8"}],"replies":[{"embeddable":true,"href":"https:\/\/hawaiipublicschools.org\/haw\/wp-json\/wp\/v2\/comments?post=34"}],"version-history":[{"count":1,"href":"https:\/\/hawaiipublicschools.org\/haw\/wp-json\/wp\/v2\/pages\/34\/revisions"}],"predecessor-version":[{"id":19306,"href":"https:\/\/hawaiipublicschools.org\/haw\/wp-json\/wp\/v2\/pages\/34\/revisions\/19306"}],"up":[{"embeddable":true,"href":"https:\/\/hawaiipublicschools.org\/haw\/wp-json\/wp\/v2\/pages\/22"}],"wp:attachment":[{"href":"https:\/\/hawaiipublicschools.org\/haw\/wp-json\/wp\/v2\/media?parent=34"}],"curies":[{"name":"wp","href":"https:\/\/api.w.org\/{rel}","templated":true}]}}