{"id":24,"date":"2024-09-04T22:08:19","date_gmt":"2024-09-04T22:08:19","guid":{"rendered":"https:\/\/hawaiipublicschools.org\/?page_id=24"},"modified":"2026-02-10T14:14:34","modified_gmt":"2026-02-11T00:14:34","slug":"elementary-pre-k-elementary","status":"publish","type":"page","link":"https:\/\/hawaiipublicschools.org\/haw\/academics\/elementary-pre-k-elementary\/","title":{"rendered":"Elementary (Pre-K &amp; Elementary)"},"content":{"rendered":"<p class=\"intro\" style=\"font-size:clamp(0.875rem, 0.875rem + ((1vw - 0.2rem) * 0.531), 1.3rem);\">\u02bbO ka ho\u02bbona\u02bbauao kamali\u02bbi ke kumu o ke a\u02bbo \u02bbana a me ka holomua o ke ola. \u02bbOiai \u02bba\u02bbohe papahana kula mua o ka moku\u02bb\u0101ina, \u02bbo ke Ke\u02bbena Ho\u02bbona\u02bbauao o ka Moku\u02bb\u0101ina \u02bbo Hawai\u02bbi, me ka hui p\u016b \u02bbana me ka Executive Office on Early Learning (EOEL) a me n\u0101 hoa kai\u0101ulu, h\u0101\u02bbawi i n\u0101 papahana piha Prekindergarten (Pre-K) e k\u0101ko\u02bbo i ka ulu \u02bbana o n\u0101 keiki mai n\u0101 pae prenatal a hiki i ka makahiki 5.<\/p>\n\n\n\n<h2 class=\"wp-block-heading\">PREKINDERGARTEN<\/h2>\n\n\n\n<p>Hana p\u016b ka &#039;Oihana me ke Ke\u02bbena Ho\u02bbok\u014d o ka moku&#039;\u0101ina ma ke a\u02bbo mua (EOEL) e ho\u02bbonohonoho i ka <a href=\"https:\/\/earlylearning.ehawaii.gov\/wf\/index.html\" target=\"_blank\" rel=\"noreferrer noopener\">EOEL Public Prekindergarten Program<\/a> (Pre-K) no n\u0101 keiki 3 a me 4 makahiki i loko o n\u0101 makahiki \u02bbelua ma mua o ke komo \u02bbana i ke kula kindergarten. Ho\u02bbopili p\u016b ka &#039;Oihana me n\u0101 hui a me n\u0101 ke\u02bbena e ho\u02bbonui i n\u0101 manawa a\u02bbo no n\u0101 keiki o Hawai\u02bbi ma mua o ka h\u0101nau \u02bbana a hiki i ka makahiki 5.\u00a0<\/p>\n\n\n\n<h3 class=\"wp-block-heading\">N\u0101 Ke\u02bbena Pre-K e hana p\u016b ana me HIDOE<\/h3>\n\n\n\n<h4 class=\"wp-block-heading\">Ho\u02bbomaka Po\u02bbo<\/h4>\n\n\n\n<p><a href=\"https:\/\/headstart.gov\/center-locator?latitude=19.899&amp;longitude=-155.666&amp;address=&amp;city=&amp;zip=&amp;county=&amp;state=HI\" target=\"_blank\" rel=\"noreferrer noopener\">Ho\u02bbomaka Po\u02bbo<\/a> a me n\u0101 papahana Early Head Start e k\u0101ko\u02bbo i ka ulu \u02bbana o ka no\u02bbono\u02bbo, ka pilikanaka a me ka na\u02bbau o n\u0101 keiki mai n\u0101 \u02bbohana ha\u02bbaha\u02bba mai ka h\u0101nau \u02bbana a hiki i ka makahiki 5. Ma waho a\u02bbe o n\u0101 lawelawe ho\u02bbona\u02bbauao, h\u0101\u02bbawi n\u0101 papahana i n\u0101 keiki a me ko l\u0101kou mau \u02bbohana i ke olakino, ka mea\u02bbai, ka pilikanaka a me n\u0101 lawelawe \u02bb\u0113 a\u02bbe. Hiki i n\u0101 lawelawe Head Start ke pane i k\u0113l\u0101 me k\u0113ia keiki a me ka \u02bbohana ho\u02bboilina l\u0101hui, mo\u02bbomeheu a me ka \u02bb\u014dlelo.<\/p>\n\n\n\n<p>E m\u0101lama \u02bbia n\u0101 ha\u02bbawina federal Head Start e n\u0101 ke\u02bbena waiwai \u02bbole. E kelepona i\u0101 l\u0101kou no ka \u02bbike hou aku:<\/p>\n\n\n\n<ul class=\"wp-block-list\">\n<li>O\u02bbahu: <a href=\"http:\/\/www.hcapweb.org\/headstart\/\" target=\"_blank\" rel=\"noreferrer noopener\">Polokalamu Hana Kai\u0101ulu o Honolulu (HCAP)<\/a> a <a href=\"https:\/\/www.pacthawaii.org\/head-start\">N\u0101 M\u0101kua a me n\u0101 Keiki Hui (PACT)<\/a><\/li>\n\n\n\n<li>Maui, Molokai a me L\u0101na\u02bbi: <a href=\"http:\/\/www.meoinc.org\/\" target=\"_blank\" rel=\"noreferrer noopener\">Maui Economic Opportunity Inc.<\/a> a <a href=\"https:\/\/mfss.org\/services\/\" target=\"_blank\" rel=\"noreferrer noopener\">N\u0101 lawelawe k\u0101ko\u02bbo \u02bbohana Maui<\/a><\/li>\n\n\n\n<li>Kaua\u02bbi: <a href=\"https:\/\/www.childandfamilyservice.org\/kauai\/\" target=\"_blank\" rel=\"noreferrer noopener\">Hana keiki &amp; \u02bbohana<\/a><\/li>\n\n\n\n<li>Hawai\u02bbi: <a href=\"https:\/\/www.pacthawaii.org\/head-start\" target=\"_blank\" rel=\"noreferrer noopener\">N\u0101 M\u0101kua a me n\u0101 Keiki Hui (PACT)<\/a> a <a href=\"https:\/\/familysupporthawaii.org\/\" target=\"_blank\" rel=\"noreferrer noopener\">N\u0101 lawelawe k\u0101ko\u02bbo \u02bbohana<\/a><\/li>\n<\/ul>\n\n\n\n<h4 class=\"wp-block-heading\">M\u0101\u02bbili Resource Center at the Community Learning Center at M\u0101\u02bbili<\/h4>\n\n\n\n<p>Hiki i n\u0101 \u02bbohana ma ke kapakai o Wai\u02bbanae ke ho\u02bbohui me ko ke kikowaena <a href=\"https:\/\/www.ksbe.edu\/resourcecenters\/locations\/oahu\" target=\"_blank\" rel=\"noreferrer noopener\">\u02bbO ke kula kamali\u02bbi<\/a> to access classrooms being operated by Kamehameha Schools and a variety of community organizations including \u02bbAha P\u016bnana Leo, HCAP \u2014 Head Start, INPEACE Keiki Steps program, Keiki o ka \u02bbAina and Wai\u02bbanae Coast Early Education Center.\u200b<\/p>\n\n\n\n<h3 class=\"wp-block-heading\">N\u0101 Punawai M\u0101kua<\/h3>\n\n\n\n<ul class=\"wp-block-list\">\n<li>\u02bb<a href=\"http:\/\/toosmall.org\/\" target=\"_blank\" rel=\"noreferrer noopener\">Li\u02bbili\u02bbi no ka h\u0101\u02bbule:<\/a> Mana\u02bbo e k\u014dkua i n\u0101 m\u0101kua a me n\u0101 \u02bboihana e hana i n\u0101 hana ko\u02bbiko\u02bbi e ho\u02bbomaika\u02bbi i ke olakino a me ka maika\u02bbi o n\u0101 keiki mai ka makahiki \u02bba\u02bbole a hiki i ka 5, i m\u0101kaukau ai n\u0101 keiki hou a\u02bbe o \u02bbAmelika e k\u016ble\u02bba.\u200b<\/li>\n\n\n\n<li><a href=\"http:\/\/learningtogrowhawaii.org\/family-friend-neighbor-care\/choosing-child-care\/\" target=\"_blank\" rel=\"noreferrer noopener\">A\u02bbo e ulu<\/a>: H\u0101\u02bbawi i n\u0101 kumuwaiwai i ho\u02bbol\u0101l\u0101 \u02bbia e k\u014dkua i n\u0101 \u02bbohana e ho\u02bboholo i ka \u02bbike e pili ana i ka m\u0101lama \u02bbana i k\u0101 l\u0101kou keiki li\u02bbili\u02bbi. Hahai aku <a href=\"https:\/\/www.facebook.com\/learningtogrowhawaii\" target=\"_blank\" rel=\"noreferrer noopener\">Facebook<\/a>.<\/li>\n\n\n\n<li><a href=\"https:\/\/www.patchhawaii.org\/\">PATCH<\/a>: Free resource hub for families, child care professionals and communities of Hawai\u02bbi supported by the State of Hawai\u02bbi Department of Human Services.<\/li>\n<\/ul>\n\n\n\n<hr class=\"wp-block-separator has-alpha-channel-opacity is-style-wide\" style=\"margin-top:var(--wp--preset--spacing--30);margin-bottom:var(--wp--preset--spacing--30)\"\/>\n\n\n\n<figure class=\"wp-block-image alignright size-large is-resized\" style=\"margin-top:4px;margin-bottom:4px\"><img loading=\"lazy\" decoding=\"async\" width=\"1024\" height=\"678\" src=\"https:\/\/hawaiipublicschools.org\/wp-content\/uploads\/Noelani_Elem-1024x678.jpg\" alt=\"Young school girl making illustration artwork on a table.\" class=\"wp-image-6750\" style=\"width:530px\" srcset=\"https:\/\/hawaiipublicschools.org\/wp-content\/uploads\/Noelani_Elem-1024x678.jpg 1024w, https:\/\/hawaiipublicschools.org\/wp-content\/uploads\/Noelani_Elem-300x199.jpg 300w, https:\/\/hawaiipublicschools.org\/wp-content\/uploads\/Noelani_Elem-768x509.jpg 768w, https:\/\/hawaiipublicschools.org\/wp-content\/uploads\/Noelani_Elem-18x12.jpg 18w, https:\/\/hawaiipublicschools.org\/wp-content\/uploads\/Noelani_Elem.jpg 1200w\" sizes=\"auto, (max-width: 1024px) 100vw, 1024px\" \/><\/figure>\n\n\n\n<h2 class=\"wp-block-heading\">kula ha\u02bbaha\u02bba <\/h2>\n\n\n\n<p>I ka ne\u02bbe \u02bbana o n\u0101 haum\u0101na ma ka Papa 1-6, n\u0101n\u0101 n\u0101 kumu i k\u0101 l\u0101kou ho\u02bbomohala \u02bbana i ke kula, ka pilikanaka a me ka mana\u02bbo, a ho\u02bbohana i n\u0101 k\u0101ko\u02bbo i mana\u02bbo \u02bbia. Ho\u02bbomaka n\u0101 loiloi ho\u02bbona\u02bbauao ma ka Papa 3.<\/p>\n\n\n\n<h3 class=\"wp-block-heading\">N\u0101 Hualoa\u02bba Haum\u0101na<\/h3>\n\n\n\n<p>Loiloi \u02bbia n\u0101 haum\u0101na ma n\u0101 papa K-6 e n\u0101 kumu ma waena o \u02bbeono <a href=\"\/haw\/academics\/general-learner-outcomes-glos\/\" data-type=\"page\" data-id=\"41\">N\u0101 hopena a\u02bbo nui a i \u02bbole n\u0101 GLO<\/a>. Ho\u02bbohana n\u0101 kumu kula ha\u02bbaha\u02bba i ka rubric GLO a me n\u0101 h\u014d\u02bbike e pili ana i ka lumi papa no ka ho\u02bboholo \u02bbana i ka helu o ka haum\u0101na no k\u0113l\u0101 me k\u0113ia GLO, a laila e kama\u02bbilio \u02bbia i n\u0101 m\u0101kua ma o ka palapala h\u014d\u02bbike kumu kula ha\u02bbaha\u02bba.<\/p>\n\n\n\n<h3 class=\"wp-block-heading\">N\u0101 K\u016blana A\u02bbo<\/h3>\n\n\n\n<p>Hiki i n\u0101 kumu ke ho\u02bbol\u0101l\u0101 i n\u0101 papahana ha\u02bbawina e ho\u02bbopili ana i n\u0101 loina no\u02bbeau, ka pilikanaka a me ka mo\u02bbomeheu, n\u0101 loina olakino a me n\u0101 mea hou aku. Aia ke kahua ma a <a href=\"https:\/\/learningdesign.hawaiipublicschools.org\/standards-based-content\" data-type=\"link\" data-id=\"https:\/\/learningdesign.hawaiipublicschools.org\/standards-based-content\">ho\u02bbona\u02bbauao ma muli o n\u0101 k\u016blana<\/a> that includes Common Core, Hawai\u02bbi Content and Performance Standards III, and other Hawai\u02bbi-based and national standards in all other subjects.<\/p>\n\n\n\n<ul class=\"wp-block-list\">\n<li>Paena Ho\u02bbol\u0101l\u0101 A\u02bbo: Na ke Ke\u02bbena o ka Curriculum and Instructional Design o HIDOE i ho\u02bbomaka i k\u0113ia kumuwaiwai me ka mana\u02bbo o n\u0101 kumu a\u02bbo HIDOE.<\/li>\n<\/ul>\n\n\n\n<h3 class=\"wp-block-heading\">Heluhelu<\/h3>\n\n\n\n<ul class=\"wp-block-list\">\n<li>\u02bbO ka makahiki <a href=\"https:\/\/hawaiipublicschools.org\/haw\/academics\/types-of-testing\/\" data-type=\"page\" data-id=\"931\">Helu Moku&#039;\u0101ina<\/a> of English language arts and math on the Smarter Balanced Assessment begins in Grade 3. An additional science assessment is given to fifth graders.<\/li>\n\n\n\n<li>\u02bbIke \u02bbia kahi la\u02bbana o n\u0101 papa \u02bbeh\u0101 ma ka National Assessment of Educational Progress (NAEP) ma ka heluhelu, k\u0101kau, makemakika a me ka \u02bbepekema i n\u0101 makahiki \u02bboko\u02bba.<\/li>\n<\/ul>","protected":false},"excerpt":{"rendered":"<p>Early childhood education is the foundation for lifelong learning and success. While there is no statewide preschool program, the Hawai\u02bbi State Department of Education, in collaboration with the Executive Office on Early Learning (EOEL) and community partners, offers comprehensive Prekindergarten (Pre-K) programs to support children\u2019s development from prenatal stages through age 5. These programs are [&hellip;]<\/p>","protected":false},"author":8,"featured_media":0,"parent":22,"menu_order":13,"comment_status":"closed","ping_status":"closed","template":"","meta":{"_relevanssi_hide_post":"","_relevanssi_hide_content":"","_relevanssi_pin_for_all":"","_relevanssi_pin_keywords":"","_relevanssi_unpin_keywords":"","_relevanssi_related_keywords":"","_relevanssi_related_include_ids":"","_relevanssi_related_exclude_ids":"","_relevanssi_related_no_append":"","_relevanssi_related_not_related":"","_relevanssi_related_posts":"9657,16234,856,9788,10495,9759","_relevanssi_noindex_reason":"","_sitemap_exclude":false,"_sitemap_priority":"","_sitemap_frequency":"","_kad_blocks_custom_css":"","_kad_blocks_head_custom_js":"","_kad_blocks_body_custom_js":"","_kad_blocks_footer_custom_js":"","wp_popup_display_lightbox":0,"wp_popup_suppress":"","wp_popup_trigger":"","wp_popup_trigger_amount":0,"wp_popup_disable_on_mobile":false,"footnotes":""},"class_list":["post-24","page","type-page","status-publish","hentry"],"pp_statuses_selecting_workflow":false,"pp_workflow_action":"current","pp_status_selection":"publish","taxonomy_info":[],"featured_image_src_large":false,"author_info":{"display_name":"Ariana Enomoto","author_link":"https:\/\/hawaiipublicschools.org\/haw\/author\/arianastaceyleong-com\/"},"comment_info":0,"publishpress_future_action":{"enabled":false,"date":"2026-04-29 15:04:01","action":"change-status","newStatus":"draft","terms":[],"taxonomy":"","extraData":[]},"publishpress_future_workflow_manual_trigger":{"enabledWorkflows":[]},"_links":{"self":[{"href":"https:\/\/hawaiipublicschools.org\/haw\/wp-json\/wp\/v2\/pages\/24","targetHints":{"allow":["GET"]}}],"collection":[{"href":"https:\/\/hawaiipublicschools.org\/haw\/wp-json\/wp\/v2\/pages"}],"about":[{"href":"https:\/\/hawaiipublicschools.org\/haw\/wp-json\/wp\/v2\/types\/page"}],"author":[{"embeddable":true,"href":"https:\/\/hawaiipublicschools.org\/haw\/wp-json\/wp\/v2\/users\/8"}],"replies":[{"embeddable":true,"href":"https:\/\/hawaiipublicschools.org\/haw\/wp-json\/wp\/v2\/comments?post=24"}],"version-history":[{"count":0,"href":"https:\/\/hawaiipublicschools.org\/haw\/wp-json\/wp\/v2\/pages\/24\/revisions"}],"up":[{"embeddable":true,"href":"https:\/\/hawaiipublicschools.org\/haw\/wp-json\/wp\/v2\/pages\/22"}],"wp:attachment":[{"href":"https:\/\/hawaiipublicschools.org\/haw\/wp-json\/wp\/v2\/media?parent=24"}],"curies":[{"name":"wp","href":"https:\/\/api.w.org\/{rel}","templated":true}]}}