{"id":153,"date":"2024-09-05T00:15:04","date_gmt":"2024-09-05T00:15:04","guid":{"rendered":"https:\/\/hawaiipublicschools.org\/?page_id=153"},"modified":"2025-10-23T13:01:11","modified_gmt":"2025-10-23T23:01:11","slug":"attendance-policy","status":"publish","type":"page","link":"https:\/\/hawaiipublicschools.org\/haw\/useful-links\/policies\/attendance-policy\/","title":{"rendered":"Kulekele Komo"},"content":{"rendered":"<p class=\"intro\" style=\"font-size:clamp(0.875rem, 0.875rem + ((1vw - 0.2rem) * 0.531), 1.3rem);\">He mea nui ka hele mau \u02bbana i ke kula no ka holomua o n\u0101 haum\u0101na, a he kuleana ia e ka\u02bbana like \u02bbia e n\u0101 \u02bbohana, n\u0101 kula a me ke kai\u0101ulu \u0101kea. Ma Hawai\u02bbi nei, m\u0101lama \u02bbia ka hele \u02bbana i ke kula e n\u0101 k\u0101n\u0101wai moku\u02bb\u0101ina a me n\u0101 kulekele o ka Papa Ho\u02bbona\u02bbauao, e ho\u02bboikaika ana i ka pono o ka m\u0101lama \u02bbana i n\u0101 haum\u0101na i ke a\u02bbo \u02bbana mai ka w\u0101 kamali\u02bbi. H\u014d\u02bboia k\u0113ia mau alaka\u02bbi i ka hele mau \u02bbana o n\u0101 keiki mai ka makahiki 5 a hiki i ka makahiki 17, e k\u014dkua ana i ke k\u016bkulu \u02bbana i kahua pa\u02bba no ko l\u0101kou w\u0101 e hiki mai ana.<\/p>\n\n\n\n<ul class=\"wp-block-list\">\n<li><a href=\"http:\/\/www.capitol.hawaii.gov\/hrscurrent\/Vol05_Ch0261-0319\/HRS0302A\/HRS_0302A-1132.HTM\" target=\"_blank\" rel=\"noreferrer noopener\">K\u0101n\u0101wai moku\u02bb\u0101ina \u2014 K\u0101n\u0101wai koi \u02bbia ke komo \u02bbana, N\u0101 K\u0101n\u0101wai Ho\u02bboponopono Hou \u02bbia \u02bbo Hawai\u02bbi 302A-1132<\/a><\/li>\n<\/ul>\n\n\n\n<p>\u201cIn\u0101 \u02bba\u02bbole i ho\u02bboka\u02bbawale \u02bbia mai ke kula a i \u02bbole ke komo \u02bbana, \u02bbo n\u0101 keiki a pau i hiki i n\u0101 makahiki \u02bbelima ma mua a i \u02bbole ma mua o Iulai 31 o ka makahiki kula, a \u02bba\u02bbole i hiki i ka makahiki \u02bbumikumam\u0101walu, ma Ianuali 1. o kekahi makahiki kula, e hele i ke kula aupuni a pilikino paha no, a iloko o ka makahiki kula, a o kekahi makua, kahu, a mea e ae paha nona ke kuleana no, a malama paha, i ke keiki nona ka hele ana i ke kula e pono. e ho\u02bbouna i ke keiki i ke kula aupuni a pilikino paha.&quot;<\/p>\n\n\n\n<ul class=\"wp-block-list\">\n<li><a href=\"https:\/\/boe.hawaii.gov\/wp-content\/uploads\/policy_106-03_20160621.pdf\" target=\"_blank\" rel=\"noreferrer noopener\">Kulekele Papa \u2014 Kulekele 106-3: Koi \u02bbia ke Kula\u00a0<\/a><\/li>\n<\/ul>\n\n\n\n<p>&quot;E ho\u02bboikaika ka &#039;Oihana e h\u014d\u02bboia a ho\u02bbok\u014d i ka hele \u02bbana o n\u0101 haum\u0101na i ke kula e like me ke k\u0101n\u0101wai koi \u02bbia.&quot;<\/p>\n\n\n\n<p>Ua wehewehe \u02bbia ka hele \u02bbole \u02bbana ma ke \u02bbano he 10% a \u02bboi aku paha o ka makahiki kula no kekahi kumu - kala \u02bbia a i \u02bbole kala \u02bbole a hiki ke loa\u02bba me ka nalo \u02bbana i \u02bbelua l\u0101 o ka mahina. \u02bbO ka ha\u02bbalele pinepine \u02bbana i ke kula hiki ke ke\u02bbake\u02bba nui i ka hiki o ka haum\u0101na ke a\u02bbo i n\u0101 mea pae papa. \u02bbO ka hele ma\u02bbamau e hiki ai i n\u0101 haum\u0101na ke ho\u02bbomau i ka hana papa a komo piha i n\u0101 hana lumi papa.<\/p>\n\n\n\n<p>Hiki ke ho\u02bbouna \u02bbia n\u0101 haum\u0101na i \u02bboi aku ma mua o 18 mau ha\u02bbalele kumu \u02bbole a pane \u02bbole i n\u0101 hana ma ke kula. Hiki i ka &#039;Aha &#039;Ohana ke waiho i ke keiki ma lalo o ka mana no ka ha&#039;alele &#039;ana in\u0101 &#039;a&#039;ole ke keiki e hele ana i ke kula a &#039;a&#039;ole e loa&#039;a ana i n\u0101 lawelawe ho&#039;ona&#039;auao i koi &#039;ia e ke k\u0101n\u0101wai.<\/p>\n\n\n\n<p><\/p>\n\n\n\n<p><\/p>\n\n\n\n<p><\/p>\n\n\n\n<p><\/p>","protected":false},"excerpt":{"rendered":"<p>Regular school attendance is essential for student success, and it\u2019s a responsibility shared by families, schools and the broader community. In Hawai\u02bbi, school attendance is governed by both state law and Board of Education policy, which emphasize the importance of keeping students engaged in learning from an early age. These guidelines ensure that children age [&hellip;]<\/p>","protected":false},"author":8,"featured_media":0,"parent":148,"menu_order":20,"comment_status":"closed","ping_status":"closed","template":"","meta":{"_relevanssi_hide_post":"","_relevanssi_hide_content":"","_relevanssi_pin_for_all":"","_relevanssi_pin_keywords":"","_relevanssi_unpin_keywords":"","_relevanssi_related_keywords":"","_relevanssi_related_include_ids":"","_relevanssi_related_exclude_ids":"","_relevanssi_related_no_append":"","_relevanssi_related_not_related":"","_relevanssi_related_posts":"15792,2432,9713,2429,2390,15630","_relevanssi_noindex_reason":"","_sitemap_exclude":false,"_sitemap_priority":"","_sitemap_frequency":"","_kad_blocks_custom_css":"","_kad_blocks_head_custom_js":"","_kad_blocks_body_custom_js":"","_kad_blocks_footer_custom_js":"","wp_popup_display_lightbox":0,"wp_popup_suppress":"","wp_popup_trigger":"","wp_popup_trigger_amount":0,"wp_popup_disable_on_mobile":false,"footnotes":""},"class_list":["post-153","page","type-page","status-publish","hentry"],"pp_statuses_selecting_workflow":false,"pp_workflow_action":"current","pp_status_selection":"publish","taxonomy_info":[],"featured_image_src_large":false,"author_info":{"display_name":"Ariana Enomoto","author_link":"https:\/\/hawaiipublicschools.org\/haw\/author\/arianastaceyleong-com\/"},"comment_info":0,"publishpress_future_action":{"enabled":false,"date":"2026-05-06 23:49:26","action":"change-status","newStatus":"draft","terms":[],"taxonomy":"","extraData":[]},"publishpress_future_workflow_manual_trigger":{"enabledWorkflows":[]},"_links":{"self":[{"href":"https:\/\/hawaiipublicschools.org\/haw\/wp-json\/wp\/v2\/pages\/153","targetHints":{"allow":["GET"]}}],"collection":[{"href":"https:\/\/hawaiipublicschools.org\/haw\/wp-json\/wp\/v2\/pages"}],"about":[{"href":"https:\/\/hawaiipublicschools.org\/haw\/wp-json\/wp\/v2\/types\/page"}],"author":[{"embeddable":true,"href":"https:\/\/hawaiipublicschools.org\/haw\/wp-json\/wp\/v2\/users\/8"}],"replies":[{"embeddable":true,"href":"https:\/\/hawaiipublicschools.org\/haw\/wp-json\/wp\/v2\/comments?post=153"}],"version-history":[{"count":0,"href":"https:\/\/hawaiipublicschools.org\/haw\/wp-json\/wp\/v2\/pages\/153\/revisions"}],"up":[{"embeddable":true,"href":"https:\/\/hawaiipublicschools.org\/haw\/wp-json\/wp\/v2\/pages\/148"}],"wp:attachment":[{"href":"https:\/\/hawaiipublicschools.org\/haw\/wp-json\/wp\/v2\/media?parent=153"}],"curies":[{"name":"wp","href":"https:\/\/api.w.org\/{rel}","templated":true}]}}