{"id":119,"date":"2024-09-04T23:58:15","date_gmt":"2024-09-04T23:58:15","guid":{"rendered":"https:\/\/hawaiipublicschools.org\/?page_id=119"},"modified":"2025-07-16T14:56:47","modified_gmt":"2025-07-17T00:56:47","slug":"comprehensive-literacy-state-development-grant-clsd","status":"publish","type":"page","link":"https:\/\/hawaiipublicschools.org\/haw\/about\/federal-grants\/comprehensive-literacy-state-development-grant-clsd\/","title":{"rendered":"H\u0101\u02bbawi K\u016b\u02bbai K\u016b\u02bbai K\u016b\u02bbai K\u016b\u02bbai K\u016b\u02bbai piha (CLSD)"},"content":{"rendered":"<div class=\"wp-block-columns double_col_sidebar is-layout-flex wp-container-core-columns-is-layout-28f84493 wp-block-columns-is-layout-flex\">\n<div class=\"wp-block-column left_col is-layout-flow wp-block-column-is-layout-flow\">\n<h2 class=\"wp-block-heading\">N\u0101n\u0101 nui<\/h2>\n\n\n\n<p>Ua h\u0101\u02bbawi aku ke Ke\u02bbena Ho\u02bbona\u02bbauao o \u02bbAmelika i ke Ke\u02bbena Ho\u02bbona\u02bbauao Moku\u02bb\u0101ina \u02bbo Hawai\u02bbi (HIDOE) a <a href=\"https:\/\/hawaiipublicschools.org\/haw\/hidoe-awarded-60-million-in-five-year-comprehensive-literacy-state-development-grant\/\">\u02bbelima makahiki $60 miliona ha\u02bbawina<\/a> i mana\u02bbo \u02bbia e ho\u02bboikaika i n\u0101 hana a\u02bboa\u02bbo a\u02bboa\u02bbo ma n\u0101 kula aupuni. Ma muli o k\u0113ia ma kahi kokoke i $50 miliona \u02bbelima makahiki Comprehensive Literacy State Development (CLSD) Grant i loa\u02bba i ka makahiki 2019. \u02bbO ka m\u0101kaukau \u02bb\u014dlelo \u02bb\u014dlelo he h\u014d\u02bbailona hana nui ma lalo o ka Papa Ho\u02bbona\u02bbauao 2023-29. <a href=\"https:\/\/hawaiipublicschools.org\/haw\/about\/federal-grants\/comprehensive-literacy-state-development-grant-clsd\/\">Ho\u02bbol\u0101l\u0101 ho\u02bbol\u0101l\u0101<\/a>.<\/p>\n\n\n\n<p>The purpose of the CLSD grant is to support states in creating comprehensive literacy programs to advance literacy skills, including pre-literacy skills, reading and writing, for children from birth through Grade 12.<\/p>\n\n\n\n<h3 class=\"wp-block-heading\">N\u0101 Pahuhopu H\u0101\u02bbawi CLSD&nbsp;<\/h3>\n\n\n\n<ul class=\"wp-block-list\">\n<li>Enhance birth to grade 12 literacy outcomes for all students;<\/li>\n\n\n\n<li>E ho\u02bbok\u014d i n\u0101 hana a\u02bboa\u02bbo e pili ana i n\u0101 h\u014d\u02bbike me ka \u02bboia\u02bbi\u02bbo;<\/li>\n\n\n\n<li>E h\u014d\u02bboia i ka ho\u02bbomohala \u02bbana o n\u0101 subgrantees i n\u0101 ho\u02bbol\u0101l\u0101 palapala e pili ana i n\u0101 h\u014d\u02bbike;<\/li>\n\n\n\n<li>Ho\u02bbonui i ka ho\u02bboholo \u02bbana i ka \u02bbikepili; a<\/li>\n\n\n\n<li>Ho\u02bbopili i n\u0101 \u02bbohana i ke k\u0101ko\u02bbo \u02bbana i ka ho\u02bbomohala \u02bbana i ka heluhelu heluhelu a k\u0101 l\u0101kou keiki<\/li>\n<\/ul>\n\n\n\n<p>E ho\u02bbohana \u02bbia n\u0101 k\u0101l\u0101:<\/p>\n\n\n\n<ul class=\"wp-block-list\">\n<li>E ho\u02bboponopono i n\u0101 pono heluhelu heluhelu o n\u0101 haum\u0101na a me n\u0101 \u02bbohana;<\/li>\n\n\n\n<li>E ho\u02bbok\u014d i n\u0101 hana i h\u014d\u02bbike \u02bbia ma ka noi piha;<\/li>\n\n\n\n<li>No n\u0101 limahana hou e pono ai e ho\u02bbok\u014d i n\u0101 hana i \u02bbae \u02bbia;<\/li>\n\n\n\n<li>No n\u0101 koina no n\u0101 lawelawe, n\u0101 lako, n\u0101 lako, a me n\u0101 mea pono e ho\u02bbok\u014d i n\u0101 hana i \u02bbae \u02bbia.<\/li>\n<\/ul>\n<\/div>\n\n\n\n<div class=\"wp-block-column right_col is-layout-flow wp-block-column-is-layout-flow\">\n<h3 class=\"wp-block-heading\">E pili ana<\/h3>\n\n\n<ul class=\"wp-block-page-list\"><li class=\"wp-block-pages-list__item has-child\"><a class=\"wp-block-pages-list__item__link\" href=\"https:\/\/hawaiipublicschools.org\/haw\/about\/organization\/\">Huihui<\/a><ul class=\"wp-block-navigation__submenu-container\"><li class=\"wp-block-pages-list__item\"><a class=\"wp-block-pages-list__item__link\" href=\"https:\/\/hawaiipublicschools.org\/haw\/about\/organization\/strive-hi-dashboard\/\">E hooikaika HI Dashboard<\/a><\/li><\/ul><\/li><li class=\"wp-block-pages-list__item\"><a class=\"wp-block-pages-list__item__link\" href=\"https:\/\/hawaiipublicschools.org\/haw\/about\/offices\/\">N\u0101 Ke\u02bbena<\/a><\/li><li class=\"wp-block-pages-list__item\"><a class=\"wp-block-pages-list__item__link\" href=\"https:\/\/hawaiipublicschools.org\/haw\/about\/na-hopena-a%ca%bbo-ha\/\">N\u0101 Hopena A\u02bbo (H\u0100)<\/a><\/li><li class=\"wp-block-pages-list__item\"><a class=\"wp-block-pages-list__item__link\" href=\"https:\/\/hawaiipublicschools.org\/haw\/about\/strategic-plan\/\">Ho\u02bbol\u0101l\u0101 ho\u02bbol\u0101l\u0101<\/a><\/li><li class=\"wp-block-pages-list__item\"><a class=\"wp-block-pages-list__item__link\" href=\"https:\/\/hawaiipublicschools.org\/haw\/about\/partnerships\/\">Huihui<\/a><\/li><li class=\"wp-block-pages-list__item has-child\"><a class=\"wp-block-pages-list__item__link\" href=\"https:\/\/hawaiipublicschools.org\/haw\/about\/budget\/\">Puke k\u0101l\u0101<\/a><ul class=\"wp-block-navigation__submenu-container\"><li class=\"wp-block-pages-list__item\"><a class=\"wp-block-pages-list__item__link\" href=\"https:\/\/hawaiipublicschools.org\/haw\/about\/budget\/appropriation-summary-reports\/\">Appropriation Summary Reports<\/a><\/li><li class=\"wp-block-pages-list__item\"><a class=\"wp-block-pages-list__item__link\" href=\"https:\/\/hawaiipublicschools.org\/haw\/about\/budget\/budget-cycle-and-process\/\">Budget Cycle and Process<\/a><\/li><li class=\"wp-block-pages-list__item\"><a class=\"wp-block-pages-list__item__link\" href=\"https:\/\/hawaiipublicschools.org\/haw\/about\/budget\/capital-improvements-program\/\">Capital Improvements Program<\/a><\/li><li class=\"wp-block-pages-list__item\"><a class=\"wp-block-pages-list__item__link\" href=\"https:\/\/hawaiipublicschools.org\/haw\/about\/budget\/federal-covid-relief-funding-for-education\/\">\u02bbO ke k\u0101l\u0101 k\u014dkua federal COVID no ka ho\u02bbona\u02bbauao<\/a><\/li><li class=\"wp-block-pages-list__item has-child\"><a class=\"wp-block-pages-list__item__link\" href=\"https:\/\/hawaiipublicschools.org\/haw\/about\/budget\/weighted-student-formula\/\">Kumu Kaumaha Haumana<\/a><ul class=\"wp-block-navigation__submenu-container\"><li class=\"wp-block-pages-list__item\"><a class=\"wp-block-pages-list__item__link\" href=\"https:\/\/hawaiipublicschools.org\/haw\/about\/budget\/weighted-student-formula\/weighted-student-formula-archived-reports\/\">Weighted Student Formula archived reports<\/a><\/li><\/ul><\/li><\/ul><\/li><li class=\"wp-block-pages-list__item has-child\"><a class=\"wp-block-pages-list__item__link\" href=\"https:\/\/hawaiipublicschools.org\/haw\/about\/federal-grants\/\">H\u0101\u02bbawi Federal<\/a><ul class=\"wp-block-navigation__submenu-container\"><li class=\"wp-block-pages-list__item\"><a class=\"wp-block-pages-list__item__link\" href=\"https:\/\/hawaiipublicschools.org\/haw\/about\/federal-grants\/comprehensive-literacy-state-development-grant-clsd\/\">H\u0101\u02bbawi K\u016b\u02bbai K\u016b\u02bbai K\u016b\u02bbai K\u016b\u02bbai K\u016b\u02bbai piha (CLSD)<\/a><\/li><li class=\"wp-block-pages-list__item\"><a class=\"wp-block-pages-list__item__link\" href=\"https:\/\/hawaiipublicschools.org\/haw\/about\/federal-grants\/adult-education-family-literacy-act-aefla\/\">\u02bbO ke k\u0101n\u0101wai no ka ho\u02bbona\u02bbauao \u02bbohana makua (AEFLA)<\/a><\/li><\/ul><\/li><\/ul>\n\n\n<p><\/p>\n<\/div>\n<\/div>\n\n\n\n<p><\/p>\n\n\n\n<p><\/p>","protected":false},"excerpt":{"rendered":"<p>Overview The U.S. Department of Education has awarded the Hawai\u02bbi State Department of Education (HIDOE) a five-year $60 million grant aimed at advancing effective, evidence-based literacy practices in public schools. This follows a nearly $50 million five-year Comprehensive Literacy State Development (CLSD) Grant received in 2019. Language arts proficiency is a key performance indicator under [&hellip;]<\/p>","protected":false},"author":8,"featured_media":0,"parent":113,"menu_order":12,"comment_status":"closed","ping_status":"closed","template":"wp-custom-template-page-for-custom-sidebar","meta":{"_relevanssi_hide_post":"","_relevanssi_hide_content":"","_relevanssi_pin_for_all":"","_relevanssi_pin_keywords":"","_relevanssi_unpin_keywords":"","_relevanssi_related_keywords":"","_relevanssi_related_include_ids":"","_relevanssi_related_exclude_ids":"","_relevanssi_related_no_append":"","_relevanssi_related_not_related":"","_relevanssi_related_posts":"","_relevanssi_noindex_reason":"","_sitemap_exclude":false,"_sitemap_priority":"","_sitemap_frequency":"","_kad_blocks_custom_css":"","_kad_blocks_head_custom_js":"","_kad_blocks_body_custom_js":"","_kad_blocks_footer_custom_js":"","wp_popup_display_lightbox":0,"wp_popup_suppress":"","wp_popup_trigger":"","wp_popup_trigger_amount":0,"wp_popup_disable_on_mobile":false,"footnotes":""},"class_list":["post-119","page","type-page","status-publish","hentry"],"pp_statuses_selecting_workflow":false,"pp_workflow_action":"current","pp_status_selection":"publish","taxonomy_info":[],"featured_image_src_large":false,"author_info":{"display_name":"Ariana Enomoto","author_link":"https:\/\/hawaiipublicschools.org\/haw\/author\/arianastaceyleong-com\/"},"comment_info":0,"publishpress_future_action":{"enabled":false,"date":"2026-04-19 04:40:38","action":"change-status","newStatus":"draft","terms":[],"taxonomy":"","extraData":[]},"publishpress_future_workflow_manual_trigger":{"enabledWorkflows":[]},"_links":{"self":[{"href":"https:\/\/hawaiipublicschools.org\/haw\/wp-json\/wp\/v2\/pages\/119","targetHints":{"allow":["GET"]}}],"collection":[{"href":"https:\/\/hawaiipublicschools.org\/haw\/wp-json\/wp\/v2\/pages"}],"about":[{"href":"https:\/\/hawaiipublicschools.org\/haw\/wp-json\/wp\/v2\/types\/page"}],"author":[{"embeddable":true,"href":"https:\/\/hawaiipublicschools.org\/haw\/wp-json\/wp\/v2\/users\/8"}],"replies":[{"embeddable":true,"href":"https:\/\/hawaiipublicschools.org\/haw\/wp-json\/wp\/v2\/comments?post=119"}],"version-history":[{"count":0,"href":"https:\/\/hawaiipublicschools.org\/haw\/wp-json\/wp\/v2\/pages\/119\/revisions"}],"up":[{"embeddable":true,"href":"https:\/\/hawaiipublicschools.org\/haw\/wp-json\/wp\/v2\/pages\/113"}],"wp:attachment":[{"href":"https:\/\/hawaiipublicschools.org\/haw\/wp-json\/wp\/v2\/media?parent=119"}],"curies":[{"name":"wp","href":"https:\/\/api.w.org\/{rel}","templated":true}]}}