{"id":104,"date":"2024-09-04T23:49:35","date_gmt":"2024-09-04T23:49:35","guid":{"rendered":"https:\/\/hawaiipublicschools.org\/?page_id=104"},"modified":"2025-07-07T12:36:30","modified_gmt":"2025-07-07T22:36:30","slug":"mental-health-resources","status":"publish","type":"page","link":"https:\/\/hawaiipublicschools.org\/haw\/resources\/mental-health-resources\/","title":{"rendered":"N\u0101 Punawai Ola No\u02bbono\u02bbo"},"content":{"rendered":"<p class=\"intro\" style=\"font-size:clamp(0.875rem, 0.875rem + ((1vw - 0.2rem) * 0.531), 1.3rem);\">Ke ho\u02bbohana nei n\u0101 kula aupuni o Hawai\u02bbi <a href=\"https:\/\/hawaiipublicschools.org\/haw\/academics\/social-emotional-learning\/\" target=\"_blank\" rel=\"noreferrer noopener\">ke a\u02bbo \u02bbana i ka pilikanaka a me ka na\u02bbau (SEL)<\/a> e ho\u02bbolako i n\u0101 m\u0101kau e pono ai n\u0101 haum\u0101na e \u02bbike i\u0101 l\u0101kou iho, e no\u02bbono\u02bbo i ka pilikanaka, e komo i ka no\u02bbono\u02bbo ko\u02bbiko\u02bbi, e hana i n\u0101 ho\u02bboholo kuleana, a e ho\u02bboulu i ka pilina a me ke \u02bbano.<\/p>\n\n\n\n<h2 class=\"wp-block-heading\">Ho\u02bbona\u02bbauao Kaiapili a me ka Mana\u02bbo (SEL)<\/h2>\n\n\n\n<h3 class=\"wp-block-heading\">He aha ka SEL?<\/h3>\n\n\n\n<p><a href=\"https:\/\/casel.org\/fundamentals-of-sel\/\" data-type=\"link\" data-id=\"https:\/\/casel.org\/fundamentals-of-sel\/\">SEL<\/a> is the process through which all young people and adults acquire and apply the knowledge, skills and attitudes to:\u00a0\u00a0<\/p>\n\n\n\n<ul class=\"wp-block-list\">\n<li>E ho\u02bbomohala i n\u0101 \u02bbike olakino.<\/li>\n\n\n\n<li>M\u0101lama i n\u0101 mana\u02bbo a ho\u02bbok\u014d i n\u0101 pahuhopu pilikino a hui p\u016b.<\/li>\n\n\n\n<li>Mana\u02bbo a h\u014d\u02bbike i ke aloha no n\u0101 po\u02bbe \u02bb\u0113 a\u02bbe.<\/li>\n\n\n\n<li>E ho\u02bbokumu a m\u0101lama i n\u0101 pilina k\u0101ko\u02bbo.<\/li>\n\n\n\n<li>E ho\u02bboholo i ke kuleana a me ka m\u0101lama.&nbsp;<\/li>\n<\/ul>\n\n\n\n<p>Paipai m\u0101kou i\u0101 \u02bboe e n\u0101n\u0101 i k\u0113ia wiki\u014d ho\u02bbolauna ma SEL ma n\u0101 kula no ka \u02bbike pehea e ho\u02bbokomo \u02bbia ai \u02bbo SEL i loko o n\u0101 hana makua ma ka home e k\u0101ko\u02bbo i ka \u02bbike pilikanaka a me ka na\u02bbau i n\u0101 manawa a pau.<\/p>\n\n\n\n<figure class=\"wp-block-embed is-type-video is-provider-youtube wp-block-embed-youtube wp-embed-aspect-16-9 wp-has-aspect-ratio\"><div class=\"wp-block-embed__wrapper\">\n<iframe loading=\"lazy\" title=\"SEL no na makua\" width=\"500\" height=\"281\" src=\"https:\/\/www.youtube.com\/embed\/y2d0da6BZWA?feature=oembed\" frameborder=\"0\" allow=\"accelerometer; autoplay; clipboard-write; encrypted-media; gyroscope; picture-in-picture; web-share\" referrerpolicy=\"strict-origin-when-cross-origin\" allowfullscreen><\/iframe>\n<\/div><\/figure>\n\n\n\n<h2 class=\"wp-block-heading\">N\u0101 kumuwaiwai<\/h2>\n\n\n\n<h3 class=\"wp-block-heading\">Eia e kokua<\/h3>\n\n\n\n<p>&#8220;<a href=\"https:\/\/heretohelphidoe.com\">Eia e kokua<\/a>&#8221; equips students with essential mental health literacy and provides accessible tools and support from trained staff.<\/p>\n\n\n\n<h3 class=\"wp-block-heading\">ParentGuidance.org<\/h3>\n\n\n\n<p>Ke h\u0101\u02bbawi nei ke Ke\u02bbena \u02bbOihana K\u0101ko\u02bbo Haumana i n\u0101 kumuwaiwai waiwai like \u02bbole ma o <a href=\"http:\/\/ParentGuidance.org\" target=\"_blank\" rel=\"noreferrer noopener\">ParentGuidance.org<\/a>. He manuahi k\u0113ia mau kumuwaiwai a mana\u02bbo \u02bbia e k\u0101ko\u02bbo i n\u0101 haum\u0101na, n\u0101 \u02bbohana a me n\u0101 limahana. <a href=\"https:\/\/parentguidance.org\/\" target=\"_blank\" rel=\"noreferrer noopener\">ParentGuidance.org<\/a> hana p\u016b me n\u0101 kula a me ko l\u0101kou mau kai\u0101ulu a puni ka \u02bb\u0101ina, me ka ho\u02bboikaika \u02bbana i n\u0101 \u02bbohana e k\u014dkua i n\u0101 keiki e ulu a\u02bbe ma o k\u0101na mau kumuwaiwai olakino. Hiki i n\u0101 m\u0101kua a me n\u0101 limahana o ke kula ke komo i n\u0101 kumuwaiwai e like me:<\/p>\n\n\n\n<ul class=\"wp-block-list\">\n<li>Ho\u02bboma\u02bbama\u02bba makua ho\u02bbokahi-a-ho\u02bbokahi no n\u0101 m\u0101kua, n\u0101 \u02bbohana a me n\u0101 limahana kula.<\/li>\n\n\n\n<li>Loa\u02bba i ka \u02bboi aku ma mua o 30 mau seminar olakino olakino.<\/li>\n\n\n\n<li>N\u0101 ha\u02bbawina p\u016bnaewele i alaka\u02bbi \u02bbia e n\u0101 mea lapa\u02bbau laikini.<\/li>\n\n\n\n<li>&quot;E n\u012bnau i kahi mea lapa\u02bbau,&quot; he n\u012bnau a pane pane pinepine.<\/li>\n<\/ul>\n\n\n\n<p>Join live caregiver webinars developed by licensed therapists. Registration and participation is anonymous.<\/p>\n\n\n\n<ul class=\"wp-block-list\">\n<li><a href=\"\/wp-content\/uploads\/Hawaii-May-2025-MHS-Calendar.pdf\" target=\"_blank\" rel=\"noreferrer noopener\">Calendar for May<\/a> (PDF)<\/li>\n<\/ul>\n\n\n\n<h3 class=\"wp-block-heading\">Heluhelu hou<\/h3>\n\n\n\n<ul class=\"wp-block-list\">\n<li><a href=\"https:\/\/docs.google.com\/document\/d\/1pIpzZTdHLd5hvdOUAh3cVhJwQHKQrcWHnHxzeltDNoA\/edit?usp=sharing\" target=\"_blank\" rel=\"noreferrer noopener\">N\u0101 kumuwaiwai SEL e k\u014dkua i n\u0101 kumu a\u02bbo, n\u0101 m\u0101kua a me n\u0101 \u02bbohana e ho\u02bboikaika i ko l\u0101kou mau m\u0101kau SEL a me ka no\u02bbono\u02bbo (Google Doc)<\/a> <\/li>\n\n\n\n<li><a href=\"https:\/\/hawaiipublicschools.org\/haw\/DOE%20Forms\/OSSS\/ParentGuidance-ParentCoachingSteps.pdf\/\" target=\"_blank\" rel=\"noreferrer noopener\">ParentGuidance.org \u2013 Ka Papa A\u02bbo \u02bbana o n\u0101 m\u0101kua (PDF)<\/a><\/li>\n\n\n\n<li><a href=\"https:\/\/hawaiipublicschools.org\/haw\/DOE%20Forms\/OSSS\/ParentGuidance-StaffCoachingSteps.pdf\/\" target=\"_blank\" rel=\"noreferrer noopener\">ParentGuidance.org \u2013 Ke a\u02bbo \u02bbana i ke olakino no\u02bbono\u02bbo no n\u0101 limahana a me n\u0101 \u02bbohana Flyer (PDF)<\/a><\/li>\n<\/ul>\n\n\n\n<p><\/p>\n\n\n\n<p><\/p>\n\n\n\n<p><\/p>","protected":false},"excerpt":{"rendered":"<p>Hawai\u02bbi public schools are using social and emotional learning (SEL) to provide the skills students need to be self-aware, be socially conscious, engage in critical thinking, make responsible decisions, and foster a sense of connectedness and belonging. Social and Emotional Learning (SEL) What is SEL? SEL is the process through which all young people and [&hellip;]<\/p>","protected":false},"author":8,"featured_media":0,"parent":87,"menu_order":20,"comment_status":"closed","ping_status":"closed","template":"","meta":{"_relevanssi_hide_post":"","_relevanssi_hide_content":"","_relevanssi_pin_for_all":"","_relevanssi_pin_keywords":"","_relevanssi_unpin_keywords":"","_relevanssi_related_keywords":"","_relevanssi_related_include_ids":"","_relevanssi_related_exclude_ids":"","_relevanssi_related_no_append":"","_relevanssi_related_not_related":"","_relevanssi_related_posts":"","_relevanssi_noindex_reason":"","_sitemap_exclude":false,"_sitemap_priority":"","_sitemap_frequency":"","_kad_blocks_custom_css":"","_kad_blocks_head_custom_js":"","_kad_blocks_body_custom_js":"","_kad_blocks_footer_custom_js":"","wp_popup_display_lightbox":0,"wp_popup_suppress":"","wp_popup_trigger":"","wp_popup_trigger_amount":0,"wp_popup_disable_on_mobile":false,"footnotes":""},"class_list":["post-104","page","type-page","status-publish","hentry"],"pp_statuses_selecting_workflow":false,"pp_workflow_action":"current","pp_status_selection":"publish","taxonomy_info":[],"featured_image_src_large":false,"author_info":{"display_name":"Ariana Enomoto","author_link":"https:\/\/hawaiipublicschools.org\/haw\/author\/arianastaceyleong-com\/"},"comment_info":0,"publishpress_future_action":{"enabled":false,"date":"2026-04-12 22:21:01","action":"change-status","newStatus":"draft","terms":[],"taxonomy":"","extraData":[]},"publishpress_future_workflow_manual_trigger":{"enabledWorkflows":[]},"_links":{"self":[{"href":"https:\/\/hawaiipublicschools.org\/haw\/wp-json\/wp\/v2\/pages\/104","targetHints":{"allow":["GET"]}}],"collection":[{"href":"https:\/\/hawaiipublicschools.org\/haw\/wp-json\/wp\/v2\/pages"}],"about":[{"href":"https:\/\/hawaiipublicschools.org\/haw\/wp-json\/wp\/v2\/types\/page"}],"author":[{"embeddable":true,"href":"https:\/\/hawaiipublicschools.org\/haw\/wp-json\/wp\/v2\/users\/8"}],"replies":[{"embeddable":true,"href":"https:\/\/hawaiipublicschools.org\/haw\/wp-json\/wp\/v2\/comments?post=104"}],"version-history":[{"count":0,"href":"https:\/\/hawaiipublicschools.org\/haw\/wp-json\/wp\/v2\/pages\/104\/revisions"}],"up":[{"embeddable":true,"href":"https:\/\/hawaiipublicschools.org\/haw\/wp-json\/wp\/v2\/pages\/87"}],"wp:attachment":[{"href":"https:\/\/hawaiipublicschools.org\/haw\/wp-json\/wp\/v2\/media?parent=104"}],"curies":[{"name":"wp","href":"https:\/\/api.w.org\/{rel}","templated":true}]}}