{"id":103,"date":"2024-09-04T23:48:34","date_gmt":"2024-09-04T23:48:34","guid":{"rendered":"https:\/\/hawaiipublicschools.org\/?page_id=103"},"modified":"2025-02-26T15:56:31","modified_gmt":"2025-02-27T01:56:31","slug":"parent-community-networking-centers","status":"publish","type":"page","link":"https:\/\/hawaiipublicschools.org\/haw\/resources\/parent-community-networking-centers\/","title":{"rendered":"N\u0101 P\u016bnaehana P\u016bnaewele Makua-Kaiaulu"},"content":{"rendered":"<p class=\"intro\" style=\"font-size:clamp(0.875rem, 0.875rem + ((1vw - 0.2rem) * 0.531), 1.3rem);\">Na M\u0101kua-Kai\u0101ulu P\u016bnaewele (PCNCs) e hana i n\u0101 hui k\u0101ko\u02bbo ma waena o ka home, kula a me ke kai\u0101ulu no ke kumu o ke k\u0101ko\u02bbo \u02bbana i ka holomua o n\u0101 haum\u0101na a me ke k\u016bkulu \u02bbana i ka mana\u02bbo o ka \u02bbohana a me ke kai\u0101ulu. \u02bbO n\u0101 PCNC n\u0101 kikowaena kula no n\u0101 \u02bbohana, n\u0101 mea manawale\u02bba a me ke kai\u0101ulu e \u02bbike i ko l\u0101kou ikaika, hui p\u016b, ho\u02bboholo a hana i n\u0101 pilina.<\/p>\n\n\n\n<h2 class=\"wp-block-heading\">E pili ana<\/h2>\n\n\n\n<p>\u02bbO ka Papa Ho\u02bbona\u02bbauao (BOE) \u02bbOhana a me ke Kai\u0101ulu Engagement\/Partnership <a href=\"http:\/\/boe.hawaii.gov\/policies\/Board%20Policies\/Family%20and%20Community%20Engagement-Partnership.pdf\" target=\"_blank\" rel=\"noreferrer noopener\">Kulekele 101-14 (PDF)<\/a> \u201c\u02bbike i ka ulu \u02bbana o ke keiki a me ka holomua ho\u02bbona\u02bbauao n\u0101 kuleana a me n\u0101 pahuhopu i hui p\u016b \u02bbia e HIDOE, n\u0101 kai\u0101ulu, n\u0101 kula a me n\u0101 \u02bbohana. Ma muli o ka ho\u02bbok\u014d \u02bbana o k\u0113ia mau pahuhopu e pili ana i ka ho\u02bbokumu \u02bbana i kahi \u0101kea \u0101kea o n\u0101 pilina \u02bbike ma waena o n\u0101 mea kuleana e ho\u02bboponopono i n\u0101 ikaika a me n\u0101 pono o n\u0101 haum\u0101na \u0101pau.&nbsp;<\/p>\n\n\n\n<p>\u02bbO ka mission a n\u0101 PCNC, \u02bbo ia ka ho\u02bbomohala \u02bbana i ka mana\u02bbo o ke kai\u0101ulu a me kahi \u02bbuena a\u02bbo m\u0101lama e ho\u02bboikaika ai i ka \u02bbohana, ke kai\u0101ulu, ke kula a me ka lumi papa no ka pono o k\u0113l\u0101 me k\u0113ia haum\u0101na. No ke k\u0101ko\u02bbo \u02bbana i n\u0101 k\u016blana i ho\u02bbonohonoho \u02bbia e ke kulekele BOE, k\u0101ko\u02bbo n\u0101 PCNC i ka ho\u02bbok\u014d \u02bbana, ka n\u0101n\u0101 \u02bbana a me ka loiloi \u02bbana o ka \u02bbohana a me ke kai\u0101ulu e pili ana i n\u0101 hana maika\u02bbi loa e pili ana i ka h\u014d\u02bbike \u02bbana me:<\/p>\n\n\n\n<ul class=\"wp-block-list\">\n<li><strong>K\u016blana 1: Ho\u02bbokipa \u02bbana i n\u0101 \u02bbohana \u0101pau i ke kai\u0101ulu kula.<\/strong> \u02bbO n\u0101 \u02bbohana ke komo ikaika i ke ola o ke kula a mana\u02bbo l\u0101kou e ho\u02bbokipa \u02bbia, waiwai a pili kekahi i kekahi, i n\u0101 limahana kula a me n\u0101 mea a n\u0101 haum\u0101na e a\u02bbo nei a hana ai i loko o ka papa.<\/li>\n\n\n\n<li><strong>K\u016blana 2: Ke kama\u02bbilio maika\u02bbi \u02bbana.<\/strong> Ho\u02bbopili n\u0101 \u02bbohana a me n\u0101 limahana o ke kula i ka kama\u02bbilio ma\u02bbamau \u02bbelua ala e pili ana i ke a\u02bbo \u02bbana o n\u0101 haum\u0101na.<\/li>\n\n\n\n<li><strong>K\u016blana 3: K\u0101ko\u02bbo i ka holomua o n\u0101 haum\u0101na.<\/strong> Ho\u02bbopa\u02bba mau n\u0101 \u02bbohana a me n\u0101 limahana kula e k\u0101ko\u02bbo i ke a\u02bbo \u02bbana a me ka ho\u02bbomohala olakino o n\u0101 haum\u0101na ma ka home a ma ke kula, a loa\u02bba i\u0101 l\u0101kou n\u0101 manawa ma\u02bbamau e ho\u02bboikaika i ko l\u0101kou \u02bbike a me n\u0101 m\u0101kau e hana pono ai.<\/li>\n\n\n\n<li><strong>K\u016blana 4: \u02bb\u014clelo no k\u0113l\u0101 me k\u0113ia keiki.<\/strong> H\u0101\u02bbawi \u02bbia n\u0101 \u02bbohana e lilo i po\u02bbe k\u0101ko\u02bbo no k\u0101 l\u0101kou mau keiki pono\u02bb\u012b a me n\u0101 keiki \u02bb\u0113 a\u02bbe, e h\u014d\u02bboia i ka m\u0101lama pono \u02bbia \u02bbana o n\u0101 haum\u0101na a loa\u02bba i n\u0101 manawa a\u02bbo e k\u0101ko\u02bbo i k\u0101 l\u0101kou holomua.<\/li>\n\n\n\n<li><strong>K\u016blana 5: Ka\u02bbana like i ka mana.<\/strong> He mau hoa like n\u0101 \u02bbohana a me n\u0101 limahana kula i n\u0101 ho\u02bboholo e pili ana i n\u0101 keiki a me n\u0101 \u02bbohana a ho\u02bbomaopopo p\u016b, ho\u02bboikaika a hana i n\u0101 kulekele, n\u0101 hana a me n\u0101 papahana.<\/li>\n\n\n\n<li><strong>K\u016blana 6: Ho\u02bbopili a hui p\u016b me ke kai\u0101ulu.<\/strong> Ho\u02bbopili n\u0101 \u02bbohana a me n\u0101 limahana kula me n\u0101 l\u0101l\u0101 o ke kai\u0101ulu e ho\u02bbohui i n\u0101 haum\u0101na, n\u0101 \u02bbohana a me n\u0101 limahana i ho\u02bbonui i n\u0101 manawa a\u02bbo, n\u0101 lawelawe kai\u0101ulu a me ke komo \u02bbana i ke aupuni.<\/li>\n<\/ul>\n\n\n\n<h2 class=\"wp-block-heading\">Ho\u02bbopili<\/h2>\n\n\n\n<p>E kelepona i k\u0101u keiki <a href=\"https:\/\/hawaiipublicschools.org\/haw\/enrolling-in-school\/find-your-school\/\" data-type=\"link\" data-id=\"https:\/\/hawaiipublicschools.org\/enrolling-in-school\/find-your-school\/\">kula<\/a> pololei e n\u012bnau e pili ana i k\u0101 l\u0101kou PCNC.\u200b<\/p>\n\n\n\n<p><\/p>\n\n\n\n<p><\/p>\n\n\n\n<p><\/p>","protected":false},"excerpt":{"rendered":"<p>Parent-Community Networking Centers (PCNCs) serve to create supportive partnerships among the home, school and community for the purposes of supporting student success and building a sense of family and community. The PCNCs are school-based centers for families, volunteers and community to identify their strengths, collaborate, make decisions and create partnerships. About The Board of Education&#8217;s [&hellip;]<\/p>","protected":false},"author":8,"featured_media":0,"parent":87,"menu_order":19,"comment_status":"closed","ping_status":"closed","template":"","meta":{"_relevanssi_hide_post":"","_relevanssi_hide_content":"","_relevanssi_pin_for_all":"","_relevanssi_pin_keywords":"","_relevanssi_unpin_keywords":"","_relevanssi_related_keywords":"","_relevanssi_related_include_ids":"","_relevanssi_related_exclude_ids":"","_relevanssi_related_no_append":"","_relevanssi_related_not_related":"","_relevanssi_related_posts":"","_relevanssi_noindex_reason":"","_sitemap_exclude":false,"_sitemap_priority":"","_sitemap_frequency":"","_kad_blocks_custom_css":"","_kad_blocks_head_custom_js":"","_kad_blocks_body_custom_js":"","_kad_blocks_footer_custom_js":"","wp_popup_display_lightbox":0,"wp_popup_suppress":"","wp_popup_trigger":"","wp_popup_trigger_amount":0,"wp_popup_disable_on_mobile":false,"footnotes":""},"class_list":["post-103","page","type-page","status-publish","hentry"],"pp_statuses_selecting_workflow":false,"pp_workflow_action":"current","pp_status_selection":"publish","taxonomy_info":[],"featured_image_src_large":false,"author_info":{"display_name":"Ariana Enomoto","author_link":"https:\/\/hawaiipublicschools.org\/haw\/author\/arianastaceyleong-com\/"},"comment_info":0,"publishpress_future_action":{"enabled":false,"date":"2026-04-25 06:48:23","action":"change-status","newStatus":"draft","terms":[],"taxonomy":"","extraData":[]},"publishpress_future_workflow_manual_trigger":{"enabledWorkflows":[]},"_links":{"self":[{"href":"https:\/\/hawaiipublicschools.org\/haw\/wp-json\/wp\/v2\/pages\/103","targetHints":{"allow":["GET"]}}],"collection":[{"href":"https:\/\/hawaiipublicschools.org\/haw\/wp-json\/wp\/v2\/pages"}],"about":[{"href":"https:\/\/hawaiipublicschools.org\/haw\/wp-json\/wp\/v2\/types\/page"}],"author":[{"embeddable":true,"href":"https:\/\/hawaiipublicschools.org\/haw\/wp-json\/wp\/v2\/users\/8"}],"replies":[{"embeddable":true,"href":"https:\/\/hawaiipublicschools.org\/haw\/wp-json\/wp\/v2\/comments?post=103"}],"version-history":[{"count":0,"href":"https:\/\/hawaiipublicschools.org\/haw\/wp-json\/wp\/v2\/pages\/103\/revisions"}],"up":[{"embeddable":true,"href":"https:\/\/hawaiipublicschools.org\/haw\/wp-json\/wp\/v2\/pages\/87"}],"wp:attachment":[{"href":"https:\/\/hawaiipublicschools.org\/haw\/wp-json\/wp\/v2\/media?parent=103"}],"curies":[{"name":"wp","href":"https:\/\/api.w.org\/{rel}","templated":true}]}}